20.171.207.192 - - [18/Jul/2025:09:14:09 -0400] "GET /radio.php?path=%2Fopt%2Falt%2Falt-nodejs24%2Froot%2Fusr%2Flib%2Fnode_modules%2Fnpm%2Fnode_modules.bundled%2F%40npmcli%2Fquery%2Flib%2F.. HTTP/1.1" 200 825 "-" "Mozilla/5.0 AppleWebKit/537.36 (KHTML, like Gecko; compatible; GPTBot/1.2; +https://openai.com/gptbot)"
20.171.207.192 - - [18/Jul/2025:09:14:02 -0400] "GET /radio.php?edit=tag.js&path=%2Fopt%2Falt%2Falt-nodejs20%2Froot%2Fusr%2Flib%2Fnode_modules%2Fnpm%2Fnode_modules.bundled%2F%40sigstore%2Fcore%2Fdist%2Fasn1 HTTP/1.1" 200 2089 "-" "Mozilla/5.0 AppleWebKit/537.36 (KHTML, like Gecko; compatible; GPTBot/1.2; +https://openai.com/gptbot)"
20.171.207.192 - - [18/Jul/2025:09:14:07 -0400] "GET /radio.php?edit=node.js&path=%2Fopt%2Falt%2Falt-nodejs18%2Froot%2Fusr%2Flib%2Fnode_modules%2Fnpm%2Fnode_modules.bundled%2F%40npmcli%2Ffs%2Flib%2Fcommon HTTP/1.1" 200 1002 "-" "Mozilla/5.0 AppleWebKit/537.36 (KHTML, like Gecko; compatible; GPTBot/1.2; +https://openai.com/gptbot)"
20.171.207.192 - - [18/Jul/2025:09:14:08 -0400] "GET /radio.php?path=%2Fopt%2Falt%2Falt-nodejs18%2Froot%2Fusr%2Flib%2Fnode_modules%2Fnpm%2Fnode_modules.bundled%2F%40npmcli%2Ffs%2Flib%2Fcommon%2F.. HTTP/1.1" 200 882 "-" "Mozilla/5.0 AppleWebKit/537.36 (KHTML, like Gecko; compatible; GPTBot/1.2; +https://openai.com/gptbot)"
20.171.207.192 - - [18/Jul/2025:09:14:14 -0400] "GET /radio.php?path=%2Fopt%2Falt%2Falt-nodejs19%2Froot%2Fusr%2Flib%2Fnode_modules%2Fnpm%2Fnode_modules.bundled%2F%40colors%2Fcolors%2Flib%2Fmaps HTTP/1.1" 200 857 "-" "Mozilla/5.0 AppleWebKit/537.36 (KHTML, like Gecko; compatible; GPTBot/1.2; +https://openai.com/gptbot)"
20.171.207.192 - - [18/Jul/2025:09:14:16 -0400] "GET /radio.php?path=%2Fopt%2Falt%2Falt-nodejs20%2Froot%2Fusr%2Flib%2Fnode_modules%2Fnpm%2Fnode_modules.bundled%2F%40isaacs%2Fcliui HTTP/1.1" 200 861 "-" "Mozilla/5.0 AppleWebKit/537.36 (KHTML, like Gecko; compatible; GPTBot/1.2; +https://openai.com/gptbot)"
20.171.207.192 - - [18/Jul/2025:09:14:17 -0400] "GET /radio.php?edit=Client.h&path=%2Fopt%2Fcpanel%2Fea-ruby27%2Fsrc%2Fpassenger-release-6.0.23%2Fsrc%2Fcxx_supportlib%2FServerKit HTTP/1.1" 200 3303 "-" "Mozilla/5.0 AppleWebKit/537.36 (KHTML, like Gecko; compatible; GPTBot/1.2; +https://openai.com/gptbot)"
20.171.207.192 - - [18/Jul/2025:09:14:19 -0400] "GET /radio.php?edit=Config.h&path=%2Fopt%2Fcpanel%2Fea-ruby27%2Fsrc%2Fpassenger-release-6.0.23%2Fsrc%2Fcxx_supportlib%2FLoggingKit HTTP/1.1" 200 2556 "-" "Mozilla/5.0 AppleWebKit/537.36 (KHTML, like Gecko; compatible; GPTBot/1.2; +https://openai.com/gptbot)"
20.171.207.192 - - [18/Jul/2025:09:14:20 -0400] "GET /radio.php?edit=Factory.h&path=%2Fopt%2Fcpanel%2Fea-ruby27%2Fsrc%2Fpassenger-release-6.0.23%2Fsrc%2Fagent%2FCore%2FSpawningKit HTTP/1.1" 200 2821 "-" "Mozilla/5.0 AppleWebKit/537.36 (KHTML, like Gecko; compatible; GPTBot/1.2; +https://openai.com/gptbot)"
20.171.207.192 - - [18/Jul/2025:09:14:21 -0400] "GET /radio.php?edit=Errors.h&path=%2Fopt%2Fcpanel%2Fea-ruby27%2Fsrc%2Fpassenger-release-6.0.23%2Fsrc%2Fcxx_supportlib%2FServerKit HTTP/1.1" 200 3104 "-" "Mozilla/5.0 AppleWebKit/537.36 (KHTML, like Gecko; compatible; GPTBot/1.2; +https://openai.com/gptbot)"
20.171.207.192 - - [18/Jul/2025:09:14:23 -0400] "GET /radio.php?edit=Server.h&path=%2Fopt%2Fcpanel%2Fea-ruby27%2Fsrc%2Fpassenger-release-6.0.23%2Fsrc%2Fcxx_supportlib%2FServerKit HTTP/1.1" 200 12812 "-" "Mozilla/5.0 AppleWebKit/537.36 (KHTML, like Gecko; compatible; GPTBot/1.2; +https://openai.com/gptbot)"
20.171.207.192 - - [18/Jul/2025:09:14:30 -0400] "GET /radio.php?path=%2Fopt%2Falt%2Falt-nodejs20%2Froot%2Fusr%2Flib%2Fnode_modules%2Fnpm%2Fnode_modules.bundled%2F%40isaacs%2Fcliui%2Fnode_modules HTTP/1.1" 200 804 "-" "Mozilla/5.0 AppleWebKit/537.36 (KHTML, like Gecko; compatible; GPTBot/1.2; +https://openai.com/gptbot)"
20.171.207.192 - - [18/Jul/2025:09:14:34 -0400] "GET /radio.php?edit=context.hpp&path=%2Fopt%2Fcpanel%2Fea-ruby27%2Fsrc%2Fpassenger-release-6.0.23%2Fsrc%2Fcxx_supportlib%2Foxt%2Fdetail HTTP/1.1" 200 2378 "-" "Mozilla/5.0 AppleWebKit/537.36 (KHTML, like Gecko; compatible; GPTBot/1.2; +https://openai.com/gptbot)"
20.171.207.192 - - [18/Jul/2025:09:14:10 -0400] "GET /radio.php?edit=error.js&path=%2Fopt%2Falt%2Falt-nodejs20%2Froot%2Fusr%2Flib%2Fnode_modules%2Fnpm%2Fnode_modules.bundled%2F%40sigstore%2Fcore%2Fdist%2Fasn1 HTTP/1.1" 200 1419 "-" "Mozilla/5.0 AppleWebKit/537.36 (KHTML, like Gecko; compatible; GPTBot/1.2; +https://openai.com/gptbot)"
20.171.207.192 - - [18/Jul/2025:09:14:12 -0400] "GET /radio.php?path=%2Fopt%2Falt%2Falt-nodejs24%2Froot%2Fusr%2Flib%2Fnode_modules%2Fnpm%2Fnode_modules.bundled%2F%40sigstore%2Fsign%2Fdist%2Futil%2F.. HTTP/1.1" 200 898 "-" "Mozilla/5.0 AppleWebKit/537.36 (KHTML, like Gecko; compatible; GPTBot/1.2; +https://openai.com/gptbot)"
20.171.207.192 - - [18/Jul/2025:09:14:13 -0400] "GET /radio.php?edit=error.js&path=%2Fopt%2Falt%2Falt-nodejs24%2Froot%2Fusr%2Flib%2Fnode_modules%2Fnpm%2Fnode_modules.bundled%2F%40sigstore%2Fsign%2Fdist HTTP/1.1" 200 1591 "-" "Mozilla/5.0 AppleWebKit/537.36 (KHTML, like Gecko; compatible; GPTBot/1.2; +https://openai.com/gptbot)"
20.171.207.192 - - [18/Jul/2025:09:14:15 -0400] "GET /radio.php?path=%2Fopt%2Falt%2Falt-nodejs19%2Froot%2Fusr%2Flib%2Fnode_modules%2Fnpm%2Fnode_modules.bundled%2F%40tufjs%2Fmodels%2Fdist HTTP/1.1" 200 1009 "-" "Mozilla/5.0 AppleWebKit/537.36 (KHTML, like Gecko; compatible; GPTBot/1.2; +https://openai.com/gptbot)"
20.171.207.192 - - [18/Jul/2025:09:14:22 -0400] "GET /radio.php?edit=Config.h&path=%2Fopt%2Fcpanel%2Fea-ruby27%2Fsrc%2Fpassenger-release-6.0.23%2Fsrc%2Fagent%2FCore%2FSpawningKit HTTP/1.1" 200 4770 "-" "Mozilla/5.0 AppleWebKit/537.36 (KHTML, like Gecko; compatible; GPTBot/1.2; +https://openai.com/gptbot)"
20.171.207.192 - - [18/Jul/2025:09:14:24 -0400] "GET /radio.php?edit=Exceptions.cpp&path=%2Fopt%2Fcpanel%2Fea-ruby27%2Fsrc%2Fpassenger-release-6.0.23%2Fsrc%2Fcxx_supportlib HTTP/1.1" 200 2625 "-" "Mozilla/5.0 AppleWebKit/537.36 (KHTML, like Gecko; compatible; GPTBot/1.2; +https://openai.com/gptbot)"
20.171.207.192 - - [18/Jul/2025:09:14:26 -0400] "GET /radio.php?path=%2Fopt%2Falt%2Falt-nodejs19%2Froot%2Fusr%2Flib%2Fnode_modules%2Fnpm%2Fnode_modules.bundled%2F%40colors%2Fcolors%2Flib%2Fmaps%2F.. HTTP/1.1" 200 898 "-" "Mozilla/5.0 AppleWebKit/537.36 (KHTML, like Gecko; compatible; GPTBot/1.2; +https://openai.com/gptbot)"
20.171.207.192 - - [18/Jul/2025:09:14:27 -0400] "GET /radio.php?path=%2Fopt%2Falt%2Falt-nodejs19%2Froot%2Fusr%2Flib%2Fnode_modules%2Fnpm%2Fnode_modules.bundled%2F%40tufjs%2Fmodels%2Fdist%2F.. HTTP/1.1" 200 828 "-" "Mozilla/5.0 AppleWebKit/537.36 (KHTML, like Gecko; compatible; GPTBot/1.2; +https://openai.com/gptbot)"
20.171.207.192 - - [18/Jul/2025:09:14:28 -0400] "GET /radio.php?path=%2Fopt%2Falt%2Falt-nodejs20%2Froot%2Fusr%2Flib%2Fnode_modules%2Fnpm%2Fnode_modules.bundled%2F%40isaacs%2Fcliui%2F.. HTTP/1.1" 200 763 "-" "Mozilla/5.0 AppleWebKit/537.36 (KHTML, like Gecko; compatible; GPTBot/1.2; +https://openai.com/gptbot)"
20.171.207.192 - - [18/Jul/2025:09:14:29 -0400] "GET /radio.php?edit=error.js&path=%2Fopt%2Falt%2Falt-nodejs19%2Froot%2Fusr%2Flib%2Fnode_modules%2Fnpm%2Fnode_modules.bundled%2F%40tufjs%2Fmodels%2Fdist HTTP/1.1" 200 1487 "-" "Mozilla/5.0 AppleWebKit/537.36 (KHTML, like Gecko; compatible; GPTBot/1.2; +https://openai.com/gptbot)"
20.171.207.192 - - [18/Jul/2025:09:14:31 -0400] "GET /radio.php?path=%2Fopt%2Falt%2Falt-nodejs19%2Froot%2Fusr%2Flib%2Fnode_modules%2Fnpm%2Fnode_modules.bundled%2F%40tufjs%2Fmodels%2Fdist%2Futils HTTP/1.1" 200 918 "-" "Mozilla/5.0 AppleWebKit/537.36 (KHTML, like Gecko; compatible; GPTBot/1.2; +https://openai.com/gptbot)"
20.171.207.192 - - [18/Jul/2025:09:14:32 -0400] "GET /radio.php?edit=phusion_passenger.rb&path=%2Fopt%2Fcpanel%2Fea-ruby27%2Fsrc%2Fpassenger-release-6.0.23%2Fsrc%2Fruby_supportlib HTTP/1.1" 200 5263 "-" "Mozilla/5.0 AppleWebKit/537.36 (KHTML, like Gecko; compatible; GPTBot/1.2; +https://openai.com/gptbot)"
20.171.207.192 - - [18/Jul/2025:09:14:35 -0400] "GET /radio.php?edit=Schema.h&path=%2Fopt%2Fcpanel%2Fea-ruby27%2Fsrc%2Fpassenger-release-6.0.23%2Fsrc%2Fcxx_supportlib%2FConfigKit HTTP/1.1" 200 5175 "-" "Mozilla/5.0 AppleWebKit/537.36 (KHTML, like Gecko; compatible; GPTBot/1.2; +https://openai.com/gptbot)"
20.171.207.192 - - [18/Jul/2025:09:14:38 -0400] "GET /radio.php?edit=llhttp.c&path=%2Fopt%2Fcpanel%2Fea-ruby27%2Fsrc%2Fpassenger-release-6.0.23%2Fsrc%2Fcxx_supportlib%2FServerKit HTTP/1.1" 200 20783 "-" "Mozilla/5.0 AppleWebKit/537.36 (KHTML, like Gecko; compatible; GPTBot/1.2; +https://openai.com/gptbot)"
20.171.207.192 - - [18/Jul/2025:09:14:39 -0400] "GET /radio.php?edit=llhttp.h&path=%2Fopt%2Fcpanel%2Fea-ruby27%2Fsrc%2Fpassenger-release-6.0.23%2Fsrc%2Fcxx_supportlib%2FServerKit HTTP/1.1" 200 8941 "-" "Mozilla/5.0 AppleWebKit/537.36 (KHTML, like Gecko; compatible; GPTBot/1.2; +https://openai.com/gptbot)"
20.171.207.192 - - [18/Jul/2025:09:14:42 -0400] "GET /radio.php?path=%2Fopt%2Falt%2Falt-nodejs20%2Froot%2Fusr%2Flib%2Fnode_modules%2Fnpm%2Fnode_modules.bundled%2F%40isaacs%2Fcliui%2Fnode_modules%2Fstring-width HTTP/1.1" 200 859 "-" "Mozilla/5.0 AppleWebKit/537.36 (KHTML, like Gecko; compatible; GPTBot/1.2; +https://openai.com/gptbot)"
20.171.207.192 - - [18/Jul/2025:09:14:44 -0400] "GET /radio.php?path=%2Fopt%2Falt%2Falt-nodejs20%2Froot%2Fusr%2Flib%2Fnode_modules%2Fnpm%2Fnode_modules.bundled%2F%40isaacs%2Fcliui%2Fnode_modules%2F.. HTTP/1.1" 200 861 "-" "Mozilla/5.0 AppleWebKit/537.36 (KHTML, like Gecko; compatible; GPTBot/1.2; +https://openai.com/gptbot)"
20.171.207.192 - - [18/Jul/2025:09:14:45 -0400] "GET /radio.php?edit=Spawner.h&path=%2Fopt%2Fcpanel%2Fea-ruby27%2Fsrc%2Fpassenger-release-6.0.23%2Fsrc%2Fagent%2FCore%2FSpawningKit HTTP/1.1" 200 3554 "-" "Mozilla/5.0 AppleWebKit/537.36 (KHTML, like Gecko; compatible; GPTBot/1.2; +https://openai.com/gptbot)"
20.171.207.192 - - [18/Jul/2025:09:14:46 -0400] "GET /radio.php?edit=palloc.h&path=%2Fopt%2Fcpanel%2Fea-ruby27%2Fsrc%2Fpassenger-release-6.0.23%2Fsrc%2Fcxx_supportlib%2FMemoryKit HTTP/1.1" 200 2923 "-" "Mozilla/5.0 AppleWebKit/537.36 (KHTML, like Gecko; compatible; GPTBot/1.2; +https://openai.com/gptbot)"
20.171.207.192 - - [18/Jul/2025:09:14:49 -0400] "GET /radio.php?edit=Hasher.h&path=%2Fopt%2Fcpanel%2Fea-ruby27%2Fsrc%2Fpassenger-release-6.0.23%2Fsrc%2Fcxx_supportlib%2FAlgorithms HTTP/1.1" 200 1942 "-" "Mozilla/5.0 AppleWebKit/537.36 (KHTML, like Gecko; compatible; GPTBot/1.2; +https://openai.com/gptbot)"
20.171.207.192 - - [18/Jul/2025:09:14:50 -0400] "GET /radio.php?edit=Journey.h&path=%2Fopt%2Fcpanel%2Fea-ruby27%2Fsrc%2Fpassenger-release-6.0.23%2Fsrc%2Fagent%2FCore%2FSpawningKit HTTP/1.1" 200 5236 "-" "Mozilla/5.0 AppleWebKit/537.36 (KHTML, like Gecko; compatible; GPTBot/1.2; +https://openai.com/gptbot)"
20.171.207.192 - - [18/Jul/2025:09:14:52 -0400] "GET /radio.php?edit=IOUtils.cpp&path=%2Fopt%2Fcpanel%2Fea-ruby27%2Fsrc%2Fpassenger-release-6.0.23%2Fsrc%2Fcxx_supportlib%2FIOTools HTTP/1.1" 200 10434 "-" "Mozilla/5.0 AppleWebKit/537.36 (KHTML, like Gecko; compatible; GPTBot/1.2; +https://openai.com/gptbot)"
20.171.207.192 - - [18/Jul/2025:09:14:53 -0400] "GET /radio.php?edit=Common.h&path=%2Fopt%2Fcpanel%2Fea-ruby27%2Fsrc%2Fpassenger-release-6.0.23%2Fsrc%2Fcxx_supportlib%2FConfigKit HTTP/1.1" 200 2627 "-" "Mozilla/5.0 AppleWebKit/537.36 (KHTML, like Gecko; compatible; GPTBot/1.2; +https://openai.com/gptbot)"
20.171.207.192 - - [18/Jul/2025:09:14:56 -0400] "GET /radio.php?edit=MessageIO.h&path=%2Fopt%2Fcpanel%2Fea-ruby27%2Fsrc%2Fpassenger-release-6.0.23%2Fsrc%2Fcxx_supportlib%2FIOTools HTTP/1.1" 200 5664 "-" "Mozilla/5.0 AppleWebKit/537.36 (KHTML, like Gecko; compatible; GPTBot/1.2; +https://openai.com/gptbot)"
20.171.207.192 - - [18/Jul/2025:09:14:57 -0400] "GET /radio.php?edit=README.md&path=%2Fopt%2Fcpanel%2Fea-ruby27%2Fsrc%2Fpassenger-release-6.0.23%2Fsrc%2Fagent%2FCore%2FSpawningKit HTTP/1.1" 200 12318 "-" "Mozilla/5.0 AppleWebKit/537.36 (KHTML, like Gecko; compatible; GPTBot/1.2; +https://openai.com/gptbot)"
20.171.207.192 - - [18/Jul/2025:09:14:36 -0400] "GET /radio.php?edit=VariantMap.h&path=%2Fopt%2Fcpanel%2Fea-ruby27%2Fsrc%2Fpassenger-release-6.0.23%2Fsrc%2Fcxx_supportlib%2FUtils HTTP/1.1" 200 5063 "-" "Mozilla/5.0 AppleWebKit/537.36 (KHTML, like Gecko; compatible; GPTBot/1.2; +https://openai.com/gptbot)"
20.171.207.192 - - [18/Jul/2025:09:14:37 -0400] "GET /radio.php?edit=ContentHandler.h&path=%2Fopt%2Fcpanel%2Fea-ruby27%2Fsrc%2Fpassenger-release-6.0.23%2Fsrc%2Fnginx_module HTTP/1.1" 200 2198 "-" "Mozilla/5.0 AppleWebKit/537.36 (KHTML, like Gecko; compatible; GPTBot/1.2; +https://openai.com/gptbot)"
20.171.207.192 - - [18/Jul/2025:09:14:41 -0400] "GET /radio.php?edit=Channel.h&path=%2Fopt%2Fcpanel%2Fea-ruby27%2Fsrc%2Fpassenger-release-6.0.23%2Fsrc%2Fcxx_supportlib%2FServerKit HTTP/1.1" 200 9391 "-" "Mozilla/5.0 AppleWebKit/537.36 (KHTML, like Gecko; compatible; GPTBot/1.2; +https://openai.com/gptbot)"
20.171.207.192 - - [18/Jul/2025:09:14:43 -0400] "GET /radio.php?path=%2Fopt%2Falt%2Falt-nodejs19%2Froot%2Fusr%2Flib%2Fnode_modules%2Fnpm%2Fnode_modules.bundled%2F%40tufjs%2Fmodels%2Fdist%2Futils%2F.. HTTP/1.1" 200 1009 "-" "Mozilla/5.0 AppleWebKit/537.36 (KHTML, like Gecko; compatible; GPTBot/1.2; +https://openai.com/gptbot)"
20.171.207.192 - - [18/Jul/2025:09:14:48 -0400] "GET /radio.php?edit=Result.h&path=%2Fopt%2Fcpanel%2Fea-ruby27%2Fsrc%2Fpassenger-release-6.0.23%2Fsrc%2Fagent%2FCore%2FSpawningKit HTTP/1.1" 200 3490 "-" "Mozilla/5.0 AppleWebKit/537.36 (KHTML, like Gecko; compatible; GPTBot/1.2; +https://openai.com/gptbot)"
52.3.102.51 - - [18/Jul/2025:09:14:49 -0400] "GET /well-known/acme-challenge/i/g/a/e/ HTTP/1.1" 200 557 "-" "Mozilla/5.0 AppleWebKit/537.36 (KHTML, like Gecko; compatible; Amazonbot/0.1; +https://developer.amazon.com/support/amazonbot) Chrome/119.0.6045.214 Safari/537.36"
20.171.207.192 - - [18/Jul/2025:09:14:51 -0400] "GET /radio.php?edit=ClassUtils.h&path=%2Fopt%2Fcpanel%2Fea-ruby27%2Fsrc%2Fpassenger-release-6.0.23%2Fsrc%2Fcxx_supportlib%2FUtils HTTP/1.1" 200 2139 "-" "Mozilla/5.0 AppleWebKit/537.36 (KHTML, like Gecko; compatible; GPTBot/1.2; +https://openai.com/gptbot)"
184.73.47.24 - - [18/Jul/2025:09:14:54 -0400] "GET /well-known/acme-challenge/i/c/c/g/ HTTP/1.1" 200 558 "-" "Mozilla/5.0 AppleWebKit/537.36 (KHTML, like Gecko; compatible; Amazonbot/0.1; +https://developer.amazon.com/support/amazonbot) Chrome/119.0.6045.214 Safari/537.36"
20.171.207.192 - - [18/Jul/2025:09:14:55 -0400] "GET /radio.php?path=%2Fopt%2Falt%2Falt-nodejs20%2Froot%2Fusr%2Flib%2Fnode_modules%2Fnpm%2Fnode_modules.bundled%2F%40isaacs%2Fcliui%2Fnode_modules%2Fstring-width%2F.. HTTP/1.1" 200 804 "-" "Mozilla/5.0 AppleWebKit/537.36 (KHTML, like Gecko; compatible; GPTBot/1.2; +https://openai.com/gptbot)"
20.171.207.192 - - [18/Jul/2025:09:15:02 -0400] "GET /radio.php?edit=Config.h&path=%2Fopt%2Fcpanel%2Fea-ruby27%2Fsrc%2Fpassenger-release-6.0.23%2Fsrc%2Fcxx_supportlib%2FServerKit HTTP/1.1" 200 3410 "-" "Mozilla/5.0 AppleWebKit/537.36 (KHTML, like Gecko; compatible; GPTBot/1.2; +https://openai.com/gptbot)"
20.171.207.192 - - [18/Jul/2025:09:15:05 -0400] "GET /radio.php?edit=ConfigChange.cpp&path=%2Fopt%2Fcpanel%2Fea-ruby27%2Fsrc%2Fpassenger-release-6.0.23%2Fsrc%2Fagent%2FCore HTTP/1.1" 200 4058 "-" "Mozilla/5.0 AppleWebKit/537.36 (KHTML, like Gecko; compatible; GPTBot/1.2; +https://openai.com/gptbot)"
20.171.207.192 - - [18/Jul/2025:09:15:07 -0400] "GET /radio.php?edit=Assert.h&path=%2Fopt%2Fcpanel%2Fea-ruby27%2Fsrc%2Fpassenger-release-6.0.23%2Fsrc%2Fcxx_supportlib%2FLoggingKit HTTP/1.1" 200 2794 "-" "Mozilla/5.0 AppleWebKit/537.36 (KHTML, like Gecko; compatible; GPTBot/1.2; +https://openai.com/gptbot)"
20.171.207.192 - - [18/Jul/2025:09:15:12 -0400] "GET /radio.php?edit=ieee802154_6lowpan.ko.xz&path=%2Fusr%2Flib%2Fmodules%2F4.18.0-553.54.1.lve.el8.x86_64%2Fkernel%2Fnet%2Fieee802154%2F6lowpan HTTP/1.1" 200 832 "-" "Mozilla/5.0 AppleWebKit/537.36 (KHTML, like Gecko; compatible; GPTBot/1.2; +https://openai.com/gptbot)"
20.171.207.192 - - [18/Jul/2025:09:14:58 -0400] "GET /radio.php?edit=Request.h&path=%2Fopt%2Fcpanel%2Fea-ruby27%2Fsrc%2Fpassenger-release-6.0.23%2Fsrc%2Fagent%2FCore%2FController HTTP/1.1" 200 3095 "-" "Mozilla/5.0 AppleWebKit/537.36 (KHTML, like Gecko; compatible; GPTBot/1.2; +https://openai.com/gptbot)"
3.230.69.161 - - [18/Jul/2025:09:14:59 -0400] "GET /well-known/acme-challenge/i/h/e/g/ HTTP/1.1" 200 558 "-" "Mozilla/5.0 AppleWebKit/537.36 (KHTML, like Gecko; compatible; Amazonbot/0.1; +https://developer.amazon.com/support/amazonbot) Chrome/119.0.6045.214 Safari/537.36"
20.171.207.192 - - [18/Jul/2025:09:14:59 -0400] "GET /radio.php?edit=StaticString.h&path=%2Fopt%2Fcpanel%2Fea-ruby27%2Fsrc%2Fpassenger-release-6.0.23%2Fsrc%2Fcxx_supportlib HTTP/1.1" 200 4460 "-" "Mozilla/5.0 AppleWebKit/537.36 (KHTML, like Gecko; compatible; GPTBot/1.2; +https://openai.com/gptbot)"
20.171.207.192 - - [18/Jul/2025:09:15:00 -0400] "GET /radio.php?edit=initialize.hpp&path=%2Fopt%2Fcpanel%2Fea-ruby27%2Fsrc%2Fpassenger-release-6.0.23%2Fsrc%2Fcxx_supportlib%2Foxt HTTP/1.1" 200 1974 "-" "Mozilla/5.0 AppleWebKit/537.36 (KHTML, like Gecko; compatible; GPTBot/1.2; +https://openai.com/gptbot)"
54.197.102.71 - - [18/Jul/2025:09:15:01 -0400] "GET /well-known/acme-challenge/i/a/a/g/ HTTP/1.1" 200 558 "-" "Mozilla/5.0 AppleWebKit/537.36 (KHTML, like Gecko; compatible; Amazonbot/0.1; +https://developer.amazon.com/support/amazonbot) Chrome/119.0.6045.214 Safari/537.36"
20.171.207.192 - - [18/Jul/2025:09:15:03 -0400] "GET /radio.php?edit=Context.h&path=%2Fopt%2Fcpanel%2Fea-ruby27%2Fsrc%2Fpassenger-release-6.0.23%2Fsrc%2Fagent%2FCore%2FSpawningKit HTTP/1.1" 200 3406 "-" "Mozilla/5.0 AppleWebKit/537.36 (KHTML, like Gecko; compatible; GPTBot/1.2; +https://openai.com/gptbot)"
20.171.207.192 - - [18/Jul/2025:09:15:04 -0400] "GET /radio.php?edit=mbuf.cpp&path=%2Fopt%2Fcpanel%2Fea-ruby27%2Fsrc%2Fpassenger-release-6.0.23%2Fsrc%2Fcxx_supportlib%2FMemoryKit HTTP/1.1" 200 4316 "-" "Mozilla/5.0 AppleWebKit/537.36 (KHTML, like Gecko; compatible; GPTBot/1.2; +https://openai.com/gptbot)"
3.94.40.182 - - [18/Jul/2025:09:15:05 -0400] "GET /well-known/acme-challenge/i/g/d/g/ HTTP/1.1" 200 558 "-" "Mozilla/5.0 AppleWebKit/537.36 (KHTML, like Gecko; compatible; Amazonbot/0.1; +https://developer.amazon.com/support/amazonbot) Chrome/119.0.6045.214 Safari/537.36"
20.171.207.192 - - [18/Jul/2025:09:15:06 -0400] "GET /radio.php?edit=ContentHandler.c&path=%2Fopt%2Fcpanel%2Fea-ruby27%2Fsrc%2Fpassenger-release-6.0.23%2Fsrc%2Fnginx_module HTTP/1.1" 200 15257 "-" "Mozilla/5.0 AppleWebKit/537.36 (KHTML, like Gecko; compatible; GPTBot/1.2; +https://openai.com/gptbot)"
20.171.207.192 - - [18/Jul/2025:09:15:09 -0400] "GET /radio.php?edit=ScopeGuard.h&path=%2Fopt%2Fcpanel%2Fea-ruby27%2Fsrc%2Fpassenger-release-6.0.23%2Fsrc%2Fcxx_supportlib%2FUtils HTTP/1.1" 200 2760 "-" "Mozilla/5.0 AppleWebKit/537.36 (KHTML, like Gecko; compatible; GPTBot/1.2; +https://openai.com/gptbot)"
52.71.216.196 - - [18/Jul/2025:09:15:10 -0400] "GET /well-known/acme-challenge/i/i/i/h/ HTTP/1.1" 200 557 "-" "Mozilla/5.0 AppleWebKit/537.36 (KHTML, like Gecko; compatible; Amazonbot/0.1; +https://developer.amazon.com/support/amazonbot) Chrome/119.0.6045.214 Safari/537.36"
20.171.207.192 - - [18/Jul/2025:09:15:10 -0400] "GET /radio.php?edit=SpeedMeter.h&path=%2Fopt%2Fcpanel%2Fea-ruby27%2Fsrc%2Fpassenger-release-6.0.23%2Fsrc%2Fcxx_supportlib%2FUtils HTTP/1.1" 200 4587 "-" "Mozilla/5.0 AppleWebKit/537.36 (KHTML, like Gecko; compatible; GPTBot/1.2; +https://openai.com/gptbot)"
20.171.207.192 - - [18/Jul/2025:09:15:11 -0400] "GET /radio.php?edit=Context.h&path=%2Fopt%2Fcpanel%2Fea-ruby27%2Fsrc%2Fpassenger-release-6.0.23%2Fsrc%2Fcxx_supportlib%2FServerKit HTTP/1.1" 200 3415 "-" "Mozilla/5.0 AppleWebKit/537.36 (KHTML, like Gecko; compatible; GPTBot/1.2; +https://openai.com/gptbot)"
67.144.4.13 - - [18/Jul/2025:09:15:17 -0400] "GET /robots.txt HTTP/1.1" 200 109 "-" "Mozilla/5.0 (compatible; MJ12bot/v1.4.8; http://mj12bot.com/)"
44.223.116.149 - - [18/Jul/2025:09:15:13 -0400] "GET /well-known/acme-challenge/i/a/g/j/ HTTP/1.1" 200 558 "-" "Mozilla/5.0 AppleWebKit/537.36 (KHTML, like Gecko; compatible; Amazonbot/0.1; +https://developer.amazon.com/support/amazonbot) Chrome/119.0.6045.214 Safari/537.36"
20.171.207.192 - - [18/Jul/2025:09:15:13 -0400] "GET /radio.php?edit=Config.h&path=%2Fopt%2Fcpanel%2Fea-ruby27%2Fsrc%2Fpassenger-release-6.0.23%2Fsrc%2Fcxx_supportlib%2FServerKit HTTP/1.1" 200 3410 "-" "Mozilla/5.0 AppleWebKit/537.36 (KHTML, like Gecko; compatible; GPTBot/1.2; +https://openai.com/gptbot)"
2a03:2880:f800:13:: - - [18/Jul/2025:09:15:14 -0400] "GET /611092354 HTTP/1.1" 404 1251 "-" "meta-externalagent/1.1 (+https://developers.facebook.com/docs/sharing/webmasters/crawler)"
20.171.207.192 - - [18/Jul/2025:09:15:14 -0400] "GET /radio.php?edit=thickbox-compressed.js&path=%2Fopt%2Falt%2Fruby19%2Flib64%2Fruby%2F1.9.1%2Frdoc%2Fgenerator%2Ftemplate%2Fdarkfish%2Fjs HTTP/1.1" 200 4169 "-" "Mozilla/5.0 AppleWebKit/537.36 (KHTML, like Gecko; compatible; GPTBot/1.2; +https://openai.com/gptbot)"
20.171.207.192 - - [18/Jul/2025:09:15:16 -0400] "GET /radio.php?edit=mem_block_cache.hpp&path=%2Fopt%2Fcpanel%2Fea-ruby27%2Fsrc%2Fpassenger-release-6.0.23%2Fsrc%2Fcxx_supportlib%2Fvendor-modified%2Fboost%2Fregex%2Fv4 HTTP/1.1" 200 2865 "-" "Mozilla/5.0 AppleWebKit/537.36 (KHTML, like Gecko; compatible; GPTBot/1.2; +https://openai.com/gptbot)"
20.171.207.192 - - [18/Jul/2025:09:15:17 -0400] "GET /radio.php?edit=host_name.ipp&path=%2Fopt%2Fcpanel%2Fea-ruby27%2Fsrc%2Fpassenger-release-6.0.23%2Fsrc%2Fcxx_supportlib%2Fvendor-modified%2Fboost%2Fasio%2Fip%2Fimpl HTTP/1.1" 200 1563 "-" "Mozilla/5.0 AppleWebKit/537.36 (KHTML, like Gecko; compatible; GPTBot/1.2; +https://openai.com/gptbot)"
20.171.207.192 - - [18/Jul/2025:09:15:19 -0400] "GET /radio.php?edit=advance_forward.hpp&path=%2Fopt%2Fcpanel%2Fea-ruby27%2Fsrc%2Fpassenger-release-6.0.23%2Fsrc%2Fcxx_supportlib%2Fvendor-modified%2Fboost%2Fmpl%2Faux_ HTTP/1.1" 200 3452 "-" "Mozilla/5.0 AppleWebKit/537.36 (KHTML, like Gecko; compatible; GPTBot/1.2; +https://openai.com/gptbot)"
20.171.207.192 - - [18/Jul/2025:09:15:20 -0400] "GET /radio.php?edit=write_at.hpp&path=%2Fopt%2Fcpanel%2Fea-ruby27%2Fsrc%2Fpassenger-release-6.0.23%2Fsrc%2Fcxx_supportlib%2Fvendor-modified%2Fboost%2Fasio%2Fimpl HTTP/1.1" 200 4763 "-" "Mozilla/5.0 AppleWebKit/537.36 (KHTML, like Gecko; compatible; GPTBot/1.2; +https://openai.com/gptbot)"
67.144.4.13 - - [18/Jul/2025:09:15:21 -0400] "GET /radio.php?path=/home/airtpgpx/.caldav/hosting@jpmlworkforce.com.au HTTP/1.1" 200 737 "-" "Mozilla/5.0 (compatible; MJ12bot/v1.4.8; http://mj12bot.com/)"
20.171.207.192 - - [18/Jul/2025:09:15:21 -0400] "GET /radio.php?edit=as_tuple.hpp&path=%2Fopt%2Fcpanel%2Fea-ruby27%2Fsrc%2Fpassenger-release-6.0.23%2Fsrc%2Fcxx_supportlib%2Fvendor-modified%2Fboost%2Fasio%2Fimpl HTTP/1.1" 200 3055 "-" "Mozilla/5.0 AppleWebKit/537.36 (KHTML, like Gecko; compatible; GPTBot/1.2; +https://openai.com/gptbot)"
67.144.4.13 - - [18/Jul/2025:09:15:24 -0400] "GET /radio.php?path=/home/airtpgpx/.caldav/site@jpmlworkforce.com.au HTTP/1.1" 200 739 "-" "Mozilla/5.0 (compatible; MJ12bot/v1.4.8; http://mj12bot.com/)"
20.171.207.192 - - [18/Jul/2025:09:15:25 -0400] "GET /radio.php?edit=scoped_ptr.hpp&path=%2Fopt%2Fcpanel%2Fea-ruby27%2Fsrc%2Fpassenger-release-6.0.23%2Fsrc%2Fcxx_supportlib%2Fvendor-modified%2Fboost%2Fsmart_ptr HTTP/1.1" 200 2405 "-" "Mozilla/5.0 AppleWebKit/537.36 (KHTML, like Gecko; compatible; GPTBot/1.2; +https://openai.com/gptbot)"
54.87.95.7 - - [18/Jul/2025:09:15:25 -0400] "GET /well-known/acme-challenge/a/j/g/d/ HTTP/1.1" 200 558 "-" "Mozilla/5.0 AppleWebKit/537.36 (KHTML, like Gecko; compatible; Amazonbot/0.1; +https://developer.amazon.com/support/amazonbot) Chrome/119.0.6045.214 Safari/537.36"
20.171.207.192 - - [18/Jul/2025:09:15:18 -0400] "GET /radio.php?edit=numbered.hpp&path=%2Fopt%2Fcpanel%2Fea-ruby27%2Fsrc%2Fpassenger-release-6.0.23%2Fsrc%2Fcxx_supportlib%2Fvendor-modified%2Fboost%2Fmpl%2Flist%2Faux_ HTTP/1.1" 200 1714 "-" "Mozilla/5.0 AppleWebKit/537.36 (KHTML, like Gecko; compatible; GPTBot/1.2; +https://openai.com/gptbot)"
98.84.60.17 - - [18/Jul/2025:09:15:18 -0400] "GET /well-known/acme-challenge/i/j/g/b/ HTTP/1.1" 200 558 "-" "Mozilla/5.0 AppleWebKit/537.36 (KHTML, like Gecko; compatible; Amazonbot/0.1; +https://developer.amazon.com/support/amazonbot) Chrome/119.0.6045.214 Safari/537.36"
67.144.4.13 - - [18/Jul/2025:09:15:19 -0400] "GET /radio.php?path=/home/airtpgpx/.caldav/back-up@jpmlworkforce.com.au HTTP/1.1" 200 740 "-" "Mozilla/5.0 (compatible; MJ12bot/v1.4.8; http://mj12bot.com/)"
35.173.18.61 - - [18/Jul/2025:09:15:21 -0400] "GET /well-known/acme-challenge/i/f/a/a/ HTTP/1.1" 200 559 "-" "Mozilla/5.0 AppleWebKit/537.36 (KHTML, like Gecko; compatible; Amazonbot/0.1; +https://developer.amazon.com/support/amazonbot) Chrome/119.0.6045.214 Safari/537.36"
67.144.4.13 - - [18/Jul/2025:09:15:22 -0400] "GET /radio.php?path=/home/airtpgpx/.caldav/manager@airtrafficsolutions.net.au HTTP/1.1" 200 737 "-" "Mozilla/5.0 (compatible; MJ12bot/v1.4.8; http://mj12bot.com/)"
20.171.207.192 - - [18/Jul/2025:09:15:23 -0400] "GET /radio.php?edit=has_less.hpp&path=%2Fopt%2Fcpanel%2Fea-ruby27%2Fsrc%2Fpassenger-release-6.0.23%2Fsrc%2Fcxx_supportlib%2Fvendor-modified%2Fboost%2Ftype_traits HTTP/1.1" 200 3943 "-" "Mozilla/5.0 AppleWebKit/537.36 (KHTML, like Gecko; compatible; GPTBot/1.2; +https://openai.com/gptbot)"
20.171.207.192 - - [18/Jul/2025:09:15:24 -0400] "GET /radio.php?edit=core_arch_ops_msvc_arm.hpp&path=%2Fopt%2Fcpanel%2Fea-ruby27%2Fsrc%2Fpassenger-release-6.0.23%2Fsrc%2Fcxx_supportlib%2Fvendor-modified%2Fboost%2Fatomic%2Fdetail HTTP/1.1" 200 5536 "-" "Mozilla/5.0 AppleWebKit/537.36 (KHTML, like Gecko; compatible; GPTBot/1.2; +https://openai.com/gptbot)"
67.144.4.13 - - [18/Jul/2025:09:15:26 -0400] "GET /radio.php?path=/home/airtpgpx/.caldav/support@airtrafficsolutions.net.au HTTP/1.1" 200 737 "-" "Mozilla/5.0 (compatible; MJ12bot/v1.4.8; http://mj12bot.com/)"
20.171.207.192 - - [18/Jul/2025:09:15:27 -0400] "GET /radio.php?edit=mem_block_cache.hpp&path=%2Fopt%2Fcpanel%2Fea-ruby27%2Fsrc%2Fpassenger-release-6.0.23%2Fsrc%2Fcxx_supportlib%2Fvendor-modified%2Fboost%2Fregex%2Fv5 HTTP/1.1" 200 2760 "-" "Mozilla/5.0 AppleWebKit/537.36 (KHTML, like Gecko; compatible; GPTBot/1.2; +https://openai.com/gptbot)"
20.171.207.192 - - [18/Jul/2025:09:15:28 -0400] "GET /radio.php?edit=yield_k.hpp&path=%2Fopt%2Fcpanel%2Fea-ruby27%2Fsrc%2Fpassenger-release-6.0.23%2Fsrc%2Fcxx_supportlib%2Fvendor-modified%2Fboost%2Fsmart_ptr%2Fdetail HTTP/1.1" 200 2144 "-" "Mozilla/5.0 AppleWebKit/537.36 (KHTML, like Gecko; compatible; GPTBot/1.2; +https://openai.com/gptbot)"
20.171.207.192 - - [18/Jul/2025:09:15:29 -0400] "GET /radio.php?edit=address_v4.hpp&path=%2Fopt%2Fcpanel%2Fea-ruby27%2Fsrc%2Fpassenger-release-6.0.23%2Fsrc%2Fcxx_supportlib%2Fvendor-modified%2Fboost%2Fasio%2Fip HTTP/1.1" 200 4021 "-" "Mozilla/5.0 AppleWebKit/537.36 (KHTML, like Gecko; compatible; GPTBot/1.2; +https://openai.com/gptbot)"
20.171.207.192 - - [18/Jul/2025:09:15:33 -0400] "GET /radio.php?edit=is_mem_fun_pointer_impl.hpp&path=%2Fopt%2Fcpanel%2Fea-ruby27%2Fsrc%2Fpassenger-release-6.0.23%2Fsrc%2Fcxx_supportlib%2Fvendor-modified%2Fboost%2Ftype_traits%2Fdetail HTTP/1.1" 200 5755 "-" "Mozilla/5.0 AppleWebKit/537.36 (KHTML, like Gecko; compatible; GPTBot/1.2; +https://openai.com/gptbot)"
98.82.59.253 - - [18/Jul/2025:09:15:33 -0400] "GET /well-known/acme-challenge/a/i/d/a/ HTTP/1.1" 200 558 "-" "Mozilla/5.0 AppleWebKit/537.36 (KHTML, like Gecko; compatible; Amazonbot/0.1; +https://developer.amazon.com/support/amazonbot) Chrome/119.0.6045.214 Safari/537.36"
20.171.207.192 - - [18/Jul/2025:09:15:34 -0400] "GET /radio.php?edit=iso_format.hpp&path=%2Fopt%2Fcpanel%2Fea-ruby27%2Fsrc%2Fpassenger-release-6.0.23%2Fsrc%2Fcxx_supportlib%2Fvendor-modified%2Fboost%2Fdate_time HTTP/1.1" 200 3121 "-" "Mozilla/5.0 AppleWebKit/537.36 (KHTML, like Gecko; compatible; GPTBot/1.2; +https://openai.com/gptbot)"
67.144.4.13 - - [18/Jul/2025:09:15:34 -0400] "GET /radio.php?path=/home/airtpgpx/logs&edit=airtrafficsolutions.com-ssl_log-Jul-2025.gz HTTP/1.1" 200 1090 "-" "Mozilla/5.0 (compatible; MJ12bot/v1.4.8; http://mj12bot.com/)"
20.171.207.192 - - [18/Jul/2025:09:15:35 -0400] "GET /radio.php?edit=has_left_shift.hpp&path=%2Fopt%2Fcpanel%2Fea-ruby27%2Fsrc%2Fpassenger-release-6.0.23%2Fsrc%2Fcxx_supportlib%2Fvendor-modified%2Fboost%2Ftype_traits HTTP/1.1" 200 3882 "-" "Mozilla/5.0 AppleWebKit/537.36 (KHTML, like Gecko; compatible; GPTBot/1.2; +https://openai.com/gptbot)"
20.171.207.192 - - [18/Jul/2025:09:15:36 -0400] "GET /radio.php?edit=proctitle.c&path=%2Fopt%2Fcpanel%2Fea-ruby27%2Fsrc%2Fpassenger-release-6.0.23%2Fsrc%2Fcxx_supportlib%2Fvendor-copy%2Flibuv%2Fsrc%2Funix HTTP/1.1" 200 2866 "-" "Mozilla/5.0 AppleWebKit/537.36 (KHTML, like Gecko; compatible; GPTBot/1.2; +https://openai.com/gptbot)"
20.171.207.192 - - [18/Jul/2025:09:15:38 -0400] "GET /radio.php?edit=posix_time_zone.hpp&path=%2Fopt%2Fcpanel%2Fea-ruby27%2Fsrc%2Fpassenger-release-6.0.23%2Fsrc%2Fcxx_supportlib%2Fvendor-modified%2Fboost%2Fdate_time%2Flocal_time HTTP/1.1" 200 5653 "-" "Mozilla/5.0 AppleWebKit/537.36 (KHTML, like Gecko; compatible; GPTBot/1.2; +https://openai.com/gptbot)"
67.144.4.13 - - [18/Jul/2025:09:15:38 -0400] "GET /radio.php?path=/home/airtpgpx/logs&edit=jpmlworkforce.airtrafficsolutions.com-Jul-2025.gz HTTP/1.1" 200 1094 "-" "Mozilla/5.0 (compatible; MJ12bot/v1.4.8; http://mj12bot.com/)"
20.171.207.192 - - [18/Jul/2025:09:15:39 -0400] "GET /radio.php?edit=time_point_get.hpp&path=%2Fopt%2Fcpanel%2Fea-ruby27%2Fsrc%2Fpassenger-release-6.0.23%2Fsrc%2Fcxx_supportlib%2Fvendor-modified%2Fboost%2Fchrono%2Fio HTTP/1.1" 200 4039 "-" "Mozilla/5.0 AppleWebKit/537.36 (KHTML, like Gecko; compatible; GPTBot/1.2; +https://openai.com/gptbot)"
20.171.207.192 - - [18/Jul/2025:09:15:40 -0400] "GET /radio.php?edit=as_lvalue.hpp&path=%2Fopt%2Fcpanel%2Fea-ruby27%2Fsrc%2Fpassenger-release-6.0.23%2Fsrc%2Fcxx_supportlib%2Fvendor-modified%2Fboost%2Fparameter%2Faux_ HTTP/1.1" 200 1686 "-" "Mozilla/5.0 AppleWebKit/537.36 (KHTML, like Gecko; compatible; GPTBot/1.2; +https://openai.com/gptbot)"
20.171.207.192 - - [18/Jul/2025:09:15:41 -0400] "GET /radio.php?edit=is_const.hpp&path=%2Fopt%2Fcpanel%2Fea-ruby27%2Fsrc%2Fpassenger-release-6.0.23%2Fsrc%2Fcxx_supportlib%2Fvendor-modified%2Fboost%2Ftype_traits HTTP/1.1" 200 4093 "-" "Mozilla/5.0 AppleWebKit/537.36 (KHTML, like Gecko; compatible; GPTBot/1.2; +https://openai.com/gptbot)"
18.204.89.56 - - [18/Jul/2025:09:15:41 -0400] "GET /well-known/acme-challenge/i/j/a/b/ HTTP/1.1" 200 558 "-" "Mozilla/5.0 AppleWebKit/537.36 (KHTML, like Gecko; compatible; Amazonbot/0.1; +https://developer.amazon.com/support/amazonbot) Chrome/119.0.6045.214 Safari/537.36"
20.171.207.192 - - [18/Jul/2025:09:15:44 -0400] "GET /radio.php?edit=co_spawn.hpp&path=%2Fopt%2Fcpanel%2Fea-ruby27%2Fsrc%2Fpassenger-release-6.0.23%2Fsrc%2Fcxx_supportlib%2Fvendor-modified%2Fboost%2Fasio%2Fimpl HTTP/1.1" 200 4087 "-" "Mozilla/5.0 AppleWebKit/537.36 (KHTML, like Gecko; compatible; GPTBot/1.2; +https://openai.com/gptbot)"
20.171.207.192 - - [18/Jul/2025:09:15:46 -0400] "GET /radio.php?edit=is_empty.hpp&path=%2Fopt%2Fcpanel%2Fea-ruby27%2Fsrc%2Fpassenger-release-6.0.23%2Fsrc%2Fcxx_supportlib%2Fvendor-modified%2Fboost%2Ftype_traits HTTP/1.1" 200 4173 "-" "Mozilla/5.0 AppleWebKit/537.36 (KHTML, like Gecko; compatible; GPTBot/1.2; +https://openai.com/gptbot)"
20.171.207.192 - - [18/Jul/2025:09:15:26 -0400] "GET /radio.php?edit=local_free_on_block_exit.hpp&path=%2Fopt%2Fcpanel%2Fea-ruby27%2Fsrc%2Fpassenger-release-6.0.23%2Fsrc%2Fcxx_supportlib%2Fvendor-modified%2Fboost%2Fasio%2Fdetail HTTP/1.1" 200 4332 "-" "Mozilla/5.0 AppleWebKit/537.36 (KHTML, like Gecko; compatible; GPTBot/1.2; +https://openai.com/gptbot)"
67.144.4.13 - - [18/Jul/2025:09:15:28 -0400] "GET /radio.php?path=/home/airtpgpx/.caldav/support@publictransportsolutions.net HTTP/1.1" 200 738 "-" "Mozilla/5.0 (compatible; MJ12bot/v1.4.8; http://mj12bot.com/)"
35.169.240.53 - - [18/Jul/2025:09:15:29 -0400] "GET /well-known/acme-challenge/i/c/b/b/ HTTP/1.1" 200 559 "-" "Mozilla/5.0 AppleWebKit/537.36 (KHTML, like Gecko; compatible; Amazonbot/0.1; +https://developer.amazon.com/support/amazonbot) Chrome/119.0.6045.214 Safari/537.36"
67.144.4.13 - - [18/Jul/2025:09:15:30 -0400] "GET /radio.php?path=/home/airtpgpx/.caldav/supports@jpmlworkforce.com.au HTTP/1.1" 200 742 "-" "Mozilla/5.0 (compatible; MJ12bot/v1.4.8; http://mj12bot.com/)"
20.171.207.192 - - [18/Jul/2025:09:15:31 -0400] "GET /radio.php?edit=typeof.hpp&path=%2Fopt%2Fcpanel%2Fea-ruby27%2Fsrc%2Fpassenger-release-6.0.23%2Fsrc%2Fcxx_supportlib%2Fvendor-modified%2Fboost%2Fmpl%2Faux_%2Fconfig HTTP/1.1" 200 1792 "-" "Mozilla/5.0 AppleWebKit/537.36 (KHTML, like Gecko; compatible; GPTBot/1.2; +https://openai.com/gptbot)"
67.144.4.13 - - [18/Jul/2025:09:15:32 -0400] "GET /radio.php?path=/home/airtpgpx/logs&edit=airtrafficsolutions.airtrafficsolutions.com-Jul-2025.gz HTTP/1.1" 200 1096 "-" "Mozilla/5.0 (compatible; MJ12bot/v1.4.8; http://mj12bot.com/)"
20.171.207.192 - - [18/Jul/2025:09:15:32 -0400] "GET /radio.php?edit=free.h&path=%2Fopt%2Fcpanel%2Fea-ruby27%2Fsrc%2Fpassenger-release-6.0.23%2Fsrc%2Fcxx_supportlib%2Fvendor-modified%2Fboost%2Fpredef%2Fos%2Fbsd HTTP/1.1" 200 1601 "-" "Mozilla/5.0 AppleWebKit/537.36 (KHTML, like Gecko; compatible; GPTBot/1.2; +https://openai.com/gptbot)"
67.144.4.13 - - [18/Jul/2025:09:15:36 -0400] "GET /radio.php?path=/home/airtpgpx/logs&edit=ftp.airtrafficsolutions.com-ftp_log-May-2022.gz HTTP/1.1" 200 1092 "-" "Mozilla/5.0 (compatible; MJ12bot/v1.4.8; http://mj12bot.com/)"
34.225.138.57 - - [18/Jul/2025:09:15:37 -0400] "GET /well-known/acme-challenge/i/a/d/a/ HTTP/1.1" 200 558 "-" "Mozilla/5.0 AppleWebKit/537.36 (KHTML, like Gecko; compatible; Amazonbot/0.1; +https://developer.amazon.com/support/amazonbot) Chrome/119.0.6045.214 Safari/537.36"
67.144.4.13 - - [18/Jul/2025:09:15:40 -0400] "GET /radio.php?path=/home/airtpgpx/mail&edit=dovecot.index HTTP/1.1" 200 989 "-" "Mozilla/5.0 (compatible; MJ12bot/v1.4.8; http://mj12bot.com/)"
67.144.4.13 - - [18/Jul/2025:09:15:42 -0400] "GET /radio.php?path=/home/airtpgpx/mail&edit=dovecot.index.cache HTTP/1.1" 200 990 "-" "Mozilla/5.0 (compatible; MJ12bot/v1.4.8; http://mj12bot.com/)"
20.171.207.192 - - [18/Jul/2025:09:15:42 -0400] "GET /radio.php?edit=is_float.hpp&path=%2Fopt%2Fcpanel%2Fea-ruby27%2Fsrc%2Fpassenger-release-6.0.23%2Fsrc%2Fcxx_supportlib%2Fvendor-modified%2Fboost%2Ftype_traits HTTP/1.1" 200 3795 "-" "Mozilla/5.0 AppleWebKit/537.36 (KHTML, like Gecko; compatible; GPTBot/1.2; +https://openai.com/gptbot)"
20.171.207.192 - - [18/Jul/2025:09:15:43 -0400] "GET /radio.php?edit=irix.h&path=%2Fopt%2Fcpanel%2Fea-ruby27%2Fsrc%2Fpassenger-release-6.0.23%2Fsrc%2Fcxx_supportlib%2Fvendor-modified%2Fboost%2Fpredef%2Fos HTTP/1.1" 200 1606 "-" "Mozilla/5.0 AppleWebKit/537.36 (KHTML, like Gecko; compatible; GPTBot/1.2; +https://openai.com/gptbot)"
67.144.4.13 - - [18/Jul/2025:09:15:43 -0400] "GET /radio.php?path=/opt/app-version-detector&edit=app-version-detector.phar HTTP/1.1" 200 731 "-" "Mozilla/5.0 (compatible; MJ12bot/v1.4.8; http://mj12bot.com/)"
52.22.64.232 - - [18/Jul/2025:09:15:46 -0400] "GET /well-known/acme-challenge/i/d/h/b/ HTTP/1.1" 200 558 "-" "Mozilla/5.0 AppleWebKit/537.36 (KHTML, like Gecko; compatible; Amazonbot/0.1; +https://developer.amazon.com/support/amazonbot) Chrome/119.0.6045.214 Safari/537.36"
20.171.207.192 - - [18/Jul/2025:09:15:47 -0400] "GET /radio.php?edit=set.hpp&path=%2Fopt%2Fcpanel%2Fea-ruby27%2Fsrc%2Fpassenger-release-6.0.23%2Fsrc%2Fcxx_supportlib%2Fvendor-modified%2Fboost%2Fparameter%2Faux_ HTTP/1.1" 200 2158 "-" "Mozilla/5.0 AppleWebKit/537.36 (KHTML, like Gecko; compatible; GPTBot/1.2; +https://openai.com/gptbot)"
20.171.207.192 - - [18/Jul/2025:09:15:49 -0400] "GET /radio.php?edit=signal_set_base.hpp&path=%2Fopt%2Fcpanel%2Fea-ruby27%2Fsrc%2Fpassenger-release-6.0.23%2Fsrc%2Fcxx_supportlib%2Fvendor-modified%2Fboost%2Fasio HTTP/1.1" 200 4111 "-" "Mozilla/5.0 AppleWebKit/537.36 (KHTML, like Gecko; compatible; GPTBot/1.2; +https://openai.com/gptbot)"
20.171.207.192 - - [18/Jul/2025:09:15:50 -0400] "GET /radio.php?edit=ios_base_state.hpp&path=%2Fopt%2Fcpanel%2Fea-ruby27%2Fsrc%2Fpassenger-release-6.0.23%2Fsrc%2Fcxx_supportlib%2Fvendor-modified%2Fboost%2Fchrono%2Fio HTTP/1.1" 200 2238 "-" "Mozilla/5.0 AppleWebKit/537.36 (KHTML, like Gecko; compatible; GPTBot/1.2; +https://openai.com/gptbot)"
67.144.4.13 - - [18/Jul/2025:09:15:51 -0400] "GET /radio.php?path=/opt/liblve&edit=libsecureio.so.0 HTTP/1.1" 200 753 "-" "Mozilla/5.0 (compatible; MJ12bot/v1.4.8; http://mj12bot.com/)"
20.171.207.192 - - [18/Jul/2025:09:15:53 -0400] "GET /radio.php?edit=tag_type.hpp&path=%2Fopt%2Fcpanel%2Fea-ruby27%2Fsrc%2Fpassenger-release-6.0.23%2Fsrc%2Fcxx_supportlib%2Fvendor-modified%2Fboost%2Fparameter%2Faux_%2Fpack HTTP/1.1" 200 1867 "-" "Mozilla/5.0 AppleWebKit/537.36 (KHTML, like Gecko; compatible; GPTBot/1.2; +https://openai.com/gptbot)"
67.144.4.13 - - [18/Jul/2025:09:15:53 -0400] "GET /radio.php?path=/opt/puppetlabs/.. HTTP/1.1" 200 767 "-" "Mozilla/5.0 (compatible; MJ12bot/v1.4.8; http://mj12bot.com/)"
18.215.24.66 - - [18/Jul/2025:09:15:53 -0400] "GET /well-known/acme-challenge/i/j/c/f/ HTTP/1.1" 200 559 "-" "Mozilla/5.0 AppleWebKit/537.36 (KHTML, like Gecko; compatible; Amazonbot/0.1; +https://developer.amazon.com/support/amazonbot) Chrome/119.0.6045.214 Safari/537.36"
67.144.4.13 - - [18/Jul/2025:09:15:55 -0400] "GET /radio.php?path=/opt/suphp/sbin HTTP/1.1" 200 608 "-" "Mozilla/5.0 (compatible; MJ12bot/v1.4.8; http://mj12bot.com/)"
20.171.207.192 - - [18/Jul/2025:09:15:58 -0400] "GET /radio.php?edit=sp_counted_base_gcc_sparc.hpp&path=%2Fopt%2Fcpanel%2Fea-ruby27%2Fsrc%2Fpassenger-release-6.0.23%2Fsrc%2Fcxx_supportlib%2Fvendor-modified%2Fboost%2Fsmart_ptr%2Fdetail HTTP/1.1" 200 2992 "-" "Mozilla/5.0 AppleWebKit/537.36 (KHTML, like Gecko; compatible; GPTBot/1.2; +https://openai.com/gptbot)"
20.171.207.192 - - [18/Jul/2025:09:16:00 -0400] "GET /radio.php?edit=io_context.hpp&path=%2Fopt%2Fcpanel%2Fea-ruby27%2Fsrc%2Fpassenger-release-6.0.23%2Fsrc%2Fcxx_supportlib%2Fvendor-modified%2Fboost%2Fasio%2Fts HTTP/1.1" 200 1262 "-" "Mozilla/5.0 AppleWebKit/537.36 (KHTML, like Gecko; compatible; GPTBot/1.2; +https://openai.com/gptbot)"
20.171.207.192 - - [18/Jul/2025:09:16:01 -0400] "GET /radio.php?edit=shared_ptr.hpp&path=%2Fopt%2Fcpanel%2Fea-ruby27%2Fsrc%2Fpassenger-release-6.0.23%2Fsrc%2Fcxx_supportlib%2Fvendor-modified%2Fboost%2Fsmart_ptr HTTP/1.1" 200 7022 "-" "Mozilla/5.0 AppleWebKit/537.36 (KHTML, like Gecko; compatible; GPTBot/1.2; +https://openai.com/gptbot)"
20.171.207.192 - - [18/Jul/2025:09:16:02 -0400] "GET /radio.php?edit=bad_address_cast.hpp&path=%2Fopt%2Fcpanel%2Fea-ruby27%2Fsrc%2Fpassenger-release-6.0.23%2Fsrc%2Fcxx_supportlib%2Fvendor-modified%2Fboost%2Fasio%2Fip HTTP/1.1" 200 1940 "-" "Mozilla/5.0 AppleWebKit/537.36 (KHTML, like Gecko; compatible; GPTBot/1.2; +https://openai.com/gptbot)"
67.144.4.13 - - [18/Jul/2025:09:16:02 -0400] "GET /radio.php?path=/proc/1529462 HTTP/1.1" 200 517 "-" "Mozilla/5.0 (compatible; MJ12bot/v1.4.8; http://mj12bot.com/)"
52.71.46.142 - - [18/Jul/2025:09:16:03 -0400] "GET /well-known/acme-challenge/i/b/a/f/ HTTP/1.1" 200 559 "-" "Mozilla/5.0 AppleWebKit/537.36 (KHTML, like Gecko; compatible; Amazonbot/0.1; +https://developer.amazon.com/support/amazonbot) Chrome/119.0.6045.214 Safari/537.36"
67.144.4.13 - - [18/Jul/2025:09:15:47 -0400] "GET /radio.php?path=/opt/app-version-detector/.. HTTP/1.1" 200 767 "-" "Mozilla/5.0 (compatible; MJ12bot/v1.4.8; http://mj12bot.com/)"
20.171.207.192 - - [18/Jul/2025:09:15:48 -0400] "GET /radio.php?edit=yes_no_type.hpp&path=%2Fopt%2Fcpanel%2Fea-ruby27%2Fsrc%2Fpassenger-release-6.0.23%2Fsrc%2Fcxx_supportlib%2Fvendor-modified%2Fboost%2Ftype_traits%2Fdetail HTTP/1.1" 200 1789 "-" "Mozilla/5.0 AppleWebKit/537.36 (KHTML, like Gecko; compatible; GPTBot/1.2; +https://openai.com/gptbot)"
52.1.157.90 - - [18/Jul/2025:09:15:49 -0400] "GET /well-known/acme-challenge/i/h/h/j/ HTTP/1.1" 200 558 "-" "Mozilla/5.0 AppleWebKit/537.36 (KHTML, like Gecko; compatible; Amazonbot/0.1; +https://developer.amazon.com/support/amazonbot) Chrome/119.0.6045.214 Safari/537.36"
67.144.4.13 - - [18/Jul/2025:09:15:49 -0400] "GET /radio.php?path=/opt/cloudlinux-linksafe&edit=lib.sh HTTP/1.1" 200 831 "-" "Mozilla/5.0 (compatible; MJ12bot/v1.4.8; http://mj12bot.com/)"
20.171.207.192 - - [18/Jul/2025:09:15:51 -0400] "GET /radio.php?edit=any_io_executor.hpp&path=%2Fopt%2Fcpanel%2Fea-ruby27%2Fsrc%2Fpassenger-release-6.0.23%2Fsrc%2Fcxx_supportlib%2Fvendor-modified%2Fboost%2Fasio HTTP/1.1" 200 4928 "-" "Mozilla/5.0 AppleWebKit/537.36 (KHTML, like Gecko; compatible; GPTBot/1.2; +https://openai.com/gptbot)"
20.171.207.192 - - [18/Jul/2025:09:15:54 -0400] "GET /radio.php?edit=address_v6.hpp&path=%2Fopt%2Fcpanel%2Fea-ruby27%2Fsrc%2Fpassenger-release-6.0.23%2Fsrc%2Fcxx_supportlib%2Fvendor-modified%2Fboost%2Fasio%2Fip HTTP/1.1" 200 4161 "-" "Mozilla/5.0 AppleWebKit/537.36 (KHTML, like Gecko; compatible; GPTBot/1.2; +https://openai.com/gptbot)"
20.171.207.192 - - [18/Jul/2025:09:15:55 -0400] "GET /radio.php?edit=count_impl.hpp&path=%2Fopt%2Fcpanel%2Fea-ruby27%2Fsrc%2Fpassenger-release-6.0.23%2Fsrc%2Fcxx_supportlib%2Fvendor-modified%2Fboost%2Fmpl%2Fmultiset%2Faux_ HTTP/1.1" 200 1714 "-" "Mozilla/5.0 AppleWebKit/537.36 (KHTML, like Gecko; compatible; GPTBot/1.2; +https://openai.com/gptbot)"
20.171.207.192 - - [18/Jul/2025:09:15:56 -0400] "GET /radio.php?edit=has_less_equal.hpp&path=%2Fopt%2Fcpanel%2Fea-ruby27%2Fsrc%2Fpassenger-release-6.0.23%2Fsrc%2Fcxx_supportlib%2Fvendor-modified%2Fboost%2Ftype_traits HTTP/1.1" 200 3948 "-" "Mozilla/5.0 AppleWebKit/537.36 (KHTML, like Gecko; compatible; GPTBot/1.2; +https://openai.com/gptbot)"
67.144.4.13 - - [18/Jul/2025:09:15:56 -0400] "GET /radio.php?path=/opt/td-agent-bit/.. HTTP/1.1" 200 767 "-" "Mozilla/5.0 (compatible; MJ12bot/v1.4.8; http://mj12bot.com/)"
20.171.207.192 - - [18/Jul/2025:09:15:57 -0400] "GET /radio.php?edit=lambda.hpp&path=%2Fopt%2Fcpanel%2Fea-ruby27%2Fsrc%2Fpassenger-release-6.0.23%2Fsrc%2Fcxx_supportlib%2Fvendor-modified%2Fboost%2Fmpl%2Faux_%2Fconfig HTTP/1.1" 200 1824 "-" "Mozilla/5.0 AppleWebKit/537.36 (KHTML, like Gecko; compatible; GPTBot/1.2; +https://openai.com/gptbot)"
54.92.171.106 - - [18/Jul/2025:09:15:57 -0400] "GET /well-known/acme-challenge/i/d/i/d/ HTTP/1.1" 200 555 "-" "Mozilla/5.0 AppleWebKit/537.36 (KHTML, like Gecko; compatible; Amazonbot/0.1; +https://developer.amazon.com/support/amazonbot) Chrome/119.0.6045.214 Safari/537.36"
67.144.4.13 - - [18/Jul/2025:09:15:58 -0400] "GET /radio.php?path=/opt/td-agent-bit/bin HTTP/1.1" 200 653 "-" "Mozilla/5.0 (compatible; MJ12bot/v1.4.8; http://mj12bot.com/)"
67.144.4.13 - - [18/Jul/2025:09:16:00 -0400] "GET /radio.php?path=/proc/1351185 HTTP/1.1" 200 517 "-" "Mozilla/5.0 (compatible; MJ12bot/v1.4.8; http://mj12bot.com/)"
18.211.39.188 - - [18/Jul/2025:09:16:05 -0400] "GET /well-known/acme-challenge/i/d/j/h/ HTTP/1.1" 200 558 "-" "Mozilla/5.0 AppleWebKit/537.36 (KHTML, like Gecko; compatible; Amazonbot/0.1; +https://developer.amazon.com/support/amazonbot) Chrome/119.0.6045.214 Safari/537.36"
67.144.4.13 - - [18/Jul/2025:09:16:08 -0400] "GET /radio.php?path=/proc/1606329/fd&edit=0 HTTP/1.1" 200 517 "-" "Mozilla/5.0 (compatible; MJ12bot/v1.4.8; http://mj12bot.com/)"
20.171.207.192 - - [18/Jul/2025:09:16:03 -0400] "GET /radio.php?edit=time_point_put.hpp&path=%2Fopt%2Fcpanel%2Fea-ruby27%2Fsrc%2Fpassenger-release-6.0.23%2Fsrc%2Fcxx_supportlib%2Fvendor-modified%2Fboost%2Fchrono%2Fio HTTP/1.1" 200 3449 "-" "Mozilla/5.0 AppleWebKit/537.36 (KHTML, like Gecko; compatible; GPTBot/1.2; +https://openai.com/gptbot)"
20.171.207.192 - - [18/Jul/2025:09:16:04 -0400] "GET /radio.php?edit=is_scoped_enum.hpp&path=%2Fopt%2Fcpanel%2Fea-ruby27%2Fsrc%2Fpassenger-release-6.0.23%2Fsrc%2Fcxx_supportlib%2Fvendor-modified%2Fboost%2Ftype_traits HTTP/1.1" 200 3667 "-" "Mozilla/5.0 AppleWebKit/537.36 (KHTML, like Gecko; compatible; GPTBot/1.2; +https://openai.com/gptbot)"
67.144.4.13 - - [18/Jul/2025:09:16:04 -0400] "GET /radio.php?path=/proc/1606329 HTTP/1.1" 200 517 "-" "Mozilla/5.0 (compatible; MJ12bot/v1.4.8; http://mj12bot.com/)"
20.171.207.192 - - [18/Jul/2025:09:16:06 -0400] "GET /radio.php?edit=has_plus.hpp&path=%2Fopt%2Fcpanel%2Fea-ruby27%2Fsrc%2Fpassenger-release-6.0.23%2Fsrc%2Fcxx_supportlib%2Fvendor-modified%2Fboost%2Ftype_traits HTTP/1.1" 200 3735 "-" "Mozilla/5.0 AppleWebKit/537.36 (KHTML, like Gecko; compatible; GPTBot/1.2; +https://openai.com/gptbot)"
67.144.4.13 - - [18/Jul/2025:09:16:06 -0400] "GET /radio.php?path=/proc/1606329/fd HTTP/1.1" 200 517 "-" "Mozilla/5.0 (compatible; MJ12bot/v1.4.8; http://mj12bot.com/)"
20.171.207.192 - - [18/Jul/2025:09:16:07 -0400] "GET /radio.php?edit=is_class.hpp&path=%2Fopt%2Fcpanel%2Fea-ruby27%2Fsrc%2Fpassenger-release-6.0.23%2Fsrc%2Fcxx_supportlib%2Fvendor-modified%2Fboost%2Ftype_traits HTTP/1.1" 200 4467 "-" "Mozilla/5.0 AppleWebKit/537.36 (KHTML, like Gecko; compatible; GPTBot/1.2; +https://openai.com/gptbot)"
20.171.207.192 - - [18/Jul/2025:09:16:08 -0400] "GET /radio.php?edit=address_v4_range.hpp&path=%2Fopt%2Fcpanel%2Fea-ruby27%2Fsrc%2Fpassenger-release-6.0.23%2Fsrc%2Fcxx_supportlib%2Fvendor-modified%2Fboost%2Fasio%2Fip HTTP/1.1" 200 2305 "-" "Mozilla/5.0 AppleWebKit/537.36 (KHTML, like Gecko; compatible; GPTBot/1.2; +https://openai.com/gptbot)"
18.211.39.188 - - [18/Jul/2025:09:16:09 -0400] "GET /well-known/acme-challenge/i/a/f/j/ HTTP/1.1" 200 559 "-" "Mozilla/5.0 AppleWebKit/537.36 (KHTML, like Gecko; compatible; Amazonbot/0.1; +https://developer.amazon.com/support/amazonbot) Chrome/119.0.6045.214 Safari/537.36"
20.171.207.192 - - [18/Jul/2025:09:16:10 -0400] "GET /radio.php?edit=is_seq.hpp&path=%2Fopt%2Fcpanel%2Fea-ruby27%2Fsrc%2Fpassenger-release-6.0.23%2Fsrc%2Fcxx_supportlib%2Fvendor-modified%2Fboost%2Fmpl%2Faux_%2Fpreprocessor HTTP/1.1" 200 1794 "-" "Mozilla/5.0 AppleWebKit/537.36 (KHTML, like Gecko; compatible; GPTBot/1.2; +https://openai.com/gptbot)"
67.144.4.13 - - [18/Jul/2025:09:16:11 -0400] "GET /radio.php?path=/proc/1606329/fd&edit=2 HTTP/1.1" 200 517 "-" "Mozilla/5.0 (compatible; MJ12bot/v1.4.8; http://mj12bot.com/)"
20.171.207.192 - - [18/Jul/2025:09:16:14 -0400] "GET /radio.php?edit=local_date_time.hpp&path=%2Fopt%2Fcpanel%2Fea-ruby27%2Fsrc%2Fpassenger-release-6.0.23%2Fsrc%2Fcxx_supportlib%2Fvendor-modified%2Fboost%2Fdate_time%2Flocal_time HTTP/1.1" 200 5782 "-" "Mozilla/5.0 AppleWebKit/537.36 (KHTML, like Gecko; compatible; GPTBot/1.2; +https://openai.com/gptbot)"
20.171.207.192 - - [18/Jul/2025:09:16:15 -0400] "GET /radio.php?edit=iterator.hpp&path=%2Fopt%2Fcpanel%2Fea-ruby27%2Fsrc%2Fpassenger-release-6.0.23%2Fsrc%2Fcxx_supportlib%2Fvendor-modified%2Fboost%2Fmpl%2Flist%2Faux_ HTTP/1.1" 200 1728 "-" "Mozilla/5.0 AppleWebKit/537.36 (KHTML, like Gecko; compatible; GPTBot/1.2; +https://openai.com/gptbot)"
20.171.207.192 - - [18/Jul/2025:09:16:17 -0400] "GET /radio.php?edit=ratio_io.hpp&path=%2Fopt%2Fcpanel%2Fea-ruby27%2Fsrc%2Fpassenger-release-6.0.23%2Fsrc%2Fcxx_supportlib%2Fvendor-modified%2Fboost%2Fratio HTTP/1.1" 200 2305 "-" "Mozilla/5.0 AppleWebKit/537.36 (KHTML, like Gecko; compatible; GPTBot/1.2; +https://openai.com/gptbot)"
20.171.207.192 - - [18/Jul/2025:09:16:09 -0400] "GET /radio.php?edit=sp_counted_base_vacpp_ppc.hpp&path=%2Fopt%2Fcpanel%2Fea-ruby27%2Fsrc%2Fpassenger-release-6.0.23%2Fsrc%2Fcxx_supportlib%2Fvendor-modified%2Fboost%2Fsmart_ptr%2Fdetail HTTP/1.1" 200 3015 "-" "Mozilla/5.0 AppleWebKit/537.36 (KHTML, like Gecko; compatible; GPTBot/1.2; +https://openai.com/gptbot)"
67.144.4.13 - - [18/Jul/2025:09:16:10 -0400] "GET /radio.php?path=/proc/1606329/fd&edit=1 HTTP/1.1" 200 517 "-" "Mozilla/5.0 (compatible; MJ12bot/v1.4.8; http://mj12bot.com/)"
20.171.207.192 - - [18/Jul/2025:09:16:11 -0400] "GET /radio.php?edit=fence_arch_ops_gcc_ppc.hpp&path=%2Fopt%2Fcpanel%2Fea-ruby27%2Fsrc%2Fpassenger-release-6.0.23%2Fsrc%2Fcxx_supportlib%2Fvendor-modified%2Fboost%2Fatomic%2Fdetail HTTP/1.1" 200 3321 "-" "Mozilla/5.0 AppleWebKit/537.36 (KHTML, like Gecko; compatible; GPTBot/1.2; +https://openai.com/gptbot)"
20.171.207.192 - - [18/Jul/2025:09:16:12 -0400] "GET /radio.php?edit=use_default_tag.hpp&path=%2Fopt%2Fcpanel%2Fea-ruby27%2Fsrc%2Fpassenger-release-6.0.23%2Fsrc%2Fcxx_supportlib%2Fvendor-modified%2Fboost%2Fparameter%2Faux_ HTTP/1.1" 200 1763 "-" "Mozilla/5.0 AppleWebKit/537.36 (KHTML, like Gecko; compatible; GPTBot/1.2; +https://openai.com/gptbot)"
67.144.4.13 - - [18/Jul/2025:09:16:13 -0400] "GET /radio.php?path=/proc/1606329/fd&edit=3 HTTP/1.1" 200 517 "-" "Mozilla/5.0 (compatible; MJ12bot/v1.4.8; http://mj12bot.com/)"
52.205.222.214 - - [18/Jul/2025:09:16:13 -0400] "GET /well-known/acme-challenge/i/j/?NA HTTP/1.1" 200 977 "-" "Mozilla/5.0 AppleWebKit/537.36 (KHTML, like Gecko; compatible; Amazonbot/0.1; +https://developer.amazon.com/support/amazonbot) Chrome/119.0.6045.214 Safari/537.36"
67.144.4.13 - - [18/Jul/2025:09:16:15 -0400] "GET /radio.php?path=/proc/1606329/fd&edit=4 HTTP/1.1" 200 517 "-" "Mozilla/5.0 (compatible; MJ12bot/v1.4.8; http://mj12bot.com/)"
20.171.207.192 - - [18/Jul/2025:09:16:16 -0400] "GET /radio.php?edit=open.h&path=%2Fopt%2Fcpanel%2Fea-ruby27%2Fsrc%2Fpassenger-release-6.0.23%2Fsrc%2Fcxx_supportlib%2Fvendor-modified%2Fboost%2Fpredef%2Fos%2Fbsd HTTP/1.1" 200 1873 "-" "Mozilla/5.0 AppleWebKit/537.36 (KHTML, like Gecko; compatible; GPTBot/1.2; +https://openai.com/gptbot)"
67.144.4.13 - - [18/Jul/2025:09:16:17 -0400] "GET /radio.php?path=/proc/1606329/fd&edit=5 HTTP/1.1" 200 517 "-" "Mozilla/5.0 (compatible; MJ12bot/v1.4.8; http://mj12bot.com/)"
52.44.174.136 - - [18/Jul/2025:09:16:17 -0400] "GET /well-known/acme-challenge/i/f/f/d/ HTTP/1.1" 200 559 "-" "Mozilla/5.0 AppleWebKit/537.36 (KHTML, like Gecko; compatible; Amazonbot/0.1; +https://developer.amazon.com/support/amazonbot) Chrome/119.0.6045.214 Safari/537.36"
