20.171.207.192 - - [18/Jul/2025:09:48:02 -0400] "GET /radio.php?path=%2Fopt%2Falt%2Falt-nodejs16%2Froot%2Fusr%2Flib%2Fnode_modules%2Fnpm%2Fnode_modules%2Fwide-align HTTP/1.1" 200 817 "-" "Mozilla/5.0 AppleWebKit/537.36 (KHTML, like Gecko; compatible; GPTBot/1.2; +https://openai.com/gptbot)"
216.73.216.60 - - [18/Jul/2025:09:48:03 -0400] "GET /radio.php?path=%2Fhome%2Fairtpgpx%2Fpublictransportsolutions.com%2Finfo HTTP/1.1" 200 692 "-" "Mozilla/5.0 AppleWebKit/537.36 (KHTML, like Gecko; compatible; ClaudeBot/1.0; +claudebot@anthropic.com)"
216.73.216.60 - - [18/Jul/2025:09:48:03 -0400] "GET /radio.php?edit=jpmlworkforce.airtrafficsolutions.com-ssl_log&path=%2Fusr%2Flocal%2Fapache%2Fdomlogs%2Fairtpgpx HTTP/1.1" 200 13127 "-" "Mozilla/5.0 AppleWebKit/537.36 (KHTML, like Gecko; compatible; ClaudeBot/1.0; +claudebot@anthropic.com)"
216.73.216.60 - - [18/Jul/2025:09:48:03 -0400] "GET /radio.php?path=%2Fhome%2Fairtpgpx%2Fpublictransportsolutions.net.au%2F.. HTTP/1.1" 200 1191 "-" "Mozilla/5.0 AppleWebKit/537.36 (KHTML, like Gecko; compatible; ClaudeBot/1.0; +claudebot@anthropic.com)"
20.171.207.192 - - [18/Jul/2025:09:48:06 -0400] "GET /radio.php?path=%2Fopt%2Falt%2Falt-nodejs6%2Froot%2Fusr%2Flib%2Fnode_modules%2Fnpm%2Fnode_modules%2Flodash._getnative HTTP/1.1" 200 844 "-" "Mozilla/5.0 AppleWebKit/537.36 (KHTML, like Gecko; compatible; GPTBot/1.2; +https://openai.com/gptbot)"
20.171.207.192 - - [18/Jul/2025:09:48:08 -0400] "GET /radio.php?path=%2Fopt%2Falt%2Falt-nodejs11%2Froot%2Fusr%2Flib%2Fnode_modules%2Fnpm%2Fnode_modules%2Fwide-align HTTP/1.1" 200 848 "-" "Mozilla/5.0 AppleWebKit/537.36 (KHTML, like Gecko; compatible; GPTBot/1.2; +https://openai.com/gptbot)"
20.171.207.192 - - [18/Jul/2025:09:48:09 -0400] "GET /radio.php?path=%2Fopt%2Falt%2Falt-nodejs20%2Froot%2Fusr%2Flib%2Fnode_modules%2Fnpm%2Fnode_modules%2Fhttp-proxy-agent HTTP/1.1" 200 814 "-" "Mozilla/5.0 AppleWebKit/537.36 (KHTML, like Gecko; compatible; GPTBot/1.2; +https://openai.com/gptbot)"
20.171.207.192 - - [18/Jul/2025:09:48:10 -0400] "GET /radio.php?path=%2Fopt%2Falt%2Falt-nodejs22%2Froot%2Fusr%2Flib%2Fnode_modules%2Fnpm%2Fnode_modules%2Fstring-width-cjs HTTP/1.1" 200 815 "-" "Mozilla/5.0 AppleWebKit/537.36 (KHTML, like Gecko; compatible; GPTBot/1.2; +https://openai.com/gptbot)"
20.171.207.192 - - [18/Jul/2025:09:48:11 -0400] "GET /radio.php?path=%2Fopt%2Falt%2Falt-nodejs19%2Froot%2Fusr%2Flib%2Fnode_modules%2Fnpm%2Fnode_modules%2Fhttp-proxy-agent HTTP/1.1" 200 796 "-" "Mozilla/5.0 AppleWebKit/537.36 (KHTML, like Gecko; compatible; GPTBot/1.2; +https://openai.com/gptbot)"
20.171.207.192 - - [18/Jul/2025:09:48:13 -0400] "GET /radio.php?path=%2Fopt%2Falt%2Falt-nodejs14%2Froot%2Fusr%2Flib%2Fnode_modules%2Fnpm%2Fnode_modules%2Fwide-align HTTP/1.1" 200 848 "-" "Mozilla/5.0 AppleWebKit/537.36 (KHTML, like Gecko; compatible; GPTBot/1.2; +https://openai.com/gptbot)"
20.171.207.192 - - [18/Jul/2025:09:47:47 -0400] "GET /radio.php?path=%2Fopt%2Falt%2Falt-nodejs10%2Froot%2Fusr%2Flib%2Fnode_modules%2Fnpm%2Fnode_modules%2Fansi-align HTTP/1.1" 200 863 "-" "Mozilla/5.0 AppleWebKit/537.36 (KHTML, like Gecko; compatible; GPTBot/1.2; +https://openai.com/gptbot)"
20.171.207.192 - - [18/Jul/2025:09:47:48 -0400] "GET /radio.php?path=%2Fopt%2Falt%2Falt-nodejs18%2Froot%2Fusr%2Flib%2Fnode_modules%2Fnpm%2Fnode_modules.bundled%2Fsprintf-js%2Fsrc%2F.. HTTP/1.1" 200 900 "-" "Mozilla/5.0 AppleWebKit/537.36 (KHTML, like Gecko; compatible; GPTBot/1.2; +https://openai.com/gptbot)"
20.171.207.192 - - [18/Jul/2025:09:47:49 -0400] "GET /radio.php?edit=index.js&path=%2Fopt%2Falt%2Falt-nodejs16%2Froot%2Fusr%2Flib%2Fnode_modules%2Fnpm%2Fnode_modules.bundled%2Ficonv-lite%2Flib HTTP/1.1" 200 3088 "-" "Mozilla/5.0 AppleWebKit/537.36 (KHTML, like Gecko; compatible; GPTBot/1.2; +https://openai.com/gptbot)"
20.171.207.192 - - [18/Jul/2025:09:47:51 -0400] "GET /radio.php?path=%2Fopt%2Falt%2Falt-nodejs12%2Froot%2Fusr%2Flib%2Fnode_modules%2Fnpm%2Fnode_modules.bundled%2Fcidr-regex%2F.. HTTP/1.1" 200 4401 "-" "Mozilla/5.0 AppleWebKit/537.36 (KHTML, like Gecko; compatible; GPTBot/1.2; +https://openai.com/gptbot)"
20.171.207.192 - - [18/Jul/2025:09:47:57 -0400] "GET /radio.php?path=%2Fopt%2Falt%2Falt-nodejs14%2Froot%2Fusr%2Flib%2Fnode_modules%2Fnpm%2Fnode_modules.bundled%2Fcall-limit%2F.. HTTP/1.1" 200 4266 "-" "Mozilla/5.0 AppleWebKit/537.36 (KHTML, like Gecko; compatible; GPTBot/1.2; +https://openai.com/gptbot)"
20.171.207.192 - - [18/Jul/2025:09:47:58 -0400] "GET /radio.php?path=%2Fopt%2Falt%2Falt-nodejs8%2Froot%2Fusr%2Flib%2Fnode_modules%2Fnpm%2Fnode_modules%2Fsignal-exit HTTP/1.1" 200 880 "-" "Mozilla/5.0 AppleWebKit/537.36 (KHTML, like Gecko; compatible; GPTBot/1.2; +https://openai.com/gptbot)"
20.171.207.192 - - [18/Jul/2025:09:48:03 -0400] "GET /radio.php?path=%2Fopt%2Falt%2Falt-nodejs10%2Froot%2Fusr%2Flib%2Fnode_modules%2Fnpm%2Fnode_modules%2Fansi-regex HTTP/1.1" 200 830 "-" "Mozilla/5.0 AppleWebKit/537.36 (KHTML, like Gecko; compatible; GPTBot/1.2; +https://openai.com/gptbot)"
216.73.216.60 - - [18/Jul/2025:09:48:03 -0400] "GET /radio.php?path=%2Fhome%2Fairtpgpx%2Fpublictransportsolutions.com%2F5a332 HTTP/1.1" 200 696 "-" "Mozilla/5.0 AppleWebKit/537.36 (KHTML, like Gecko; compatible; ClaudeBot/1.0; +claudebot@anthropic.com)"
20.171.207.192 - - [18/Jul/2025:09:48:04 -0400] "GET /radio.php?path=%2Fopt%2Falt%2Falt-nodejs24%2Froot%2Fusr%2Flib%2Fnode_modules%2Fnpm%2Fnode_modules%2Fhttp-proxy-agent HTTP/1.1" 200 814 "-" "Mozilla/5.0 AppleWebKit/537.36 (KHTML, like Gecko; compatible; GPTBot/1.2; +https://openai.com/gptbot)"
20.171.207.192 - - [18/Jul/2025:09:48:05 -0400] "GET /radio.php?path=%2Fopt%2Falt%2Falt-nodejs16%2Froot%2Fusr%2Flib%2Fnode_modules%2Fnpm%2Fnode_modules%2Fspdx-license-ids HTTP/1.1" 200 821 "-" "Mozilla/5.0 AppleWebKit/537.36 (KHTML, like Gecko; compatible; GPTBot/1.2; +https://openai.com/gptbot)"
20.171.207.192 - - [18/Jul/2025:09:48:12 -0400] "GET /radio.php?path=%2Fopt%2Falt%2Falt-nodejs8%2Froot%2Fusr%2Flib%2Fnode_modules%2Fnpm%2Fnode_modules%2Fxdg-basedir HTTP/1.1" 200 827 "-" "Mozilla/5.0 AppleWebKit/537.36 (KHTML, like Gecko; compatible; GPTBot/1.2; +https://openai.com/gptbot)"
20.171.207.192 - - [18/Jul/2025:09:48:17 -0400] "GET /radio.php?path=%2Fopt%2Falt%2Falt-nodejs8%2Froot%2Fusr%2Flib%2Fnode_modules%2Fnpm%2Fnode_modules%2Fsemver-diff HTTP/1.1" 200 827 "-" "Mozilla/5.0 AppleWebKit/537.36 (KHTML, like Gecko; compatible; GPTBot/1.2; +https://openai.com/gptbot)"
20.171.207.192 - - [18/Jul/2025:09:48:23 -0400] "GET /radio.php?path=%2Fopt%2Falt%2Falt-nodejs14%2Froot%2Fusr%2Flib%2Fnode_modules%2Fnpm%2Fnode_modules%2Fconcat-map HTTP/1.1" 200 879 "-" "Mozilla/5.0 AppleWebKit/537.36 (KHTML, like Gecko; compatible; GPTBot/1.2; +https://openai.com/gptbot)"
20.171.207.192 - - [18/Jul/2025:09:48:25 -0400] "GET /radio.php?edit=LICENSE&path=%2Fopt%2Falt%2Falt-nodejs14%2Froot%2Fusr%2Flib%2Fnode_modules%2Fnpm%2Fnode_modules.bundled%2Fwide-align HTTP/1.1" 200 1402 "-" "Mozilla/5.0 AppleWebKit/537.36 (KHTML, like Gecko; compatible; GPTBot/1.2; +https://openai.com/gptbot)"
20.171.207.192 - - [18/Jul/2025:09:48:26 -0400] "GET /radio.php?path=%2Fopt%2Falt%2Falt-nodejs14%2Froot%2Fusr%2Flib%2Fnode_modules%2Fnpm%2Fnode_modules.bundled%2Fwide-align%2F.. HTTP/1.1" 200 4546 "-" "Mozilla/5.0 AppleWebKit/537.36 (KHTML, like Gecko; compatible; GPTBot/1.2; +https://openai.com/gptbot)"
20.171.207.192 - - [18/Jul/2025:09:48:27 -0400] "GET /radio.php?path=%2Fopt%2Falt%2Falt-nodejs14%2Froot%2Fusr%2Flib%2Fnode_modules%2Fnpm%2Fnode_modules.bundled%2Fwide-align%2Fnode_modules HTTP/1.1" 200 757 "-" "Mozilla/5.0 AppleWebKit/537.36 (KHTML, like Gecko; compatible; GPTBot/1.2; +https://openai.com/gptbot)"
20.171.207.192 - - [18/Jul/2025:09:48:28 -0400] "GET /radio.php?path=%2Fopt%2Falt%2Falt-nodejs11%2Froot%2Fusr%2Flib%2Fnode_modules%2Fnpm%2Fnode_modules%2Flodash._baseuniq HTTP/1.1" 200 842 "-" "Mozilla/5.0 AppleWebKit/537.36 (KHTML, like Gecko; compatible; GPTBot/1.2; +https://openai.com/gptbot)"
20.171.207.192 - - [18/Jul/2025:09:48:29 -0400] "GET /radio.php?path=%2Fopt%2Falt%2Falt-nodejs14%2Froot%2Fusr%2Flib%2Fnode_modules%2Fnpm%2Fnode_modules%2Foauth-sign HTTP/1.1" 200 841 "-" "Mozilla/5.0 AppleWebKit/537.36 (KHTML, like Gecko; compatible; GPTBot/1.2; +https://openai.com/gptbot)"
20.171.207.192 - - [18/Jul/2025:09:48:30 -0400] "GET /radio.php?path=%2Fopt%2Falt%2Falt-nodejs14%2Froot%2Fusr%2Flib%2Fnode_modules%2Fnpm%2Fnode_modules%2Fansi-align HTTP/1.1" 200 863 "-" "Mozilla/5.0 AppleWebKit/537.36 (KHTML, like Gecko; compatible; GPTBot/1.2; +https://openai.com/gptbot)"
20.171.207.192 - - [18/Jul/2025:09:48:32 -0400] "GET /radio.php?path=%2Fopt%2Falt%2Falt-nodejs11%2Froot%2Fusr%2Flib%2Fnode_modules%2Fnpm%2Fnode_modules.bundled%2Fwide-align%2Fnode_modules%2F.. HTTP/1.1" 200 848 "-" "Mozilla/5.0 AppleWebKit/537.36 (KHTML, like Gecko; compatible; GPTBot/1.2; +https://openai.com/gptbot)"
20.171.207.192 - - [18/Jul/2025:09:48:34 -0400] "GET /radio.php?path=%2Fopt%2Falt%2Falt-nodejs14%2Froot%2Fusr%2Flib%2Fnode_modules%2Fnpm%2Fnode_modules.bundled%2Fconcat-map%2F.. HTTP/1.1" 200 4596 "-" "Mozilla/5.0 AppleWebKit/537.36 (KHTML, like Gecko; compatible; GPTBot/1.2; +https://openai.com/gptbot)"
20.171.207.192 - - [18/Jul/2025:09:48:35 -0400] "GET /radio.php?path=%2Fopt%2Falt%2Falt-nodejs10%2Froot%2Fusr%2Flib%2Fnode_modules%2Fnpm%2Fnode_modules.bundled%2Fmime-types%2F.. HTTP/1.1" 200 4596 "-" "Mozilla/5.0 AppleWebKit/537.36 (KHTML, like Gecko; compatible; GPTBot/1.2; +https://openai.com/gptbot)"
20.171.207.192 - - [18/Jul/2025:09:48:36 -0400] "GET /radio.php?path=%2Fopt%2Falt%2Falt-nodejs9%2Froot%2Fusr%2Flib%2Fnode_modules%2Fnpm%2Fnode_modules%2Fsafe-buffer HTTP/1.1" 200 869 "-" "Mozilla/5.0 AppleWebKit/537.36 (KHTML, like Gecko; compatible; GPTBot/1.2; +https://openai.com/gptbot)"
20.171.207.192 - - [18/Jul/2025:09:48:37 -0400] "GET /radio.php?path=%2Fopt%2Falt%2Falt-nodejs14%2Froot%2Fusr%2Flib%2Fnode_modules%2Fnpm%2Fnode_modules%2Fhar-schema HTTP/1.1" 200 831 "-" "Mozilla/5.0 AppleWebKit/537.36 (KHTML, like Gecko; compatible; GPTBot/1.2; +https://openai.com/gptbot)"
20.171.207.192 - - [18/Jul/2025:09:48:38 -0400] "GET /radio.php?path=%2Fopt%2Falt%2Falt-nodejs14%2Froot%2Fusr%2Flib%2Fnode_modules%2Fnpm%2Fnode_modules.bundled%2Fwide-align%2Fnode_modules%2F.. HTTP/1.1" 200 848 "-" "Mozilla/5.0 AppleWebKit/537.36 (KHTML, like Gecko; compatible; GPTBot/1.2; +https://openai.com/gptbot)"
20.171.207.192 - - [18/Jul/2025:09:48:41 -0400] "GET /radio.php?edit=LICENSE&path=%2Fopt%2Falt%2Falt-nodejs14%2Froot%2Fusr%2Flib%2Fnode_modules%2Fnpm%2Fnode_modules.bundled%2Foauth-sign HTTP/1.1" 200 4197 "-" "Mozilla/5.0 AppleWebKit/537.36 (KHTML, like Gecko; compatible; GPTBot/1.2; +https://openai.com/gptbot)"
20.171.207.192 - - [18/Jul/2025:09:48:14 -0400] "GET /radio.php?path=%2Fopt%2Falt%2Falt-nodejs16%2Froot%2Fusr%2Flib%2Fnode_modules%2Fnpm%2Fnode_modules.bundled%2Fwide-align%2F.. HTTP/1.1" 200 2619 "-" "Mozilla/5.0 AppleWebKit/537.36 (KHTML, like Gecko; compatible; GPTBot/1.2; +https://openai.com/gptbot)"
20.171.207.192 - - [18/Jul/2025:09:48:16 -0400] "GET /radio.php?path=%2Fopt%2Falt%2Falt-nodejs10%2Froot%2Fusr%2Flib%2Fnode_modules%2Fnpm%2Fnode_modules.bundled%2Fansi-regex%2F.. HTTP/1.1" 200 4596 "-" "Mozilla/5.0 AppleWebKit/537.36 (KHTML, like Gecko; compatible; GPTBot/1.2; +https://openai.com/gptbot)"
20.171.207.192 - - [18/Jul/2025:09:48:18 -0400] "GET /radio.php?path=%2Fopt%2Falt%2Falt-nodejs11%2Froot%2Fusr%2Flib%2Fnode_modules%2Fnpm%2Fnode_modules%2Fspdx-license-ids HTTP/1.1" 200 842 "-" "Mozilla/5.0 AppleWebKit/537.36 (KHTML, like Gecko; compatible; GPTBot/1.2; +https://openai.com/gptbot)"
20.171.207.192 - - [18/Jul/2025:09:48:19 -0400] "GET /radio.php?path=%2Fopt%2Falt%2Falt-nodejs11%2Froot%2Fusr%2Flib%2Fnode_modules%2Fnpm%2Fnode_modules.bundled%2Fwide-align%2F.. HTTP/1.1" 200 4215 "-" "Mozilla/5.0 AppleWebKit/537.36 (KHTML, like Gecko; compatible; GPTBot/1.2; +https://openai.com/gptbot)"
20.171.207.192 - - [18/Jul/2025:09:48:20 -0400] "GET /radio.php?path=%2Fopt%2Falt%2Falt-nodejs11%2Froot%2Fusr%2Flib%2Fnode_modules%2Fnpm%2Fnode_modules.bundled%2Fwide-align%2Fnode_modules HTTP/1.1" 200 756 "-" "Mozilla/5.0 AppleWebKit/537.36 (KHTML, like Gecko; compatible; GPTBot/1.2; +https://openai.com/gptbot)"
20.171.207.192 - - [18/Jul/2025:09:48:21 -0400] "GET /radio.php?path=%2Fopt%2Falt%2Falt-nodejs8%2Froot%2Fusr%2Flib%2Fnode_modules%2Fnpm%2Fnode_modules%2Fsafe-buffer HTTP/1.1" 200 851 "-" "Mozilla/5.0 AppleWebKit/537.36 (KHTML, like Gecko; compatible; GPTBot/1.2; +https://openai.com/gptbot)"
20.171.207.192 - - [18/Jul/2025:09:48:24 -0400] "GET /radio.php?path=%2Fopt%2Falt%2Falt-nodejs10%2Froot%2Fusr%2Flib%2Fnode_modules%2Fnpm%2Fnode_modules%2Fmime-types HTTP/1.1" 200 861 "-" "Mozilla/5.0 AppleWebKit/537.36 (KHTML, like Gecko; compatible; GPTBot/1.2; +https://openai.com/gptbot)"
20.171.207.192 - - [18/Jul/2025:09:48:33 -0400] "GET /radio.php?path=%2Fopt%2Falt%2Falt-nodejs11%2Froot%2Fusr%2Flib%2Fnode_modules%2Fnpm%2Fnode_modules.bundled%2Fwide-align%2Fnode_modules%2Fstring-width HTTP/1.1" 200 861 "-" "Mozilla/5.0 AppleWebKit/537.36 (KHTML, like Gecko; compatible; GPTBot/1.2; +https://openai.com/gptbot)"
20.171.207.192 - - [18/Jul/2025:09:48:40 -0400] "GET /radio.php?path=%2Fopt%2Falt%2Falt-nodejs14%2Froot%2Fusr%2Flib%2Fnode_modules%2Fnpm%2Fnode_modules.bundled%2Fwide-align%2Fnode_modules%2Fstring-width HTTP/1.1" 200 860 "-" "Mozilla/5.0 AppleWebKit/537.36 (KHTML, like Gecko; compatible; GPTBot/1.2; +https://openai.com/gptbot)"
20.171.207.192 - - [18/Jul/2025:09:48:42 -0400] "GET /radio.php?path=%2Fopt%2Falt%2Falt-nodejs14%2Froot%2Fusr%2Flib%2Fnode_modules%2Fnpm%2Fnode_modules.bundled%2Foauth-sign%2F.. HTTP/1.1" 200 4266 "-" "Mozilla/5.0 AppleWebKit/537.36 (KHTML, like Gecko; compatible; GPTBot/1.2; +https://openai.com/gptbot)"
20.171.207.192 - - [18/Jul/2025:09:48:43 -0400] "GET /radio.php?path=%2Fopt%2Falt%2Falt-nodejs10%2Froot%2Fusr%2Flib%2Fnode_modules%2Fnpm%2Fnode_modules%2Flodash._baseuniq HTTP/1.1" 200 842 "-" "Mozilla/5.0 AppleWebKit/537.36 (KHTML, like Gecko; compatible; GPTBot/1.2; +https://openai.com/gptbot)"
20.171.207.192 - - [18/Jul/2025:09:48:44 -0400] "GET /radio.php?path=%2Fopt%2Falt%2Falt-nodejs14%2Froot%2Fusr%2Flib%2Fnode_modules%2Fnpm%2Fnode_modules.bundled%2Fansi-align%2F.. HTTP/1.1" 200 4266 "-" "Mozilla/5.0 AppleWebKit/537.36 (KHTML, like Gecko; compatible; GPTBot/1.2; +https://openai.com/gptbot)"
20.171.207.192 - - [18/Jul/2025:09:48:46 -0400] "GET /radio.php?path=%2Fopt%2Falt%2Falt-nodejs10%2Froot%2Fusr%2Flib%2Fnode_modules%2Fnpm%2Fnode_modules%2Fspdx-license-ids HTTP/1.1" 200 841 "-" "Mozilla/5.0 AppleWebKit/537.36 (KHTML, like Gecko; compatible; GPTBot/1.2; +https://openai.com/gptbot)"
20.171.207.192 - - [18/Jul/2025:09:48:49 -0400] "GET /radio.php?path=%2Fopt%2Falt%2Falt-nodejs14%2Froot%2Fusr%2Flib%2Fnode_modules%2Fnpm%2Fnode_modules.bundled%2Fhar-schema%2F.. HTTP/1.1" 200 4523 "-" "Mozilla/5.0 AppleWebKit/537.36 (KHTML, like Gecko; compatible; GPTBot/1.2; +https://openai.com/gptbot)"
20.171.207.192 - - [18/Jul/2025:09:48:50 -0400] "GET /radio.php?path=%2Fopt%2Falt%2Falt-nodejs14%2Froot%2Fusr%2Flib%2Fnode_modules%2Fnpm%2Fnode_modules.bundled%2Fhar-schema%2Flib HTTP/1.1" 200 1045 "-" "Mozilla/5.0 AppleWebKit/537.36 (KHTML, like Gecko; compatible; GPTBot/1.2; +https://openai.com/gptbot)"
20.171.207.192 - - [18/Jul/2025:09:48:51 -0400] "GET /radio.php?path=%2Fopt%2Falt%2Falt-nodejs14%2Froot%2Fusr%2Flib%2Fnode_modules%2Fnpm%2Fnode_modules.bundled%2Fwide-align%2Fnode_modules%2Fstring-width%2F.. HTTP/1.1" 200 757 "-" "Mozilla/5.0 AppleWebKit/537.36 (KHTML, like Gecko; compatible; GPTBot/1.2; +https://openai.com/gptbot)"
20.171.207.192 - - [18/Jul/2025:09:48:52 -0400] "GET /radio.php?path=%2Fopt%2Falt%2Falt-nodejs14%2Froot%2Fusr%2Flib%2Fnode_modules%2Fnpm%2Fnode_modules%2Ficonv-lite HTTP/1.1" 200 892 "-" "Mozilla/5.0 AppleWebKit/537.36 (KHTML, like Gecko; compatible; GPTBot/1.2; +https://openai.com/gptbot)"
20.171.207.192 - - [18/Jul/2025:09:48:55 -0400] "GET /radio.php?path=%2Fopt%2Falt%2Falt-nodejs16%2Froot%2Fusr%2Flib%2Fnode_modules%2Fnpm%2Fnode_modules%2Fhttp-proxy-agent HTTP/1.1" 200 796 "-" "Mozilla/5.0 AppleWebKit/537.36 (KHTML, like Gecko; compatible; GPTBot/1.2; +https://openai.com/gptbot)"
20.171.207.192 - - [18/Jul/2025:09:48:57 -0400] "GET /radio.php?path=%2Fopt%2Falt%2Falt-nodejs10%2Froot%2Fusr%2Flib%2Fnode_modules%2Fnpm%2Fnode_modules%2Ficonv-lite HTTP/1.1" 200 892 "-" "Mozilla/5.0 AppleWebKit/537.36 (KHTML, like Gecko; compatible; GPTBot/1.2; +https://openai.com/gptbot)"
20.171.207.192 - - [18/Jul/2025:09:48:58 -0400] "GET /radio.php?path=%2Fopt%2Falt%2Falt-nodejs16%2Froot%2Fusr%2Flib%2Fnode_modules%2Fnpm%2Fnode_modules%2Fagent-base HTTP/1.1" 200 805 "-" "Mozilla/5.0 AppleWebKit/537.36 (KHTML, like Gecko; compatible; GPTBot/1.2; +https://openai.com/gptbot)"
20.171.207.192 - - [18/Jul/2025:09:48:59 -0400] "GET /radio.php?path=%2Fopt%2Falt%2Falt-nodejs9%2Froot%2Fusr%2Flib%2Fnode_modules%2Fnpm%2Fnode_modules%2Fgraceful-fs HTTP/1.1" 200 894 "-" "Mozilla/5.0 AppleWebKit/537.36 (KHTML, like Gecko; compatible; GPTBot/1.2; +https://openai.com/gptbot)"
20.171.207.192 - - [18/Jul/2025:09:49:00 -0400] "GET /radio.php?path=%2Fopt%2Falt%2Falt-nodejs19%2Froot%2Fusr%2Flib%2Fnode_modules%2Fnpm%2Fnode_modules%2Fagent-base HTTP/1.1" 200 792 "-" "Mozilla/5.0 AppleWebKit/537.36 (KHTML, like Gecko; compatible; GPTBot/1.2; +https://openai.com/gptbot)"
34.236.41.241 - - [18/Jul/2025:09:49:01 -0400] "GET /radio.php?path=/home/airtpgpx/publictransportsolutions.com.au HTTP/1.1" 200 986 "-" "Mozilla/5.0 AppleWebKit/537.36 (KHTML, like Gecko; compatible; Amazonbot/0.1; +https://developer.amazon.com/support/amazonbot) Chrome/119.0.6045.214 Safari/537.36"
20.171.207.192 - - [18/Jul/2025:09:49:02 -0400] "GET /radio.php?path=%2Fopt%2Falt%2Falt-nodejs14%2Froot%2Fusr%2Flib%2Fnode_modules%2Fnpm%2Fnode_modules.bundled%2Fhar-schema%2Flib%2F.. HTTP/1.1" 200 831 "-" "Mozilla/5.0 AppleWebKit/537.36 (KHTML, like Gecko; compatible; GPTBot/1.2; +https://openai.com/gptbot)"
20.171.207.192 - - [18/Jul/2025:09:49:03 -0400] "GET /radio.php?path=%2Fopt%2Falt%2Falt-nodejs10%2Froot%2Fusr%2Flib%2Fnode_modules%2Fnpm%2Fnode_modules%2Fis-retry-allowed HTTP/1.1" 200 830 "-" "Mozilla/5.0 AppleWebKit/537.36 (KHTML, like Gecko; compatible; GPTBot/1.2; +https://openai.com/gptbot)"
20.171.207.192 - - [18/Jul/2025:09:49:04 -0400] "GET /radio.php?path=%2Fopt%2Falt%2Falt-nodejs14%2Froot%2Fusr%2Flib%2Fnode_modules%2Fnpm%2Fnode_modules.bundled%2Ficonv-lite%2F.. HTTP/1.1" 200 4266 "-" "Mozilla/5.0 AppleWebKit/537.36 (KHTML, like Gecko; compatible; GPTBot/1.2; +https://openai.com/gptbot)"
20.171.207.192 - - [18/Jul/2025:09:48:45 -0400] "GET /radio.php?path=%2Fopt%2Falt%2Falt-nodejs11%2Froot%2Fusr%2Flib%2Fnode_modules%2Fnpm%2Fnode_modules.bundled%2Fwide-align%2Fnode_modules%2Fstring-width%2F.. HTTP/1.1" 200 756 "-" "Mozilla/5.0 AppleWebKit/537.36 (KHTML, like Gecko; compatible; GPTBot/1.2; +https://openai.com/gptbot)"
20.171.207.192 - - [18/Jul/2025:09:48:48 -0400] "GET /radio.php?path=%2Fopt%2Falt%2Falt-nodejs18%2Froot%2Fusr%2Flib%2Fnode_modules%2Fnpm%2Fnode_modules%2Fspdx-license-ids HTTP/1.1" 200 821 "-" "Mozilla/5.0 AppleWebKit/537.36 (KHTML, like Gecko; compatible; GPTBot/1.2; +https://openai.com/gptbot)"
20.171.207.192 - - [18/Jul/2025:09:48:53 -0400] "GET /radio.php?path=%2Fopt%2Falt%2Falt-nodejs10%2Froot%2Fusr%2Flib%2Fnode_modules%2Fnpm%2Fnode_modules%2Fconcat-map HTTP/1.1" 200 879 "-" "Mozilla/5.0 AppleWebKit/537.36 (KHTML, like Gecko; compatible; GPTBot/1.2; +https://openai.com/gptbot)"
20.171.207.192 - - [18/Jul/2025:09:48:56 -0400] "GET /radio.php?path=%2Fopt%2Falt%2Falt-nodejs10%2Froot%2Fusr%2Flib%2Fnode_modules%2Fnpm%2Fnode_modules%2Fwide-align HTTP/1.1" 200 848 "-" "Mozilla/5.0 AppleWebKit/537.36 (KHTML, like Gecko; compatible; GPTBot/1.2; +https://openai.com/gptbot)"
20.171.207.192 - - [18/Jul/2025:09:49:05 -0400] "GET /radio.php?path=%2Fopt%2Falt%2Falt-nodejs14%2Froot%2Fusr%2Flib%2Fnode_modules%2Fnpm%2Fnode_modules.bundled%2Ficonv-lite%2Flib HTTP/1.1" 200 853 "-" "Mozilla/5.0 AppleWebKit/537.36 (KHTML, like Gecko; compatible; GPTBot/1.2; +https://openai.com/gptbot)"
98.83.10.183 - - [18/Jul/2025:09:49:06 -0400] "GET /well-known/acme-challenge/a/d/h/ HTTP/1.1" 200 978 "-" "Mozilla/5.0 AppleWebKit/537.36 (KHTML, like Gecko; compatible; Amazonbot/0.1; +https://developer.amazon.com/support/amazonbot) Chrome/119.0.6045.214 Safari/537.36"
20.171.207.192 - - [18/Jul/2025:09:49:10 -0400] "GET /radio.php?path=%2Fopt%2Falt%2Falt-nodejs16%2Froot%2Fusr%2Flib%2Fnode_modules%2Fnpm%2Fnode_modules.bundled%2Fagent-base%2F.. HTTP/1.1" 200 2619 "-" "Mozilla/5.0 AppleWebKit/537.36 (KHTML, like Gecko; compatible; GPTBot/1.2; +https://openai.com/gptbot)"
20.171.207.192 - - [18/Jul/2025:09:49:12 -0400] "GET /radio.php?path=%2Fopt%2Falt%2Falt-nodejs19%2Froot%2Fusr%2Flib%2Fnode_modules%2Fnpm%2Fnode_modules.bundled%2Fagent-base%2F.. HTTP/1.1" 200 2810 "-" "Mozilla/5.0 AppleWebKit/537.36 (KHTML, like Gecko; compatible; GPTBot/1.2; +https://openai.com/gptbot)"
44.207.69.106 - - [18/Jul/2025:09:49:13 -0400] "GET /well-known/acme-challenge/i/c/g/i/ HTTP/1.1" 200 559 "-" "Mozilla/5.0 AppleWebKit/537.36 (KHTML, like Gecko; compatible; Amazonbot/0.1; +https://developer.amazon.com/support/amazonbot) Chrome/119.0.6045.214 Safari/537.36"
20.171.207.192 - - [18/Jul/2025:09:49:14 -0400] "GET /radio.php?path=%2Fopt%2Falt%2Falt-nodejs16%2Froot%2Fusr%2Flib%2Fnode_modules%2Fnpm%2Fnode_modules.bundled%2Fagent-base%2Fsrc HTTP/1.1" 200 812 "-" "Mozilla/5.0 AppleWebKit/537.36 (KHTML, like Gecko; compatible; GPTBot/1.2; +https://openai.com/gptbot)"
20.171.207.192 - - [18/Jul/2025:09:49:18 -0400] "GET /radio.php?path=%2Fopt%2Falt%2Falt-nodejs14%2Froot%2Fusr%2Flib%2Fnode_modules%2Fnpm%2Fnode_modules.bundled%2Ficonv-lite%2Flib%2F.. HTTP/1.1" 200 892 "-" "Mozilla/5.0 AppleWebKit/537.36 (KHTML, like Gecko; compatible; GPTBot/1.2; +https://openai.com/gptbot)"
34.203.111.15 - - [18/Jul/2025:09:49:18 -0400] "GET /well-known/acme-challenge/i/a/g/i/ HTTP/1.1" 200 559 "-" "Mozilla/5.0 AppleWebKit/537.36 (KHTML, like Gecko; compatible; Amazonbot/0.1; +https://developer.amazon.com/support/amazonbot) Chrome/119.0.6045.214 Safari/537.36"
20.171.207.192 - - [18/Jul/2025:09:49:21 -0400] "GET /radio.php?path=%2Fopt%2Falt%2Falt-nodejs10%2Froot%2Fusr%2Flib%2Fnode_modules%2Fnpm%2Fnode_modules%2Fcall-limit HTTP/1.1" 200 866 "-" "Mozilla/5.0 AppleWebKit/537.36 (KHTML, like Gecko; compatible; GPTBot/1.2; +https://openai.com/gptbot)"
20.171.207.192 - - [18/Jul/2025:09:49:06 -0400] "GET /radio.php?path=%2Fopt%2Falt%2Falt-nodejs10%2Froot%2Fusr%2Flib%2Fnode_modules%2Fnpm%2Fnode_modules.bundled%2Fconcat-map%2F.. HTTP/1.1" 200 4554 "-" "Mozilla/5.0 AppleWebKit/537.36 (KHTML, like Gecko; compatible; GPTBot/1.2; +https://openai.com/gptbot)"
20.171.207.192 - - [18/Jul/2025:09:49:07 -0400] "GET /radio.php?path=%2Fopt%2Falt%2Falt-nodejs10%2Froot%2Fusr%2Flib%2Fnode_modules%2Fnpm%2Fnode_modules.bundled%2Fwide-align%2F.. HTTP/1.1" 200 4596 "-" "Mozilla/5.0 AppleWebKit/537.36 (KHTML, like Gecko; compatible; GPTBot/1.2; +https://openai.com/gptbot)"
20.171.207.192 - - [18/Jul/2025:09:49:08 -0400] "GET /radio.php?path=%2Fopt%2Falt%2Falt-nodejs10%2Froot%2Fusr%2Flib%2Fnode_modules%2Fnpm%2Fnode_modules.bundled%2Ficonv-lite%2F.. HTTP/1.1" 200 4267 "-" "Mozilla/5.0 AppleWebKit/537.36 (KHTML, like Gecko; compatible; GPTBot/1.2; +https://openai.com/gptbot)"
3.224.215.150 - - [18/Jul/2025:09:49:10 -0400] "GET /well-known/acme-challenge/i/h/g/g/ HTTP/1.1" 200 558 "-" "Mozilla/5.0 AppleWebKit/537.36 (KHTML, like Gecko; compatible; Amazonbot/0.1; +https://developer.amazon.com/support/amazonbot) Chrome/119.0.6045.214 Safari/537.36"
20.171.207.192 - - [18/Jul/2025:09:49:11 -0400] "GET /radio.php?path=%2Fopt%2Falt%2Falt-nodejs10%2Froot%2Fusr%2Flib%2Fnode_modules%2Fnpm%2Fnode_modules.bundled%2Fwide-align%2Fnode_modules HTTP/1.1" 200 756 "-" "Mozilla/5.0 AppleWebKit/537.36 (KHTML, like Gecko; compatible; GPTBot/1.2; +https://openai.com/gptbot)"
20.171.207.192 - - [18/Jul/2025:09:49:13 -0400] "GET /radio.php?path=%2Fopt%2Falt%2Falt-nodejs10%2Froot%2Fusr%2Flib%2Fnode_modules%2Fnpm%2Fnode_modules.bundled%2Ficonv-lite%2Flib HTTP/1.1" 200 853 "-" "Mozilla/5.0 AppleWebKit/537.36 (KHTML, like Gecko; compatible; GPTBot/1.2; +https://openai.com/gptbot)"
20.171.207.192 - - [18/Jul/2025:09:49:15 -0400] "GET /radio.php?path=%2Fopt%2Falt%2Falt-nodejs14%2Froot%2Fusr%2Flib%2Fnode_modules%2Fnpm%2Fnode_modules%2Fis-retry-allowed HTTP/1.1" 200 830 "-" "Mozilla/5.0 AppleWebKit/537.36 (KHTML, like Gecko; compatible; GPTBot/1.2; +https://openai.com/gptbot)"
20.171.207.192 - - [18/Jul/2025:09:49:17 -0400] "GET /radio.php?edit=extend-node.js&path=%2Fopt%2Falt%2Falt-nodejs14%2Froot%2Fusr%2Flib%2Fnode_modules%2Fnpm%2Fnode_modules.bundled%2Ficonv-lite%2Flib HTTP/1.1" 200 2756 "-" "Mozilla/5.0 AppleWebKit/537.36 (KHTML, like Gecko; compatible; GPTBot/1.2; +https://openai.com/gptbot)"
20.171.207.192 - - [18/Jul/2025:09:49:19 -0400] "GET /radio.php?path=%2Fopt%2Falt%2Falt-nodejs19%2Froot%2Fusr%2Flib%2Fnode_modules%2Fnpm%2Fnode_modules%2Fansi-regex HTTP/1.1" 200 814 "-" "Mozilla/5.0 AppleWebKit/537.36 (KHTML, like Gecko; compatible; GPTBot/1.2; +https://openai.com/gptbot)"
20.171.207.192 - - [18/Jul/2025:09:49:20 -0400] "GET /radio.php?path=%2Fopt%2Falt%2Falt-nodejs6%2Froot%2Fusr%2Flib%2Fnode_modules%2Fnpm%2Fnode_modules%2Fread-package-tree HTTP/1.1" 200 840 "-" "Mozilla/5.0 AppleWebKit/537.36 (KHTML, like Gecko; compatible; GPTBot/1.2; +https://openai.com/gptbot)"
34.227.234.246 - - [18/Jul/2025:09:49:22 -0400] "GET /well-known/acme-challenge/a/c/e/i/ HTTP/1.1" 200 557 "-" "Mozilla/5.0 AppleWebKit/537.36 (KHTML, like Gecko; compatible; Amazonbot/0.1; +https://developer.amazon.com/support/amazonbot) Chrome/119.0.6045.214 Safari/537.36"
20.171.207.192 - - [18/Jul/2025:09:49:28 -0400] "GET /radio.php?path=%2Fopt%2Falt%2Falt-nodejs19%2Froot%2Fusr%2Flib%2Fnode_modules%2Fnpm%2Fnode_modules%2Fconcat-map HTTP/1.1" 200 832 "-" "Mozilla/5.0 AppleWebKit/537.36 (KHTML, like Gecko; compatible; GPTBot/1.2; +https://openai.com/gptbot)"
2a03:2880:f800:18:: - - [18/Jul/2025:09:49:28 -0400] "GET /500176234 HTTP/1.1" 404 1251 "-" "meta-externalagent/1.1 (+https://developers.facebook.com/docs/sharing/webmasters/crawler)"
20.171.207.192 - - [18/Jul/2025:09:49:29 -0400] "GET /radio.php?path=%2Fopt%2Falt%2Falt-nodejs11%2Froot%2Fusr%2Flib%2Fnode_modules%2Fnpm%2Fnode_modules%2Fhttp-proxy-agent HTTP/1.1" 200 858 "-" "Mozilla/5.0 AppleWebKit/537.36 (KHTML, like Gecko; compatible; GPTBot/1.2; +https://openai.com/gptbot)"
20.171.207.192 - - [18/Jul/2025:09:49:22 -0400] "GET /radio.php?path=%2Fopt%2Falt%2Falt-nodejs10%2Froot%2Fusr%2Flib%2Fnode_modules%2Fnpm%2Fnode_modules.bundled%2Fwide-align%2Fnode_modules%2F.. HTTP/1.1" 200 848 "-" "Mozilla/5.0 AppleWebKit/537.36 (KHTML, like Gecko; compatible; GPTBot/1.2; +https://openai.com/gptbot)"
20.171.207.192 - - [18/Jul/2025:09:49:23 -0400] "GET /radio.php?path=%2Fopt%2Falt%2Falt-nodejs10%2Froot%2Fusr%2Flib%2Fnode_modules%2Fnpm%2Fnode_modules.bundled%2Fwide-align%2Fnode_modules%2Fstring-width HTTP/1.1" 200 861 "-" "Mozilla/5.0 AppleWebKit/537.36 (KHTML, like Gecko; compatible; GPTBot/1.2; +https://openai.com/gptbot)"
20.171.207.192 - - [18/Jul/2025:09:49:25 -0400] "GET /radio.php?edit=extend-node.js&path=%2Fopt%2Falt%2Falt-nodejs10%2Froot%2Fusr%2Flib%2Fnode_modules%2Fnpm%2Fnode_modules.bundled%2Ficonv-lite%2Flib HTTP/1.1" 200 2756 "-" "Mozilla/5.0 AppleWebKit/537.36 (KHTML, like Gecko; compatible; GPTBot/1.2; +https://openai.com/gptbot)"
20.171.207.192 - - [18/Jul/2025:09:49:26 -0400] "GET /radio.php?path=%2Fopt%2Falt%2Falt-nodejs16%2Froot%2Fusr%2Flib%2Fnode_modules%2Fnpm%2Fnode_modules.bundled%2Fagent-base%2Fsrc%2F.. HTTP/1.1" 200 805 "-" "Mozilla/5.0 AppleWebKit/537.36 (KHTML, like Gecko; compatible; GPTBot/1.2; +https://openai.com/gptbot)"
3.211.181.86 - - [18/Jul/2025:09:49:26 -0400] "GET /well-known/acme-challenge/i/c/a/e/ HTTP/1.1" 200 557 "-" "Mozilla/5.0 AppleWebKit/537.36 (KHTML, like Gecko; compatible; Amazonbot/0.1; +https://developer.amazon.com/support/amazonbot) Chrome/119.0.6045.214 Safari/537.36"
20.171.207.192 - - [18/Jul/2025:09:49:27 -0400] "GET /radio.php?path=%2Fopt%2Falt%2Falt-nodejs10%2Froot%2Fusr%2Flib%2Fnode_modules%2Fnpm%2Fnode_modules.bundled%2Ficonv-lite%2Flib%2F.. HTTP/1.1" 200 892 "-" "Mozilla/5.0 AppleWebKit/537.36 (KHTML, like Gecko; compatible; GPTBot/1.2; +https://openai.com/gptbot)"
20.171.207.192 - - [18/Jul/2025:09:49:34 -0400] "GET /radio.php?path=%2Fopt%2Falt%2Falt-nodejs10%2Froot%2Fusr%2Flib%2Fnode_modules%2Fnpm%2Fnode_modules.bundled%2Fcall-limit%2F.. HTTP/1.1" 200 4596 "-" "Mozilla/5.0 AppleWebKit/537.36 (KHTML, like Gecko; compatible; GPTBot/1.2; +https://openai.com/gptbot)"
20.171.207.192 - - [18/Jul/2025:09:49:35 -0400] "GET /radio.php?path=%2Fopt%2Falt%2Falt-nodejs10%2Froot%2Fusr%2Flib%2Fnode_modules%2Fnpm%2Fnode_modules.bundled%2Fwide-align%2Fnode_modules%2Fstring-width%2F.. HTTP/1.1" 200 756 "-" "Mozilla/5.0 AppleWebKit/537.36 (KHTML, like Gecko; compatible; GPTBot/1.2; +https://openai.com/gptbot)"
2001:41d0:303:86a1::1 - - [18/Jul/2025:09:49:37 -0400] "GET /?MD HTTP/1.1" 200 1549 "-" "Mozilla/5.0 (compatible; MJ12bot/v1.4.8; http://mj12bot.com/)"
98.83.177.42 - - [18/Jul/2025:09:49:37 -0400] "GET /well-known/acme-challenge/i/j/c/c/ HTTP/1.1" 200 558 "-" "Mozilla/5.0 AppleWebKit/537.36 (KHTML, like Gecko; compatible; Amazonbot/0.1; +https://developer.amazon.com/support/amazonbot) Chrome/119.0.6045.214 Safari/537.36"
216.73.216.60 - - [18/Jul/2025:09:49:37 -0400] "GET /radio.php?path=%2Fhome%2Fairtpgpx%2Ftmp%2Fawstats HTTP/1.1" 200 4940 "-" "Mozilla/5.0 AppleWebKit/537.36 (KHTML, like Gecko; compatible; ClaudeBot/1.0; +claudebot@anthropic.com)"
216.73.216.60 - - [18/Jul/2025:09:49:37 -0400] "GET /radio.php?edit=airtrafficsolutions.com-ssl_log&path=%2Fusr%2Flocal%2Fapache%2Fdomlogs%2Fairtpgpx HTTP/1.1" 200 995 "-" "Mozilla/5.0 AppleWebKit/537.36 (KHTML, like Gecko; compatible; ClaudeBot/1.0; +claudebot@anthropic.com)"
20.171.207.192 - - [18/Jul/2025:09:49:40 -0400] "GET /radio.php?path=%2Fopt%2Falt%2Falt-nodejs19%2Froot%2Fusr%2Flib%2Fnode_modules%2Fnpm%2Fnode_modules.bundled%2Fconcat-map%2F.. HTTP/1.1" 200 2810 "-" "Mozilla/5.0 AppleWebKit/537.36 (KHTML, like Gecko; compatible; GPTBot/1.2; +https://openai.com/gptbot)"
2001:41d0:303:86a1::1 - - [18/Jul/2025:09:49:40 -0400] "GET /?NA HTTP/1.1" 200 1543 "-" "Mozilla/5.0 (compatible; MJ12bot/v1.4.8; http://mj12bot.com/)"
52.200.93.170 - - [18/Jul/2025:09:49:29 -0400] "GET /well-known/acme-challenge/i/h/b/g/ HTTP/1.1" 200 558 "-" "Mozilla/5.0 AppleWebKit/537.36 (KHTML, like Gecko; compatible; Amazonbot/0.1; +https://developer.amazon.com/support/amazonbot) Chrome/119.0.6045.214 Safari/537.36"
20.171.207.192 - - [18/Jul/2025:09:49:30 -0400] "GET /radio.php?path=%2Fopt%2Falt%2Falt-nodejs19%2Froot%2Fusr%2Flib%2Fnode_modules%2Fnpm%2Fnode_modules.bundled%2Fansi-regex%2F.. HTTP/1.1" 200 2680 "-" "Mozilla/5.0 AppleWebKit/537.36 (KHTML, like Gecko; compatible; GPTBot/1.2; +https://openai.com/gptbot)"
20.171.207.192 - - [18/Jul/2025:09:49:32 -0400] "GET /radio.php?edit=PermissionGrantingStrategyInterface.php&path=%2Fopt%2Falt%2Fphp55%2Fusr%2Fshare%2Fpear%2FSymfony%2FComponent%2FSecurity%2FAcl%2FModel HTTP/1.1" 200 1548 "-" "Mozilla/5.0 AppleWebKit/537.36 (KHTML, like Gecko; compatible; GPTBot/1.2; +https://openai.com/gptbot)"
20.171.207.192 - - [18/Jul/2025:09:49:33 -0400] "GET /radio.php?edit=ObjectIdentityRetrievalStrategyInterface.php&path=%2Fopt%2Falt%2Fphp55%2Fusr%2Fshare%2Fpear%2FSymfony%2FComponent%2FSecurity%2FAcl%2FModel HTTP/1.1" 200 1429 "-" "Mozilla/5.0 AppleWebKit/537.36 (KHTML, like Gecko; compatible; GPTBot/1.2; +https://openai.com/gptbot)"
54.147.80.137 - - [18/Jul/2025:09:49:33 -0400] "GET /well-known/acme-challenge/i/i/b/c/ HTTP/1.1" 200 558 "-" "Mozilla/5.0 AppleWebKit/537.36 (KHTML, like Gecko; compatible; Amazonbot/0.1; +https://developer.amazon.com/support/amazonbot) Chrome/119.0.6045.214 Safari/537.36"
2001:41d0:303:86a1::1 - - [18/Jul/2025:09:49:34 -0400] "GET /robots.txt HTTP/1.1" 304 0 "-" "Mozilla/5.0 (compatible; MJ12bot/v1.4.8; http://mj12bot.com/)"
20.171.207.192 - - [18/Jul/2025:09:49:36 -0400] "GET /radio.php?edit=LICENSE-AV%2B&path=%2Fopt%2Fimunify360%2Fvenv%2Fshare%2Flicenses%2Fimunify-antivirus HTTP/1.1" 200 6844 "-" "Mozilla/5.0 AppleWebKit/537.36 (KHTML, like Gecko; compatible; GPTBot/1.2; +https://openai.com/gptbot)"
216.73.216.60 - - [18/Jul/2025:09:49:37 -0400] "GET /radio.php?edit=htaccess_cache&path=%2Fhome%2Fairtpgpx%2F.cl.selector HTTP/1.1" 200 943 "-" "Mozilla/5.0 AppleWebKit/537.36 (KHTML, like Gecko; compatible; ClaudeBot/1.0; +claudebot@anthropic.com)"
20.171.207.192 - - [18/Jul/2025:09:49:37 -0400] "GET /radio.php?path=%2Fopt%2Falt%2Falt-nodejs20%2Froot%2Fusr%2Flib%2Fnode_modules%2Fnpm%2Fnode_modules.bundled%2Ftar%2Fnode_modules%2Ffs-minipass HTTP/1.1" 200 850 "-" "Mozilla/5.0 AppleWebKit/537.36 (KHTML, like Gecko; compatible; GPTBot/1.2; +https://openai.com/gptbot)"
216.73.216.60 - - [18/Jul/2025:09:49:38 -0400] "GET /radio.php?path=%2Fhome%2Fairtpgpx%2Fetc%2Fwebdav HTTP/1.1" 403 1242 "-" "Mozilla/5.0 AppleWebKit/537.36 (KHTML, like Gecko; compatible; ClaudeBot/1.0; +claudebot@anthropic.com)"
20.171.207.192 - - [18/Jul/2025:09:49:38 -0400] "GET /radio.php?path=%2Fopt%2Falt%2Falt-nodejs22%2Froot%2Fusr%2Flib%2Fnode_modules%2Fnpm%2Fnode_modules.bundled%2Fnode-gyp%2Fnode_modules%2Fmkdirp HTTP/1.1" 200 871 "-" "Mozilla/5.0 AppleWebKit/537.36 (KHTML, like Gecko; compatible; GPTBot/1.2; +https://openai.com/gptbot)"
2001:41d0:303:86a1::1 - - [18/Jul/2025:09:49:41 -0400] "GET /?SD HTTP/1.1" 200 1535 "-" "Mozilla/5.0 (compatible; MJ12bot/v1.4.8; http://mj12bot.com/)"
20.171.207.192 - - [18/Jul/2025:09:49:42 -0400] "GET /radio.php?path=%2Fopt%2Falt%2Falt-nodejs24%2Froot%2Fusr%2Flib%2Fnode_modules%2Fnpm%2Fnode_modules.bundled%2Ftar%2Fnode_modules%2Ffs-minipass HTTP/1.1" 200 850 "-" "Mozilla/5.0 AppleWebKit/537.36 (KHTML, like Gecko; compatible; GPTBot/1.2; +https://openai.com/gptbot)"
20.171.207.192 - - [18/Jul/2025:09:49:44 -0400] "GET /radio.php?edit=pycore_accu.h&path=%2Fopt%2Falt%2Fpython38%2Finclude%2Fpython3.8%2Finternal HTTP/1.1" 200 1615 "-" "Mozilla/5.0 AppleWebKit/537.36 (KHTML, like Gecko; compatible; GPTBot/1.2; +https://openai.com/gptbot)"
2001:41d0:303:86a1::1 - - [18/Jul/2025:09:49:45 -0400] "GET /configVFD/?MA HTTP/1.1" 200 637 "-" "Mozilla/5.0 (compatible; MJ12bot/v1.4.8; http://mj12bot.com/)"
20.171.207.192 - - [18/Jul/2025:09:49:41 -0400] "GET /radio.php?path=%2Fopt%2Falt%2Falt-nodejs8%2Froot%2Fusr%2Flib%2Fnode_modules%2Fnpm%2Fnode_modules.bundled%2Fcliui%2Fnode_modules%2Fstrip-ansi HTTP/1.1" 200 854 "-" "Mozilla/5.0 AppleWebKit/537.36 (KHTML, like Gecko; compatible; GPTBot/1.2; +https://openai.com/gptbot)"
52.4.238.8 - - [18/Jul/2025:09:49:41 -0400] "GET /well-known/acme-challenge/a/j/e/a/ HTTP/1.1" 200 558 "-" "Mozilla/5.0 AppleWebKit/537.36 (KHTML, like Gecko; compatible; Amazonbot/0.1; +https://developer.amazon.com/support/amazonbot) Chrome/119.0.6045.214 Safari/537.36"
20.171.207.192 - - [18/Jul/2025:09:49:43 -0400] "GET /radio.php?edit=pycore_long.h&path=%2Fopt%2Falt%2Fpython38%2Finclude%2Fpython3.8%2Finternal HTTP/1.1" 200 1827 "-" "Mozilla/5.0 AppleWebKit/537.36 (KHTML, like Gecko; compatible; GPTBot/1.2; +https://openai.com/gptbot)"
20.171.207.192 - - [18/Jul/2025:09:49:48 -0400] "GET /radio.php?edit=pycore_hamt.h&path=%2Fopt%2Falt%2Fpython38%2Finclude%2Fpython3.8%2Finternal HTTP/1.1" 200 2535 "-" "Mozilla/5.0 AppleWebKit/537.36 (KHTML, like Gecko; compatible; GPTBot/1.2; +https://openai.com/gptbot)"
2001:41d0:303:86a1::1 - - [18/Jul/2025:09:49:48 -0400] "GET /configVFD/?MD HTTP/1.1" 200 635 "-" "Mozilla/5.0 (compatible; MJ12bot/v1.4.8; http://mj12bot.com/)"
20.171.207.192 - - [18/Jul/2025:09:49:49 -0400] "GET /radio.php?path=%2Fopt%2Falt%2Falt-nodejs20%2Froot%2Fusr%2Flib%2Fnode_modules%2Fnpm%2Fnode_modules.bundled%2Ftar%2Fnode_modules%2Ffs-minipass%2F.. HTTP/1.1" 200 755 "-" "Mozilla/5.0 AppleWebKit/537.36 (KHTML, like Gecko; compatible; GPTBot/1.2; +https://openai.com/gptbot)"
20.171.207.192 - - [18/Jul/2025:09:49:52 -0400] "GET /radio.php?path=%2Fopt%2Falt%2Falt-nodejs8%2Froot%2Fusr%2Flib%2Fnode_modules%2Fnpm%2Fnode_modules.bundled%2Fcliui%2Fnode_modules%2Fstrip-ansi%2F.. HTTP/1.1" 200 762 "-" "Mozilla/5.0 AppleWebKit/537.36 (KHTML, like Gecko; compatible; GPTBot/1.2; +https://openai.com/gptbot)"
54.225.81.20 - - [18/Jul/2025:09:49:53 -0400] "GET /well-known/acme-challenge/i/a/b/a/ HTTP/1.1" 200 558 "-" "Mozilla/5.0 AppleWebKit/537.36 (KHTML, like Gecko; compatible; Amazonbot/0.1; +https://developer.amazon.com/support/amazonbot) Chrome/119.0.6045.214 Safari/537.36"
2001:41d0:303:86a1::1 - - [18/Jul/2025:09:49:54 -0400] "GET /configVFD/?ND HTTP/1.1" 200 632 "-" "Mozilla/5.0 (compatible; MJ12bot/v1.4.8; http://mj12bot.com/)"
20.171.207.192 - - [18/Jul/2025:09:49:55 -0400] "GET /radio.php?path=%2Fopt%2Falt%2Falt-nodejs24%2Froot%2Fusr%2Flib%2Fnode_modules%2Fnpm%2Fnode_modules.bundled%2Ftar%2Fnode_modules%2Ffs-minipass%2Fnode_modules HTTP/1.1" 200 770 "-" "Mozilla/5.0 AppleWebKit/537.36 (KHTML, like Gecko; compatible; GPTBot/1.2; +https://openai.com/gptbot)"
20.171.207.192 - - [18/Jul/2025:09:49:57 -0400] "GET /radio.php?edit=object.h&path=%2Fopt%2Falt%2Fpython38%2Finclude%2Fpython3.8%2Fcpython HTTP/1.1" 200 6315 "-" "Mozilla/5.0 AppleWebKit/537.36 (KHTML, like Gecko; compatible; GPTBot/1.2; +https://openai.com/gptbot)"
20.171.207.192 - - [18/Jul/2025:09:49:58 -0400] "GET /radio.php?edit=pycore_long.h&path=%2Fopt%2Falt%2Fpython39%2Finclude%2Fpython3.9%2Finternal HTTP/1.1" 200 2001 "-" "Mozilla/5.0 AppleWebKit/537.36 (KHTML, like Gecko; compatible; GPTBot/1.2; +https://openai.com/gptbot)"
20.171.207.192 - - [18/Jul/2025:09:50:01 -0400] "GET /radio.php?edit=pycore_pymem.h&path=%2Fopt%2Falt%2Fpython39%2Finclude%2Fpython3.9%2Finternal HTTP/1.1" 200 2618 "-" "Mozilla/5.0 AppleWebKit/537.36 (KHTML, like Gecko; compatible; GPTBot/1.2; +https://openai.com/gptbot)"
2001:41d0:303:86a1::1 - - [18/Jul/2025:09:50:01 -0400] "GET /configVFD/Jump/ HTTP/1.1" 200 549 "-" "Mozilla/5.0 (compatible; MJ12bot/v1.4.8; http://mj12bot.com/)"
184.72.84.154 - - [18/Jul/2025:09:50:01 -0400] "GET /well-known/acme-challenge/i/f/a/c/ HTTP/1.1" 200 559 "-" "Mozilla/5.0 AppleWebKit/537.36 (KHTML, like Gecko; compatible; Amazonbot/0.1; +https://developer.amazon.com/support/amazonbot) Chrome/119.0.6045.214 Safari/537.36"
20.171.207.192 - - [18/Jul/2025:09:49:45 -0400] "GET /radio.php?edit=pycore_hamt.h&path=%2Fopt%2Falt%2Fpython39%2Finclude%2Fpython3.9%2Finternal HTTP/1.1" 200 2696 "-" "Mozilla/5.0 AppleWebKit/537.36 (KHTML, like Gecko; compatible; GPTBot/1.2; +https://openai.com/gptbot)"
44.221.180.179 - - [18/Jul/2025:09:49:45 -0400] "GET /well-known/acme-challenge/i/i/i/d/ HTTP/1.1" 200 555 "-" "Mozilla/5.0 AppleWebKit/537.36 (KHTML, like Gecko; compatible; Amazonbot/0.1; +https://developer.amazon.com/support/amazonbot) Chrome/119.0.6045.214 Safari/537.36"
20.171.207.192 - - [18/Jul/2025:09:49:47 -0400] "GET /radio.php?edit=pycore_dtoa.h&path=%2Fopt%2Falt%2Fpython39%2Finclude%2Fpython3.9%2Finternal HTTP/1.1" 200 1586 "-" "Mozilla/5.0 AppleWebKit/537.36 (KHTML, like Gecko; compatible; GPTBot/1.2; +https://openai.com/gptbot)"
44.208.223.68 - - [18/Jul/2025:09:49:49 -0400] "GET /well-known/acme-challenge/i/a/a/b/ HTTP/1.1" 200 558 "-" "Mozilla/5.0 AppleWebKit/537.36 (KHTML, like Gecko; compatible; Amazonbot/0.1; +https://developer.amazon.com/support/amazonbot) Chrome/119.0.6045.214 Safari/537.36"
20.171.207.192 - - [18/Jul/2025:09:49:50 -0400] "GET /radio.php?path=%2Fopt%2Falt%2Falt-nodejs22%2Froot%2Fusr%2Flib%2Fnode_modules%2Fnpm%2Fnode_modules.bundled%2Fnode-gyp%2Fnode_modules%2Fmkdirp%2F.. HTTP/1.1" 200 795 "-" "Mozilla/5.0 AppleWebKit/537.36 (KHTML, like Gecko; compatible; GPTBot/1.2; +https://openai.com/gptbot)"
2001:41d0:303:86a1::1 - - [18/Jul/2025:09:49:51 -0400] "GET /configVFD/?NA HTTP/1.1" 200 633 "-" "Mozilla/5.0 (compatible; MJ12bot/v1.4.8; http://mj12bot.com/)"
20.171.207.192 - - [18/Jul/2025:09:49:51 -0400] "GET /radio.php?path=%2Fopt%2Falt%2Falt-nodejs20%2Froot%2Fusr%2Flib%2Fnode_modules%2Fnpm%2Fnode_modules.bundled%2Ftar%2Fnode_modules%2Ffs-minipass%2Fnode_modules HTTP/1.1" 200 770 "-" "Mozilla/5.0 AppleWebKit/537.36 (KHTML, like Gecko; compatible; GPTBot/1.2; +https://openai.com/gptbot)"
20.171.207.192 - - [18/Jul/2025:09:49:54 -0400] "GET /radio.php?path=%2Fopt%2Falt%2Falt-nodejs24%2Froot%2Fusr%2Flib%2Fnode_modules%2Fnpm%2Fnode_modules.bundled%2Ftar%2Fnode_modules%2Ffs-minipass%2F.. HTTP/1.1" 200 755 "-" "Mozilla/5.0 AppleWebKit/537.36 (KHTML, like Gecko; compatible; GPTBot/1.2; +https://openai.com/gptbot)"
20.171.207.192 - - [18/Jul/2025:09:49:56 -0400] "GET /radio.php?edit=pycore_code.h&path=%2Fopt%2Falt%2Fpython39%2Finclude%2Fpython3.9%2Finternal HTTP/1.1" 200 1546 "-" "Mozilla/5.0 AppleWebKit/537.36 (KHTML, like Gecko; compatible; GPTBot/1.2; +https://openai.com/gptbot)"
2001:41d0:303:86a1::1 - - [18/Jul/2025:09:49:57 -0400] "GET /configVFD/?SA HTTP/1.1" 200 637 "-" "Mozilla/5.0 (compatible; MJ12bot/v1.4.8; http://mj12bot.com/)"
52.2.4.213 - - [18/Jul/2025:09:49:57 -0400] "GET /well-known/acme-challenge/i/g/b/f/ HTTP/1.1" 200 558 "-" "Mozilla/5.0 AppleWebKit/537.36 (KHTML, like Gecko; compatible; Amazonbot/0.1; +https://developer.amazon.com/support/amazonbot) Chrome/119.0.6045.214 Safari/537.36"
2001:41d0:303:86a1::1 - - [18/Jul/2025:09:49:59 -0400] "GET /configVFD/?SD HTTP/1.1" 200 636 "-" "Mozilla/5.0 (compatible; MJ12bot/v1.4.8; http://mj12bot.com/)"
20.171.207.192 - - [18/Jul/2025:09:49:59 -0400] "GET /radio.php?edit=pycore_ceval.h&path=%2Fopt%2Falt%2Fpython39%2Finclude%2Fpython3.9%2Finternal HTTP/1.1" 200 2351 "-" "Mozilla/5.0 AppleWebKit/537.36 (KHTML, like Gecko; compatible; GPTBot/1.2; +https://openai.com/gptbot)"
20.171.207.192 - - [18/Jul/2025:09:50:02 -0400] "GET /radio.php?edit=pycore_code.h&path=%2Fopt%2Falt%2Fpython38%2Finclude%2Fpython3.8%2Finternal HTTP/1.1" 200 1375 "-" "Mozilla/5.0 AppleWebKit/537.36 (KHTML, like Gecko; compatible; GPTBot/1.2; +https://openai.com/gptbot)"
2001:41d0:303:86a1::1 - - [18/Jul/2025:09:50:03 -0400] "GET /configVFD/Jump/?MA HTTP/1.1" 200 553 "-" "Mozilla/5.0 (compatible; MJ12bot/v1.4.8; http://mj12bot.com/)"
20.171.207.192 - - [18/Jul/2025:09:50:03 -0400] "GET /radio.php?path=%2Fopt%2Falt%2Falt-nodejs20%2Froot%2Fusr%2Flib%2Fnode_modules%2Fnpm%2Fnode_modules.bundled%2Ftar%2Fnode_modules%2Ffs-minipass%2Fnode_modules%2F.. HTTP/1.1" 200 850 "-" "Mozilla/5.0 AppleWebKit/537.36 (KHTML, like Gecko; compatible; GPTBot/1.2; +https://openai.com/gptbot)"
20.171.207.192 - - [18/Jul/2025:09:50:04 -0400] "GET /radio.php?path=%2Fopt%2Falt%2Falt-nodejs20%2Froot%2Fusr%2Flib%2Fnode_modules%2Fnpm%2Fnode_modules.bundled%2Ftar%2Fnode_modules%2Ffs-minipass%2Fnode_modules%2Fminipass HTTP/1.1" 200 862 "-" "Mozilla/5.0 AppleWebKit/537.36 (KHTML, like Gecko; compatible; GPTBot/1.2; +https://openai.com/gptbot)"
2001:41d0:303:86a1::1 - - [18/Jul/2025:09:50:05 -0400] "GET /configVFD/Jump/?ND HTTP/1.1" 200 550 "-" "Mozilla/5.0 (compatible; MJ12bot/v1.4.8; http://mj12bot.com/)"
20.171.207.192 - - [18/Jul/2025:09:50:11 -0400] "GET /radio.php?edit=pycore_pymem.h&path=%2Fopt%2Falt%2Fpython38%2Finclude%2Fpython3.8%2Finternal HTTP/1.1" 200 4323 "-" "Mozilla/5.0 AppleWebKit/537.36 (KHTML, like Gecko; compatible; GPTBot/1.2; +https://openai.com/gptbot)"
2001:41d0:303:86a1::1 - - [18/Jul/2025:09:50:12 -0400] "GET /configVFD/JumpF0x/?MA HTTP/1.1" 200 557 "-" "Mozilla/5.0 (compatible; MJ12bot/v1.4.8; http://mj12bot.com/)"
20.171.207.192 - - [18/Jul/2025:09:50:12 -0400] "GET /radio.php?edit=pycore_ceval.h&path=%2Fopt%2Falt%2Fpython38%2Finclude%2Fpython3.8%2Finternal HTTP/1.1" 200 1456 "-" "Mozilla/5.0 AppleWebKit/537.36 (KHTML, like Gecko; compatible; GPTBot/1.2; +https://openai.com/gptbot)"
52.22.64.232 - - [18/Jul/2025:09:50:13 -0400] "GET /well-known/acme-challenge/i/i/b/b/ HTTP/1.1" 200 559 "-" "Mozilla/5.0 AppleWebKit/537.36 (KHTML, like Gecko; compatible; Amazonbot/0.1; +https://developer.amazon.com/support/amazonbot) Chrome/119.0.6045.214 Safari/537.36"
20.171.207.192 - - [18/Jul/2025:09:50:13 -0400] "GET /radio.php?edit=index.js&path=%2Fopt%2Falt%2Falt-nodejs9%2Froot%2Fusr%2Flib%2Fnode_modules%2Fnpm%2Fnode_modules.bundled%2Fnpmlog%2Fnode_modules%2Fare-we-there-yet HTTP/1.1" 200 1088 "-" "Mozilla/5.0 AppleWebKit/537.36 (KHTML, like Gecko; compatible; GPTBot/1.2; +https://openai.com/gptbot)"
2001:41d0:303:86a1::1 - - [18/Jul/2025:09:50:14 -0400] "GET /configVFD/JumpF0x/?ND HTTP/1.1" 200 554 "-" "Mozilla/5.0 (compatible; MJ12bot/v1.4.8; http://mj12bot.com/)"
20.171.207.192 - - [18/Jul/2025:09:50:14 -0400] "GET /radio.php?edit=index.js&path=%2Fopt%2Falt%2Falt-nodejs6%2Froot%2Fusr%2Flib%2Fnode_modules%2Fnpm%2Fnode_modules.bundled%2Fnpmlog%2Fnode_modules%2Fare-we-there-yet HTTP/1.1" 200 1107 "-" "Mozilla/5.0 AppleWebKit/537.36 (KHTML, like Gecko; compatible; GPTBot/1.2; +https://openai.com/gptbot)"
20.171.207.192 - - [18/Jul/2025:09:50:17 -0400] "GET /radio.php?edit=readme.md&path=%2Fopt%2Falt%2Falt-nodejs9%2Froot%2Fusr%2Flib%2Fnode_modules%2Fnpm%2Fnode_modules.bundled%2Fpacote%2Fnode_modules%2Fmake-fetch-happen%2Fnode_modules%2Fhttps-proxy-agent%2Fnode_modules%2Fdebug%2Fnode_modules%2Fms HTTP/1.1" 200 1833 "-" "Mozilla/5.0 AppleWebKit/537.36 (KHTML, like Gecko; compatible; GPTBot/1.2; +https://openai.com/gptbot)"
3.231.193.38 - - [18/Jul/2025:09:50:17 -0400] "GET /well-known/acme-challenge/i/f/c/b/ HTTP/1.1" 200 559 "-" "Mozilla/5.0 AppleWebKit/537.36 (KHTML, like Gecko; compatible; Amazonbot/0.1; +https://developer.amazon.com/support/amazonbot) Chrome/119.0.6045.214 Safari/537.36"
20.171.207.192 - - [18/Jul/2025:09:50:18 -0400] "GET /radio.php?path=%2Fopt%2Falt%2Falt-nodejs18%2Froot%2Fusr%2Flib%2Fnode_modules%2Fnpm%2Fnode_modules.bundled%2Fpromise-call-limit%2Fdist%2Fesm HTTP/1.1" 200 830 "-" "Mozilla/5.0 AppleWebKit/537.36 (KHTML, like Gecko; compatible; GPTBot/1.2; +https://openai.com/gptbot)"
66.249.65.98 - - [18/Jul/2025:09:50:18 -0400] "GET /product/N62?z=search&l=47468 HTTP/1.1" 404 1251 "-" "Mozilla/5.0 (compatible; Googlebot/2.1; +http://www.google.com/bot.html)"
20.171.207.192 - - [18/Jul/2025:09:50:05 -0400] "GET /radio.php?edit=pycore_accu.h&path=%2Fopt%2Falt%2Fpython39%2Finclude%2Fpython3.9%2Finternal HTTP/1.1" 200 1783 "-" "Mozilla/5.0 AppleWebKit/537.36 (KHTML, like Gecko; compatible; GPTBot/1.2; +https://openai.com/gptbot)"
52.205.222.214 - - [18/Jul/2025:09:50:05 -0400] "GET /well-known/acme-challenge/i/a/i/f/ HTTP/1.1" 200 559 "-" "Mozilla/5.0 AppleWebKit/537.36 (KHTML, like Gecko; compatible; Amazonbot/0.1; +https://developer.amazon.com/support/amazonbot) Chrome/119.0.6045.214 Safari/537.36"
20.171.207.192 - - [18/Jul/2025:09:50:06 -0400] "GET /radio.php?path=%2Fopt%2Falt%2Falt-nodejs24%2Froot%2Fusr%2Flib%2Fnode_modules%2Fnpm%2Fnode_modules.bundled%2Ftar%2Fnode_modules%2Ffs-minipass%2Fnode_modules%2F.. HTTP/1.1" 200 850 "-" "Mozilla/5.0 AppleWebKit/537.36 (KHTML, like Gecko; compatible; GPTBot/1.2; +https://openai.com/gptbot)"
2001:41d0:303:86a1::1 - - [18/Jul/2025:09:50:07 -0400] "GET /configVFD/Jump/?SA HTTP/1.1" 200 559 "-" "Mozilla/5.0 (compatible; MJ12bot/v1.4.8; http://mj12bot.com/)"
20.171.207.192 - - [18/Jul/2025:09:50:07 -0400] "GET /radio.php?path=%2Fopt%2Falt%2Falt-nodejs24%2Froot%2Fusr%2Flib%2Fnode_modules%2Fnpm%2Fnode_modules.bundled%2Ftar%2Fnode_modules%2Ffs-minipass%2Fnode_modules%2Fminipass HTTP/1.1" 200 862 "-" "Mozilla/5.0 AppleWebKit/537.36 (KHTML, like Gecko; compatible; GPTBot/1.2; +https://openai.com/gptbot)"
20.171.207.192 - - [18/Jul/2025:09:50:09 -0400] "GET /radio.php?edit=pycore_call.h&path=%2Fopt%2Falt%2Fpython39%2Finclude%2Fpython3.9%2Finternal HTTP/1.1" 200 1586 "-" "Mozilla/5.0 AppleWebKit/537.36 (KHTML, like Gecko; compatible; GPTBot/1.2; +https://openai.com/gptbot)"
3.209.174.110 - - [18/Jul/2025:09:50:09 -0400] "GET /well-known/acme-challenge/a/j/g/h/ HTTP/1.1" 200 558 "-" "Mozilla/5.0 AppleWebKit/537.36 (KHTML, like Gecko; compatible; Amazonbot/0.1; +https://developer.amazon.com/support/amazonbot) Chrome/119.0.6045.214 Safari/537.36"
20.171.207.192 - - [18/Jul/2025:09:50:10 -0400] "GET /radio.php?edit=object.h&path=%2Fopt%2Falt%2Fpython39%2Finclude%2Fpython3.9%2Fcpython HTTP/1.1" 200 7715 "-" "Mozilla/5.0 AppleWebKit/537.36 (KHTML, like Gecko; compatible; GPTBot/1.2; +https://openai.com/gptbot)"
2001:41d0:303:86a1::1 - - [18/Jul/2025:09:50:10 -0400] "GET /configVFD/JumpF0x/ HTTP/1.1" 200 554 "-" "Mozilla/5.0 (compatible; MJ12bot/v1.4.8; http://mj12bot.com/)"
20.171.207.192 - - [18/Jul/2025:09:50:15 -0400] "GET /radio.php?edit=readme.md&path=%2Fopt%2Falt%2Falt-nodejs9%2Froot%2Fusr%2Flib%2Fnode_modules%2Fnpm%2Fnode_modules.bundled%2Fpacote%2Fnode_modules%2Fmake-fetch-happen%2Fnode_modules%2Fhttp-proxy-agent%2Fnode_modules%2Fdebug%2Fnode_modules%2Fms HTTP/1.1" 200 1826 "-" "Mozilla/5.0 AppleWebKit/537.36 (KHTML, like Gecko; compatible; GPTBot/1.2; +https://openai.com/gptbot)"
2001:41d0:303:86a1::1 - - [18/Jul/2025:09:50:16 -0400] "GET /configVFD/JumpF0x/?SA HTTP/1.1" 200 559 "-" "Mozilla/5.0 (compatible; MJ12bot/v1.4.8; http://mj12bot.com/)"
2001:41d0:303:86a1::1 - - [18/Jul/2025:09:50:18 -0400] "GET /radio.php?path=/opt/liblve&edit=liblve.so.0.9.0 HTTP/1.1" 200 752 "-" "Mozilla/5.0 (compatible; MJ12bot/v1.4.8; http://mj12bot.com/)"
2001:41d0:303:86a1::1 - - [18/Jul/2025:09:50:19 -0400] "GET /radio.php?path=/opt/liblve&edit=libsecureio.so HTTP/1.1" 200 753 "-" "Mozilla/5.0 (compatible; MJ12bot/v1.4.8; http://mj12bot.com/)"
20.171.207.192 - - [18/Jul/2025:09:50:21 -0400] "GET /radio.php?path=%2Fopt%2Falt%2Falt-nodejs24%2Froot%2Fusr%2Flib%2Fnode_modules%2Fnpm%2Fnode_modules.bundled%2Ftar%2Fnode_modules%2Ffs-minipass%2Fnode_modules%2Fminipass%2F.. HTTP/1.1" 200 770 "-" "Mozilla/5.0 AppleWebKit/537.36 (KHTML, like Gecko; compatible; GPTBot/1.2; +https://openai.com/gptbot)"
