20.171.207.192 - - [18/Jul/2025:09:35:00 -0400] "GET /radio.php?path=%2Fopt%2Falt%2Falt-nodejs6%2Froot%2Fusr%2Flib%2Fnode_modules%2Fnpm%2Fnode_modules.bundled%2Fvalidate-npm-package-license%2Fnode_modules%2Fspdx-expression-parse%2Fnode_modules%2Fspdx-exceptions%2F.. HTTP/1.1" 200 805 "-" "Mozilla/5.0 AppleWebKit/537.36 (KHTML, like Gecko; compatible; GPTBot/1.2; +https://openai.com/gptbot)"
20.171.207.192 - - [18/Jul/2025:09:35:01 -0400] "GET /radio.php?path=%2Fopt%2Falt%2Falt-nodejs14%2Froot%2Fusr%2Flib%2Fnode_modules%2Fnpm%2Fnode_modules.bundled%2Fparallel-transform%2Fnode_modules%2Fstring_decoder%2F.. HTTP/1.1" 200 781 "-" "Mozilla/5.0 AppleWebKit/537.36 (KHTML, like Gecko; compatible; GPTBot/1.2; +https://openai.com/gptbot)"
20.171.207.192 - - [18/Jul/2025:09:35:11 -0400] "GET /radio.php?path=%2Fopt%2Falt%2Falt-nodejs9%2Froot%2Fusr%2Flib%2Fnode_modules%2Fnpm%2Fnode_modules.bundled%2Fupdate-notifier%2Fnode_modules%2Fconfigstore%2Fnode_modules%2Fdot-prop HTTP/1.1" 200 895 "-" "Mozilla/5.0 AppleWebKit/537.36 (KHTML, like Gecko; compatible; GPTBot/1.2; +https://openai.com/gptbot)"
20.171.207.192 - - [18/Jul/2025:09:35:12 -0400] "GET /radio.php?path=%2Fopt%2Falt%2Falt-nodejs6%2Froot%2Fusr%2Flib%2Fnode_modules%2Fnpm%2Fnode_modules.bundled%2Fvalidate-npm-package-license%2Fnode_modules%2Fspdx-expression-parse%2Fnode_modules%2Fspdx-license-ids%2F.. HTTP/1.1" 200 805 "-" "Mozilla/5.0 AppleWebKit/537.36 (KHTML, like Gecko; compatible; GPTBot/1.2; +https://openai.com/gptbot)"
52.45.15.233 - - [18/Jul/2025:09:35:14 -0400] "GET /well-known/acme-challenge/a/e/e/e/?SA HTTP/1.1" 200 559 "-" "Mozilla/5.0 AppleWebKit/537.36 (KHTML, like Gecko; compatible; Amazonbot/0.1; +https://developer.amazon.com/support/amazonbot) Chrome/119.0.6045.214 Safari/537.36"
20.171.207.192 - - [18/Jul/2025:09:35:18 -0400] "GET /radio.php?path=%2Fopt%2Falt%2Falt-nodejs8%2Froot%2Fusr%2Flib%2Fnode_modules%2Fnpm%2Fnode_modules.bundled%2Fparallel-transform%2Fnode_modules%2Fstring_decoder%2F.. HTTP/1.1" 200 778 "-" "Mozilla/5.0 AppleWebKit/537.36 (KHTML, like Gecko; compatible; GPTBot/1.2; +https://openai.com/gptbot)"
20.171.207.192 - - [18/Jul/2025:09:35:19 -0400] "GET /radio.php?path=%2Fopt%2Falt%2Falt-nodejs10%2Froot%2Fusr%2Flib%2Fnode_modules%2Fnpm%2Fnode_modules.bundled%2Fparallel-transform%2Fnode_modules%2Fstring_decoder%2Flib%2F.. HTTP/1.1" 200 885 "-" "Mozilla/5.0 AppleWebKit/537.36 (KHTML, like Gecko; compatible; GPTBot/1.2; +https://openai.com/gptbot)"
20.171.207.192 - - [18/Jul/2025:09:35:21 -0400] "GET /radio.php?path=%2Fopt%2Falt%2Falt-nodejs9%2Froot%2Fusr%2Flib%2Fnode_modules%2Fnpm%2Fnode_modules.bundled%2Fupdate-notifier%2Fnode_modules%2Fconfigstore%2Fnode_modules%2Funique-string HTTP/1.1" 200 901 "-" "Mozilla/5.0 AppleWebKit/537.36 (KHTML, like Gecko; compatible; GPTBot/1.2; +https://openai.com/gptbot)"
44.216.172.204 - - [18/Jul/2025:09:35:22 -0400] "GET /well-known/acme-challenge/a/b/a/i/?SA HTTP/1.1" 200 561 "-" "Mozilla/5.0 AppleWebKit/537.36 (KHTML, like Gecko; compatible; Amazonbot/0.1; +https://developer.amazon.com/support/amazonbot) Chrome/119.0.6045.214 Safari/537.36"
20.171.207.192 - - [18/Jul/2025:09:35:23 -0400] "GET /radio.php?path=%2Fopt%2Falt%2Fruby31%2Fshare%2Fgems%2Fgems%2Fbundler-2.3.27%2Flib%2Fbundler%2Fvendor%2Fnet-http-persistent%2Flib%2Fnet%2Fhttp%2Fpersistent HTTP/1.1" 200 866 "-" "Mozilla/5.0 AppleWebKit/537.36 (KHTML, like Gecko; compatible; GPTBot/1.2; +https://openai.com/gptbot)"
20.171.207.192 - - [18/Jul/2025:09:35:06 -0400] "GET /radio.php?edit=package.json&path=%2Fopt%2Falt%2Falt-nodejs6%2Froot%2Fusr%2Flib%2Fnode_modules%2Fnpm%2Fnode_modules.bundled%2Fvalidate-npm-package-license%2Fnode_modules%2Fspdx-expression-parse%2Fnode_modules%2Fspdx-exceptions HTTP/1.1" 200 1745 "-" "Mozilla/5.0 AppleWebKit/537.36 (KHTML, like Gecko; compatible; GPTBot/1.2; +https://openai.com/gptbot)"
20.171.207.192 - - [18/Jul/2025:09:35:07 -0400] "GET /radio.php?path=%2Fopt%2Falt%2Falt-nodejs10%2Froot%2Fusr%2Flib%2Fnode_modules%2Fnpm%2Fnode_modules.bundled%2Fparallel-transform%2Fnode_modules%2Fstring_decoder%2Flib HTTP/1.1" 200 828 "-" "Mozilla/5.0 AppleWebKit/537.36 (KHTML, like Gecko; compatible; GPTBot/1.2; +https://openai.com/gptbot)"
20.171.207.192 - - [18/Jul/2025:09:35:08 -0400] "GET /radio.php?path=%2Fopt%2Falt%2Falt-nodejs12%2Froot%2Fusr%2Flib%2Fnode_modules%2Fnpm%2Fnode_modules.bundled%2Fnormalize-package-data%2Fnode_modules%2Fresolve%2Fexample HTTP/1.1" 200 834 "-" "Mozilla/5.0 AppleWebKit/537.36 (KHTML, like Gecko; compatible; GPTBot/1.2; +https://openai.com/gptbot)"
3.213.213.161 - - [18/Jul/2025:09:35:09 -0400] "GET /well-known/acme-challenge/a/j/b/?MD HTTP/1.1" 200 977 "-" "Mozilla/5.0 AppleWebKit/537.36 (KHTML, like Gecko; compatible; Amazonbot/0.1; +https://developer.amazon.com/support/amazonbot) Chrome/119.0.6045.214 Safari/537.36"
20.171.207.192 - - [18/Jul/2025:09:35:10 -0400] "GET /radio.php?path=%2Fopt%2Falt%2Falt-nodejs9%2Froot%2Fusr%2Flib%2Fnode_modules%2Fnpm%2Fnode_modules.bundled%2Fupdate-notifier%2Fnode_modules%2Fconfigstore%2Fnode_modules%2F.. HTTP/1.1" 200 862 "-" "Mozilla/5.0 AppleWebKit/537.36 (KHTML, like Gecko; compatible; GPTBot/1.2; +https://openai.com/gptbot)"
20.171.207.192 - - [18/Jul/2025:09:35:13 -0400] "GET /radio.php?path=%2Fopt%2Falt%2Falt-nodejs11%2Froot%2Fusr%2Flib%2Fnode_modules%2Fnpm%2Fnode_modules.bundled%2Fparallel-transform%2Fnode_modules%2Fstring_decoder%2Flib HTTP/1.1" 200 828 "-" "Mozilla/5.0 AppleWebKit/537.36 (KHTML, like Gecko; compatible; GPTBot/1.2; +https://openai.com/gptbot)"
20.171.207.192 - - [18/Jul/2025:09:35:14 -0400] "GET /radio.php?path=%2Fopt%2Falt%2Falt-nodejs14%2Froot%2Fusr%2Flib%2Fnode_modules%2Fnpm%2Fnode_modules.bundled%2Fparallel-transform%2Fnode_modules%2Fstring_decoder%2Flib HTTP/1.1" 200 828 "-" "Mozilla/5.0 AppleWebKit/537.36 (KHTML, like Gecko; compatible; GPTBot/1.2; +https://openai.com/gptbot)"
20.171.207.192 - - [18/Jul/2025:09:35:15 -0400] "GET /radio.php?path=%2Fopt%2Falt%2Falt-nodejs9%2Froot%2Fusr%2Flib%2Fnode_modules%2Fnpm%2Fnode_modules.bundled%2Fupdate-notifier%2Fnode_modules%2Fconfigstore%2Fnode_modules%2Fmake-dir HTTP/1.1" 200 898 "-" "Mozilla/5.0 AppleWebKit/537.36 (KHTML, like Gecko; compatible; GPTBot/1.2; +https://openai.com/gptbot)"
20.171.207.192 - - [18/Jul/2025:09:35:16 -0400] "GET /radio.php?path=%2Fopt%2Falt%2Falt-nodejs9%2Froot%2Fusr%2Flib%2Fnode_modules%2Fnpm%2Fnode_modules.bundled%2Fupdate-notifier%2Fnode_modules%2Fconfigstore%2F.. HTTP/1.1" 200 856 "-" "Mozilla/5.0 AppleWebKit/537.36 (KHTML, like Gecko; compatible; GPTBot/1.2; +https://openai.com/gptbot)"
54.204.62.163 - - [18/Jul/2025:09:35:17 -0400] "GET /well-known/acme-challenge/a/h/b/e/?SA HTTP/1.1" 200 561 "-" "Mozilla/5.0 AppleWebKit/537.36 (KHTML, like Gecko; compatible; Amazonbot/0.1; +https://developer.amazon.com/support/amazonbot) Chrome/119.0.6045.214 Safari/537.36"
20.171.207.192 - - [18/Jul/2025:09:35:20 -0400] "GET /radio.php?path=%2Fopt%2Falt%2Falt-nodejs12%2Froot%2Fusr%2Flib%2Fnode_modules%2Fnpm%2Fnode_modules.bundled%2Fnormalize-package-data%2Fnode_modules%2Fresolve%2Fexample%2F.. HTTP/1.1" 200 1022 "-" "Mozilla/5.0 AppleWebKit/537.36 (KHTML, like Gecko; compatible; GPTBot/1.2; +https://openai.com/gptbot)"
20.171.207.192 - - [18/Jul/2025:09:35:22 -0400] "GET /radio.php?path=%2Fopt%2Falt%2Falt-nodejs12%2Froot%2Fusr%2Flib%2Fnode_modules%2Fnpm%2Fnode_modules.bundled%2Fparallel-transform%2Fnode_modules%2Fstring_decoder HTTP/1.1" 200 885 "-" "Mozilla/5.0 AppleWebKit/537.36 (KHTML, like Gecko; compatible; GPTBot/1.2; +https://openai.com/gptbot)"
20.171.207.192 - - [18/Jul/2025:09:35:24 -0400] "GET /radio.php?path=%2Fopt%2Falt%2Falt-nodejs9%2Froot%2Fusr%2Flib%2Fnode_modules%2Fnpm%2Fnode_modules.bundled%2Fupdate-notifier%2Fnode_modules%2Fconfigstore%2Fnode_modules%2Fdot-prop%2F.. HTTP/1.1" 200 812 "-" "Mozilla/5.0 AppleWebKit/537.36 (KHTML, like Gecko; compatible; GPTBot/1.2; +https://openai.com/gptbot)"
66.249.65.100 - - [18/Jul/2025:09:35:25 -0400] "GET /products/7fm34960 HTTP/1.1" 404 1251 "-" "Mozilla/5.0 (Linux; Android 6.0.1; Nexus 5X Build/MMB29P) AppleWebKit/537.36 (KHTML, like Gecko) Chrome/137.0.7151.103 Mobile Safari/537.36 (compatible; Googlebot/2.1; +http://www.google.com/bot.html)"
20.171.207.192 - - [18/Jul/2025:09:35:26 -0400] "GET /radio.php?path=%2Fopt%2Falt%2Falt-nodejs14%2Froot%2Fusr%2Flib%2Fnode_modules%2Fnpm%2Fnode_modules.bundled%2Fparallel-transform%2Fnode_modules%2Fstring_decoder%2Flib%2F.. HTTP/1.1" 200 885 "-" "Mozilla/5.0 AppleWebKit/537.36 (KHTML, like Gecko; compatible; GPTBot/1.2; +https://openai.com/gptbot)"
20.171.207.192 - - [18/Jul/2025:09:35:30 -0400] "GET /radio.php?path=%2Fopt%2Falt%2Falt-nodejs9%2Froot%2Fusr%2Flib%2Fnode_modules%2Fnpm%2Fnode_modules.bundled%2Fupdate-notifier%2Fnode_modules%2Fconfigstore%2Fnode_modules%2Fdot-prop%2Fnode_modules HTTP/1.1" 200 813 "-" "Mozilla/5.0 AppleWebKit/537.36 (KHTML, like Gecko; compatible; GPTBot/1.2; +https://openai.com/gptbot)"
20.171.207.192 - - [18/Jul/2025:09:35:33 -0400] "GET /radio.php?path=%2Fopt%2Falt%2Falt-nodejs9%2Froot%2Fusr%2Flib%2Fnode_modules%2Fnpm%2Fnode_modules.bundled%2Fupdate-notifier%2Fnode_modules%2Fconfigstore%2Fnode_modules%2Funique-string%2F.. HTTP/1.1" 200 812 "-" "Mozilla/5.0 AppleWebKit/537.36 (KHTML, like Gecko; compatible; GPTBot/1.2; +https://openai.com/gptbot)"
23.21.225.190 - - [18/Jul/2025:09:35:33 -0400] "GET /well-known/acme-challenge/a/d/i/b/?SA HTTP/1.1" 200 561 "-" "Mozilla/5.0 AppleWebKit/537.36 (KHTML, like Gecko; compatible; Amazonbot/0.1; +https://developer.amazon.com/support/amazonbot) Chrome/119.0.6045.214 Safari/537.36"
20.171.207.192 - - [18/Jul/2025:09:35:36 -0400] "GET /radio.php?edit=timed_stack_multi.rb&path=%2Fopt%2Falt%2Fruby31%2Fshare%2Fgems%2Fgems%2Fbundler-2.3.27%2Flib%2Fbundler%2Fvendor%2Fnet-http-persistent%2Flib%2Fnet%2Fhttp%2Fpersistent HTTP/1.1" 200 1560 "-" "Mozilla/5.0 AppleWebKit/537.36 (KHTML, like Gecko; compatible; GPTBot/1.2; +https://openai.com/gptbot)"
3.217.82.254 - - [18/Jul/2025:09:35:37 -0400] "GET /well-known/acme-challenge/a/i/a/e/?MA HTTP/1.1" 200 560 "-" "Mozilla/5.0 AppleWebKit/537.36 (KHTML, like Gecko; compatible; Amazonbot/0.1; +https://developer.amazon.com/support/amazonbot) Chrome/119.0.6045.214 Safari/537.36"
20.171.207.192 - - [18/Jul/2025:09:35:40 -0400] "GET /radio.php?path=%2Fopt%2Falt%2Falt-nodejs12%2Froot%2Fusr%2Flib%2Fnode_modules%2Fnpm%2Fnode_modules.bundled%2Fparallel-transform%2Fnode_modules%2Fstring_decoder%2Flib HTTP/1.1" 200 828 "-" "Mozilla/5.0 AppleWebKit/537.36 (KHTML, like Gecko; compatible; GPTBot/1.2; +https://openai.com/gptbot)"
20.171.207.192 - - [18/Jul/2025:09:35:41 -0400] "GET /radio.php?path=%2Fopt%2Falt%2Falt-nodejs9%2Froot%2Fusr%2Flib%2Fnode_modules%2Fnpm%2Fnode_modules.bundled%2Fupdate-notifier%2Fnode_modules%2Fconfigstore%2Fnode_modules%2Fmake-dir%2Fnode_modules%2F.. HTTP/1.1" 200 898 "-" "Mozilla/5.0 AppleWebKit/537.36 (KHTML, like Gecko; compatible; GPTBot/1.2; +https://openai.com/gptbot)"
23.23.99.55 - - [18/Jul/2025:09:35:41 -0400] "GET /well-known/acme-challenge/a/c/d/h/?SA HTTP/1.1" 200 561 "-" "Mozilla/5.0 AppleWebKit/537.36 (KHTML, like Gecko; compatible; Amazonbot/0.1; +https://developer.amazon.com/support/amazonbot) Chrome/119.0.6045.214 Safari/537.36"
20.171.207.192 - - [18/Jul/2025:09:35:42 -0400] "GET /radio.php?path=%2Fopt%2Falt%2Falt-nodejs9%2Froot%2Fusr%2Flib%2Fnode_modules%2Fnpm%2Fnode_modules.bundled%2Fupdate-notifier%2Fnode_modules%2Fconfigstore%2Fnode_modules%2Fdot-prop%2Fnode_modules%2F.. HTTP/1.1" 200 895 "-" "Mozilla/5.0 AppleWebKit/537.36 (KHTML, like Gecko; compatible; GPTBot/1.2; +https://openai.com/gptbot)"
52.6.5.24 - - [18/Jul/2025:09:35:25 -0400] "GET /well-known/acme-challenge/a/f/g/e/?SA HTTP/1.1" 200 561 "-" "Mozilla/5.0 AppleWebKit/537.36 (KHTML, like Gecko; compatible; Amazonbot/0.1; +https://developer.amazon.com/support/amazonbot) Chrome/119.0.6045.214 Safari/537.36"
20.171.207.192 - - [18/Jul/2025:09:35:27 -0400] "GET /radio.php?path=%2Fopt%2Falt%2Falt-nodejs9%2Froot%2Fusr%2Flib%2Fnode_modules%2Fnpm%2Fnode_modules.bundled%2Fupdate-notifier%2Fnode_modules%2Fconfigstore%2Fnode_modules%2Fmake-dir%2F.. HTTP/1.1" 200 812 "-" "Mozilla/5.0 AppleWebKit/537.36 (KHTML, like Gecko; compatible; GPTBot/1.2; +https://openai.com/gptbot)"
20.171.207.192 - - [18/Jul/2025:09:35:28 -0400] "GET /radio.php?path=%2Fopt%2Falt%2Falt-nodejs11%2Froot%2Fusr%2Flib%2Fnode_modules%2Fnpm%2Fnode_modules.bundled%2Fparallel-transform%2Fnode_modules%2Fstring_decoder%2Flib%2F.. HTTP/1.1" 200 885 "-" "Mozilla/5.0 AppleWebKit/537.36 (KHTML, like Gecko; compatible; GPTBot/1.2; +https://openai.com/gptbot)"
20.171.207.192 - - [18/Jul/2025:09:35:29 -0400] "GET /radio.php?path=%2Fopt%2Falt%2Falt-nodejs9%2Froot%2Fusr%2Flib%2Fnode_modules%2Fnpm%2Fnode_modules.bundled%2Fupdate-notifier%2Fnode_modules%2Fconfigstore%2Fnode_modules%2Fmake-dir%2Fnode_modules HTTP/1.1" 200 810 "-" "Mozilla/5.0 AppleWebKit/537.36 (KHTML, like Gecko; compatible; GPTBot/1.2; +https://openai.com/gptbot)"
54.204.62.163 - - [18/Jul/2025:09:35:30 -0400] "GET /well-known/acme-challenge/a/a/i/i/?MA HTTP/1.1" 200 560 "-" "Mozilla/5.0 AppleWebKit/537.36 (KHTML, like Gecko; compatible; Amazonbot/0.1; +https://developer.amazon.com/support/amazonbot) Chrome/119.0.6045.214 Safari/537.36"
20.171.207.192 - - [18/Jul/2025:09:35:31 -0400] "GET /radio.php?edit=index.js&path=%2Fopt%2Falt%2Falt-nodejs9%2Froot%2Fusr%2Flib%2Fnode_modules%2Fnpm%2Fnode_modules.bundled%2Fupdate-notifier%2Fnode_modules%2Fconfigstore%2Fnode_modules%2Fmake-dir HTTP/1.1" 200 1681 "-" "Mozilla/5.0 AppleWebKit/537.36 (KHTML, like Gecko; compatible; GPTBot/1.2; +https://openai.com/gptbot)"
20.171.207.192 - - [18/Jul/2025:09:35:34 -0400] "GET /radio.php?path=%2Fopt%2Falt%2Falt-nodejs12%2Froot%2Fusr%2Flib%2Fnode_modules%2Fnpm%2Fnode_modules.bundled%2Fparallel-transform%2Fnode_modules%2Fstring_decoder%2F.. HTTP/1.1" 200 781 "-" "Mozilla/5.0 AppleWebKit/537.36 (KHTML, like Gecko; compatible; GPTBot/1.2; +https://openai.com/gptbot)"
20.171.207.192 - - [18/Jul/2025:09:35:35 -0400] "GET /radio.php?path=%2Fopt%2Falt%2Fruby31%2Fshare%2Fgems%2Fgems%2Fbundler-2.3.27%2Flib%2Fbundler%2Fvendor%2Fnet-http-persistent%2Flib%2Fnet%2Fhttp%2Fpersistent%2F.. HTTP/1.1" 200 830 "-" "Mozilla/5.0 AppleWebKit/537.36 (KHTML, like Gecko; compatible; GPTBot/1.2; +https://openai.com/gptbot)"
20.171.207.192 - - [18/Jul/2025:09:35:37 -0400] "GET /radio.php?path=%2Fopt%2Falt%2Falt-nodejs9%2Froot%2Fusr%2Flib%2Fnode_modules%2Fnpm%2Fnode_modules.bundled%2Fupdate-notifier%2Fnode_modules%2Fconfigstore%2Fnode_modules%2Funique-string%2Fnode_modules HTTP/1.1" 200 823 "-" "Mozilla/5.0 AppleWebKit/537.36 (KHTML, like Gecko; compatible; GPTBot/1.2; +https://openai.com/gptbot)"
20.171.207.192 - - [18/Jul/2025:09:35:38 -0400] "GET /radio.php?edit=pool.rb&path=%2Fopt%2Falt%2Fruby31%2Fshare%2Fgems%2Fgems%2Fbundler-2.3.27%2Flib%2Fbundler%2Fvendor%2Fnet-http-persistent%2Flib%2Fnet%2Fhttp%2Fpersistent HTTP/1.1" 200 1355 "-" "Mozilla/5.0 AppleWebKit/537.36 (KHTML, like Gecko; compatible; GPTBot/1.2; +https://openai.com/gptbot)"
20.171.207.192 - - [18/Jul/2025:09:35:43 -0400] "GET /radio.php?path=%2Fopt%2Falt%2Falt-nodejs9%2Froot%2Fusr%2Flib%2Fnode_modules%2Fnpm%2Fnode_modules.bundled%2Fupdate-notifier%2Fnode_modules%2Fconfigstore%2Fnode_modules%2Fdot-prop%2Fnode_modules%2Fis-obj HTTP/1.1" 200 915 "-" "Mozilla/5.0 AppleWebKit/537.36 (KHTML, like Gecko; compatible; GPTBot/1.2; +https://openai.com/gptbot)"
66.249.65.99 - - [18/Jul/2025:09:35:42 -0400] "GET /product/R153?a=search&l=34959 HTTP/1.1" 404 1251 "-" "Mozilla/5.0 (compatible; Googlebot/2.1; +http://www.google.com/bot.html)"
20.171.207.192 - - [18/Jul/2025:09:35:44 -0400] "GET /radio.php?path=%2Fopt%2Falt%2Fruby32%2Fshare%2Fgems%2Fgems%2Fbundler-2.4.19%2Flib%2Fbundler%2Fvendor%2Fnet-http-persistent%2Flib%2Fnet%2Fhttp%2Fpersistent HTTP/1.1" 200 867 "-" "Mozilla/5.0 AppleWebKit/537.36 (KHTML, like Gecko; compatible; GPTBot/1.2; +https://openai.com/gptbot)"
3.232.82.72 - - [18/Jul/2025:09:35:45 -0400] "GET /well-known/acme-challenge/a/i/a/h/?MA HTTP/1.1" 200 560 "-" "Mozilla/5.0 AppleWebKit/537.36 (KHTML, like Gecko; compatible; Amazonbot/0.1; +https://developer.amazon.com/support/amazonbot) Chrome/119.0.6045.214 Safari/537.36"
20.171.207.192 - - [18/Jul/2025:09:35:47 -0400] "GET /radio.php?edit=index.js&path=%2Flib%2Fnode_modules%2Fnpm%2Fnode_modules%2Fcliui%2Fnode_modules%2Fansi-regex HTTP/1.1" 200 1101 "-" "Mozilla/5.0 AppleWebKit/537.36 (KHTML, like Gecko; compatible; GPTBot/1.2; +https://openai.com/gptbot)"
20.171.207.192 - - [18/Jul/2025:09:35:48 -0400] "GET /radio.php?edit=index.js&path=%2Flib%2Fnode_modules%2Fnpm%2Fnode_modules%2Fexeca%2Fnode_modules%2Fget-stream HTTP/1.1" 200 1375 "-" "Mozilla/5.0 AppleWebKit/537.36 (KHTML, like Gecko; compatible; GPTBot/1.2; +https://openai.com/gptbot)"
54.225.98.148 - - [18/Jul/2025:09:35:49 -0400] "GET /well-known/acme-challenge/a/f/g/b/?SA HTTP/1.1" 200 562 "-" "Mozilla/5.0 AppleWebKit/537.36 (KHTML, like Gecko; compatible; Amazonbot/0.1; +https://developer.amazon.com/support/amazonbot) Chrome/119.0.6045.214 Safari/537.36"
20.171.207.192 - - [18/Jul/2025:09:35:50 -0400] "GET /radio.php?edit=index.js&path=%2Flib%2Fnode_modules%2Fnpm%2Fnode_modules%2Fgentle-fs%2Fnode_modules%2Faproba HTTP/1.1" 200 2229 "-" "Mozilla/5.0 AppleWebKit/537.36 (KHTML, like Gecko; compatible; GPTBot/1.2; +https://openai.com/gptbot)"
20.171.207.192 - - [18/Jul/2025:09:35:51 -0400] "GET /radio.php?path=%2Fopt%2Falt%2Falt-nodejs12%2Froot%2Fusr%2Flib%2Fnode_modules%2Fnpm%2Fnode_modules.bundled%2Fparallel-transform%2Fnode_modules%2Fstring_decoder%2Flib%2F.. HTTP/1.1" 200 885 "-" "Mozilla/5.0 AppleWebKit/537.36 (KHTML, like Gecko; compatible; GPTBot/1.2; +https://openai.com/gptbot)"
20.171.207.192 - - [18/Jul/2025:09:35:52 -0400] "GET /radio.php?edit=index.js&path=%2Flib%2Fnode_modules%2Fnpm%2Fnode_modules%2Fgentle-fs%2Fnode_modules%2Fiferr HTTP/1.1" 200 1252 "-" "Mozilla/5.0 AppleWebKit/537.36 (KHTML, like Gecko; compatible; GPTBot/1.2; +https://openai.com/gptbot)"
3.221.156.96 - - [18/Jul/2025:09:35:53 -0400] "GET /well-known/acme-challenge/a/g/b/f/?SA HTTP/1.1" 200 562 "-" "Mozilla/5.0 AppleWebKit/537.36 (KHTML, like Gecko; compatible; Amazonbot/0.1; +https://developer.amazon.com/support/amazonbot) Chrome/119.0.6045.214 Safari/537.36"
20.171.207.192 - - [18/Jul/2025:09:35:54 -0400] "GET /radio.php?edit=index.js&path=%2Flib%2Fnode_modules%2Fnpm%2Fnode_modules%2Frun-queue%2Fnode_modules%2Faproba HTTP/1.1" 200 2230 "-" "Mozilla/5.0 AppleWebKit/537.36 (KHTML, like Gecko; compatible; GPTBot/1.2; +https://openai.com/gptbot)"
20.171.207.192 - - [18/Jul/2025:09:35:55 -0400] "GET /radio.php?path=%2Fopt%2Falt%2Falt-nodejs9%2Froot%2Fusr%2Flib%2Fnode_modules%2Fnpm%2Fnode_modules.bundled%2Fupdate-notifier%2Fnode_modules%2Fconfigstore%2Fnode_modules%2Fdot-prop%2Fnode_modules%2Fis-obj%2F.. HTTP/1.1" 200 813 "-" "Mozilla/5.0 AppleWebKit/537.36 (KHTML, like Gecko; compatible; GPTBot/1.2; +https://openai.com/gptbot)"
20.171.207.192 - - [18/Jul/2025:09:35:57 -0400] "GET /radio.php?edit=timed_stack_multi.rb&path=%2Fopt%2Falt%2Fruby32%2Fshare%2Fgems%2Fgems%2Fbundler-2.4.19%2Flib%2Fbundler%2Fvendor%2Fnet-http-persistent%2Flib%2Fnet%2Fhttp%2Fpersistent HTTP/1.1" 200 1560 "-" "Mozilla/5.0 AppleWebKit/537.36 (KHTML, like Gecko; compatible; GPTBot/1.2; +https://openai.com/gptbot)"
20.171.207.192 - - [18/Jul/2025:09:35:59 -0400] "GET /radio.php?path=%2Fusr%2Flib%2Fnode_modules%2Fnpm%2Fnode_modules%2Ffs-write-stream-atomic%2Fnode_modules%2Fstring_decoder%2Flib HTTP/1.1" 200 747 "-" "Mozilla/5.0 AppleWebKit/537.36 (KHTML, like Gecko; compatible; GPTBot/1.2; +https://openai.com/gptbot)"
216.73.216.60 - - [18/Jul/2025:09:36:03 -0400] "GET /radio.php?path=%2Fhome%2Fairtpgpx%2F.cpanel%2Fdatastore HTTP/1.1" 200 1120 "-" "Mozilla/5.0 AppleWebKit/537.36 (KHTML, like Gecko; compatible; ClaudeBot/1.0; +claudebot@anthropic.com)"
20.171.207.192 - - [18/Jul/2025:09:35:45 -0400] "GET /radio.php?edit=error.js&path=%2Fopt%2Falt%2Falt-nodejs12%2Froot%2Fusr%2Flib%2Fnode_modules%2Fnpm%2Fnode_modules.bundled%2Fhar-validator%2Flib HTTP/1.1" 200 1056 "-" "Mozilla/5.0 AppleWebKit/537.36 (KHTML, like Gecko; compatible; GPTBot/1.2; +https://openai.com/gptbot)"
20.171.207.192 - - [18/Jul/2025:09:35:49 -0400] "GET /radio.php?path=%2Fopt%2Falt%2Falt-nodejs9%2Froot%2Fusr%2Flib%2Fnode_modules%2Fnpm%2Fnode_modules.bundled%2Fupdate-notifier%2Fnode_modules%2Fconfigstore%2Fnode_modules%2Funique-string%2Fnode_modules%2F.. HTTP/1.1" 200 901 "-" "Mozilla/5.0 AppleWebKit/537.36 (KHTML, like Gecko; compatible; GPTBot/1.2; +https://openai.com/gptbot)"
20.171.207.192 - - [18/Jul/2025:09:35:56 -0400] "GET /radio.php?path=%2Fopt%2Falt%2Fruby32%2Fshare%2Fgems%2Fgems%2Fbundler-2.4.19%2Flib%2Fbundler%2Fvendor%2Fnet-http-persistent%2Flib%2Fnet%2Fhttp%2Fpersistent%2F.. HTTP/1.1" 200 830 "-" "Mozilla/5.0 AppleWebKit/537.36 (KHTML, like Gecko; compatible; GPTBot/1.2; +https://openai.com/gptbot)"
20.171.207.192 - - [18/Jul/2025:09:35:58 -0400] "GET /radio.php?edit=pool.rb&path=%2Fopt%2Falt%2Fruby32%2Fshare%2Fgems%2Fgems%2Fbundler-2.4.19%2Flib%2Fbundler%2Fvendor%2Fnet-http-persistent%2Flib%2Fnet%2Fhttp%2Fpersistent HTTP/1.1" 200 1356 "-" "Mozilla/5.0 AppleWebKit/537.36 (KHTML, like Gecko; compatible; GPTBot/1.2; +https://openai.com/gptbot)"
52.0.41.164 - - [18/Jul/2025:09:35:58 -0400] "GET /well-known/acme-challenge/a/f/i/b/?SA HTTP/1.1" 200 562 "-" "Mozilla/5.0 AppleWebKit/537.36 (KHTML, like Gecko; compatible; Amazonbot/0.1; +https://developer.amazon.com/support/amazonbot) Chrome/119.0.6045.214 Safari/537.36"
20.171.207.192 - - [18/Jul/2025:09:36:00 -0400] "GET /radio.php?edit=zipp.py&path=%2Fopt%2Falt%2Fpython37%2Flib%2Fpython3.7%2Fsite-packages HTTP/1.1" 200 4600 "-" "Mozilla/5.0 AppleWebKit/537.36 (KHTML, like Gecko; compatible; GPTBot/1.2; +https://openai.com/gptbot)"
52.54.157.23 - - [18/Jul/2025:09:36:01 -0400] "GET /well-known/acme-challenge/a/e/e/a/?MA HTTP/1.1" 200 560 "-" "Mozilla/5.0 AppleWebKit/537.36 (KHTML, like Gecko; compatible; Amazonbot/0.1; +https://developer.amazon.com/support/amazonbot) Chrome/119.0.6045.214 Safari/537.36"
20.171.207.192 - - [18/Jul/2025:09:36:02 -0400] "GET /radio.php?edit=error.js&path=%2Fopt%2Falt%2Falt-nodejs22%2Froot%2Fusr%2Flib%2Fnode_modules%2Fnpm%2Fnode_modules.bundled%2Ftuf-js%2Fdist HTTP/1.1" 200 1603 "-" "Mozilla/5.0 AppleWebKit/537.36 (KHTML, like Gecko; compatible; GPTBot/1.2; +https://openai.com/gptbot)"
20.171.207.192 - - [18/Jul/2025:09:36:03 -0400] "GET /radio.php?edit=error.js&path=%2Fopt%2Falt%2Falt-nodejs20%2Froot%2Fusr%2Flib%2Fnode_modules%2Fnpm%2Fnode_modules.bundled%2Ftuf-js%2Fdist HTTP/1.1" 200 1599 "-" "Mozilla/5.0 AppleWebKit/537.36 (KHTML, like Gecko; compatible; GPTBot/1.2; +https://openai.com/gptbot)"
216.73.216.60 - - [18/Jul/2025:09:36:04 -0400] "GET /radio.php?path=%2Fhome%2Fairtpgpx%2Fperl5%2Fbin HTTP/1.1" 200 625 "-" "Mozilla/5.0 AppleWebKit/537.36 (KHTML, like Gecko; compatible; ClaudeBot/1.0; +claudebot@anthropic.com)"
20.171.207.192 - - [18/Jul/2025:09:36:04 -0400] "GET /radio.php?edit=error.js&path=%2Fopt%2Falt%2Falt-nodejs24%2Froot%2Fusr%2Flib%2Fnode_modules%2Fnpm%2Fnode_modules.bundled%2Ftuf-js%2Fdist HTTP/1.1" 200 1602 "-" "Mozilla/5.0 AppleWebKit/537.36 (KHTML, like Gecko; compatible; GPTBot/1.2; +https://openai.com/gptbot)"
20.171.207.192 - - [18/Jul/2025:09:36:05 -0400] "GET /radio.php?path=%2Fopt%2Falt%2Falt-nodejs18%2Froot%2Fusr%2Flib%2Fnode_modules%2Fnpm%2Fnode_modules.bundled%2F%40npmcli%2Fconfig%2Flib%2Fdefinitions HTTP/1.1" 200 855 "-" "Mozilla/5.0 AppleWebKit/537.36 (KHTML, like Gecko; compatible; GPTBot/1.2; +https://openai.com/gptbot)"
20.171.207.192 - - [18/Jul/2025:09:36:06 -0400] "GET /radio.php?edit=tz.py&path=%2Fopt%2Falt%2Fpython27%2Flib%2Fpython2.7%2Fsite-packages%2Fpip%2F_vendor%2Ftoml HTTP/1.1" 200 1203 "-" "Mozilla/5.0 AppleWebKit/537.36 (KHTML, like Gecko; compatible; GPTBot/1.2; +https://openai.com/gptbot)"
216.73.216.60 - - [18/Jul/2025:09:36:03 -0400] "GET /radio.php?path=%2Fhome%2Fairtpgpx%2Fpublictransportsolutions.com%2F.. HTTP/1.1" 200 1191 "-" "Mozilla/5.0 AppleWebKit/537.36 (KHTML, like Gecko; compatible; ClaudeBot/1.0; +claudebot@anthropic.com)"
216.73.216.60 - - [18/Jul/2025:09:36:04 -0400] "GET /radio.php?path=%2Fhome%2Fairtpgpx%2Fpublictransportsolutions.com%2Fwp-includes HTTP/1.1" 200 1141 "-" "Mozilla/5.0 AppleWebKit/537.36 (KHTML, like Gecko; compatible; ClaudeBot/1.0; +claudebot@anthropic.com)"
107.20.25.33 - - [18/Jul/2025:09:36:06 -0400] "GET /well-known/acme-challenge/a/e/j/b/?SA HTTP/1.1" 200 562 "-" "Mozilla/5.0 AppleWebKit/537.36 (KHTML, like Gecko; compatible; Amazonbot/0.1; +https://developer.amazon.com/support/amazonbot) Chrome/119.0.6045.214 Safari/537.36"
54.157.84.74 - - [18/Jul/2025:09:36:09 -0400] "GET /well-known/acme-challenge/a/c/f/h/?SA HTTP/1.1" 200 562 "-" "Mozilla/5.0 AppleWebKit/537.36 (KHTML, like Gecko; compatible; Amazonbot/0.1; +https://developer.amazon.com/support/amazonbot) Chrome/119.0.6045.214 Safari/537.36"
20.171.207.192 - - [18/Jul/2025:09:36:10 -0400] "GET /radio.php?edit=directory.rb&path=%2Fopt%2Fcpanel%2Fea-ruby27%2Froot%2Fusr%2Flocal%2Fshare%2Fgems%2Fgems%2Frack-2.2.4%2Flib%2Frack HTTP/1.1" 200 3929 "-" "Mozilla/5.0 AppleWebKit/537.36 (KHTML, like Gecko; compatible; GPTBot/1.2; +https://openai.com/gptbot)"
20.171.207.192 - - [18/Jul/2025:09:36:12 -0400] "GET /radio.php?edit=string_decoder.js&path=%2Fusr%2Flib%2Fnode_modules%2Fnpm%2Fnode_modules%2Ffs-write-stream-atomic%2Fnode_modules%2Fstring_decoder%2Flib HTTP/1.1" 200 4052 "-" "Mozilla/5.0 AppleWebKit/537.36 (KHTML, like Gecko; compatible; GPTBot/1.2; +https://openai.com/gptbot)"
20.171.207.192 - - [18/Jul/2025:09:36:13 -0400] "GET /radio.php?path=%2Fusr%2Flib%2Fnode_modules%2Fnpm%2Fnode_modules%2Ffs-write-stream-atomic%2Fnode_modules%2Fstring_decoder%2Flib%2F.. HTTP/1.1" 200 814 "-" "Mozilla/5.0 AppleWebKit/537.36 (KHTML, like Gecko; compatible; GPTBot/1.2; +https://openai.com/gptbot)"
3.221.222.168 - - [18/Jul/2025:09:36:13 -0400] "GET /well-known/acme-challenge/a/b/h/j/?SA HTTP/1.1" 200 561 "-" "Mozilla/5.0 AppleWebKit/537.36 (KHTML, like Gecko; compatible; Amazonbot/0.1; +https://developer.amazon.com/support/amazonbot) Chrome/119.0.6045.214 Safari/537.36"
20.171.207.192 - - [18/Jul/2025:09:36:14 -0400] "GET /radio.php?path=%2Fopt%2Falt%2Falt-nodejs22%2Froot%2Fusr%2Flib%2Fnode_modules%2Fnpm%2Fnode_modules%2Fci-info HTTP/1.1" 200 831 "-" "Mozilla/5.0 AppleWebKit/537.36 (KHTML, like Gecko; compatible; GPTBot/1.2; +https://openai.com/gptbot)"
20.171.207.192 - - [18/Jul/2025:09:36:17 -0400] "GET /radio.php?path=%2Fopt%2Falt%2Falt-nodejs18%2Froot%2Fusr%2Flib%2Fnode_modules%2Fnpm%2Fnode_modules.bundled%2F%40npmcli%2Fconfig%2Flib%2Fdefinitions%2F.. HTTP/1.1" 200 961 "-" "Mozilla/5.0 AppleWebKit/537.36 (KHTML, like Gecko; compatible; GPTBot/1.2; +https://openai.com/gptbot)"
20.171.207.192 - - [18/Jul/2025:09:36:18 -0400] "GET /radio.php?edit=node.rb&path=%2Fopt%2Falt%2Fruby27%2Fshare%2Fruby%2Frexml%2Flight HTTP/1.1" 200 2346 "-" "Mozilla/5.0 AppleWebKit/537.36 (KHTML, like Gecko; compatible; GPTBot/1.2; +https://openai.com/gptbot)"
20.171.207.192 - - [18/Jul/2025:09:36:19 -0400] "GET /radio.php?edit=backtrace-sanitizer.rb&path=%2Fopt%2Fcpanel%2Fea-ruby27%2Fsrc%2Fpassenger-release-6.0.23%2Fsrc%2Fhelper-scripts HTTP/1.1" 200 2994 "-" "Mozilla/5.0 AppleWebKit/537.36 (KHTML, like Gecko; compatible; GPTBot/1.2; +https://openai.com/gptbot)"
20.171.207.192 - - [18/Jul/2025:09:36:24 -0400] "GET /radio.php?edit=icon_twisted.gif&path=%2Fvar%2Fsoftaculous%2Fsitepad%2Feditor%2Fsite-inc%2Fimages%2Fsmilies HTTP/1.1" 200 1140 "-" "Mozilla/5.0 AppleWebKit/537.36 (KHTML, like Gecko; compatible; GPTBot/1.2; +https://openai.com/gptbot)"
98.82.59.253 - - [18/Jul/2025:09:36:25 -0400] "GET /well-known/acme-challenge/a/i/j/f/?SA HTTP/1.1" 200 562 "-" "Mozilla/5.0 AppleWebKit/537.36 (KHTML, like Gecko; compatible; Amazonbot/0.1; +https://developer.amazon.com/support/amazonbot) Chrome/119.0.6045.214 Safari/537.36"
20.171.207.192 - - [18/Jul/2025:09:36:07 -0400] "GET /radio.php?edit=multipart.rb&path=%2Fopt%2Fcpanel%2Fea-ruby27%2Froot%2Fusr%2Flocal%2Fshare%2Fgems%2Fgems%2Frack-2.2.4%2Flib%2Frack HTTP/1.1" 200 2712 "-" "Mozilla/5.0 AppleWebKit/537.36 (KHTML, like Gecko; compatible; GPTBot/1.2; +https://openai.com/gptbot)"
20.171.207.192 - - [18/Jul/2025:09:36:09 -0400] "GET /radio.php?edit=req_set.py&path=%2Fopt%2Falt%2Fpython27%2Flib%2Fpython2.7%2Fsite-packages%2Fpip%2F_internal%2Freq HTTP/1.1" 200 3374 "-" "Mozilla/5.0 AppleWebKit/537.36 (KHTML, like Gecko; compatible; GPTBot/1.2; +https://openai.com/gptbot)"
20.171.207.192 - - [18/Jul/2025:09:36:11 -0400] "GET /radio.php?edit=7ff51ebcf000-7ff51edce000&path=%2Fproc%2F93228%2Fmap_files HTTP/1.1" 200 517 "-" "Mozilla/5.0 AppleWebKit/537.36 (KHTML, like Gecko; compatible; GPTBot/1.2; +https://openai.com/gptbot)"
20.171.207.192 - - [18/Jul/2025:09:36:16 -0400] "GET /radio.php?edit=threadpool.c&path=%2Fopt%2Fcpanel%2Fea-ruby27%2Fsrc%2Fpassenger-release-6.0.23%2Fsrc%2Fcxx_supportlib%2Fvendor-copy%2Flibuv%2Fsrc HTTP/1.1" 200 3604 "-" "Mozilla/5.0 AppleWebKit/537.36 (KHTML, like Gecko; compatible; GPTBot/1.2; +https://openai.com/gptbot)"
34.233.114.237 - - [18/Jul/2025:09:36:17 -0400] "GET /well-known/acme-challenge/a/i/b/h/?MA HTTP/1.1" 200 560 "-" "Mozilla/5.0 AppleWebKit/537.36 (KHTML, like Gecko; compatible; Amazonbot/0.1; +https://developer.amazon.com/support/amazonbot) Chrome/119.0.6045.214 Safari/537.36"
20.171.207.192 - - [18/Jul/2025:09:36:20 -0400] "GET /radio.php?edit=jsonlint.js&path=%2Fvar%2Fsoftaculous%2Fsitepad%2Feditor%2Fsite-inc%2Fjs%2Fcodemirror HTTP/1.1" 200 5856 "-" "Mozilla/5.0 AppleWebKit/537.36 (KHTML, like Gecko; compatible; GPTBot/1.2; +https://openai.com/gptbot)"
3.226.34.98 - - [18/Jul/2025:09:36:21 -0400] "GET /well-known/acme-challenge/a/j/j/i/?SA HTTP/1.1" 200 561 "-" "Mozilla/5.0 AppleWebKit/537.36 (KHTML, like Gecko; compatible; Amazonbot/0.1; +https://developer.amazon.com/support/amazonbot) Chrome/119.0.6045.214 Safari/537.36"
20.171.207.192 - - [18/Jul/2025:09:36:21 -0400] "GET /radio.php?edit=document.png&path=%2Fvar%2Fsoftaculous%2Fsitepad%2Feditor%2Fsite-inc%2Fimages%2Fmedia HTTP/1.1" 200 906 "-" "Mozilla/5.0 AppleWebKit/537.36 (KHTML, like Gecko; compatible; GPTBot/1.2; +https://openai.com/gptbot)"
20.171.207.192 - - [18/Jul/2025:09:36:23 -0400] "GET /radio.php?edit=audio.png&path=%2Fvar%2Fsoftaculous%2Fsitepad%2Feditor%2Fsite-inc%2Fimages%2Fcrystal HTTP/1.1" 200 924 "-" "Mozilla/5.0 AppleWebKit/537.36 (KHTML, like Gecko; compatible; GPTBot/1.2; +https://openai.com/gptbot)"
20.171.207.192 - - [18/Jul/2025:09:36:25 -0400] "GET /radio.php?edit=old-logs.txt&path=%2Fvar%2Fsoftaculous%2Fsitepad%2Feditor%2Fsite-data%2Fplugins%2Fpagelayer HTTP/1.1" 200 14285 "-" "Mozilla/5.0 AppleWebKit/537.36 (KHTML, like Gecko; compatible; GPTBot/1.2; +https://openai.com/gptbot)"
20.171.207.192 - - [18/Jul/2025:09:36:27 -0400] "GET /radio.php?edit=htmlhint.js&path=%2Fvar%2Fsoftaculous%2Fsitepad%2Feditor%2Fsite-inc%2Fjs%2Fcodemirror HTTP/1.1" 200 7109 "-" "Mozilla/5.0 AppleWebKit/537.36 (KHTML, like Gecko; compatible; GPTBot/1.2; +https://openai.com/gptbot)"
52.3.102.51 - - [18/Jul/2025:09:36:29 -0400] "GET /well-known/acme-challenge/a/c/b/f/?SA HTTP/1.1" 200 562 "-" "Mozilla/5.0 AppleWebKit/537.36 (KHTML, like Gecko; compatible; Amazonbot/0.1; +https://developer.amazon.com/support/amazonbot) Chrome/119.0.6045.214 Safari/537.36"
20.171.207.192 - - [18/Jul/2025:09:36:30 -0400] "GET /radio.php?edit=icon_redface.gif&path=%2Fvar%2Fsoftaculous%2Fsitepad%2Feditor%2Fsite-inc%2Fimages%2Fsmilies HTTP/1.1" 200 1141 "-" "Mozilla/5.0 AppleWebKit/537.36 (KHTML, like Gecko; compatible; GPTBot/1.2; +https://openai.com/gptbot)"
44.217.177.142 - - [18/Jul/2025:09:36:34 -0400] "GET /well-known/acme-challenge/a/g/b/b/?MA HTTP/1.1" 200 561 "-" "Mozilla/5.0 AppleWebKit/537.36 (KHTML, like Gecko; compatible; Amazonbot/0.1; +https://developer.amazon.com/support/amazonbot) Chrome/119.0.6045.214 Safari/537.36"
20.171.207.192 - - [18/Jul/2025:09:36:26 -0400] "GET /radio.php?path=%2Fopt%2Falt%2Falt-nodejs22%2Froot%2Fusr%2Flib%2Fnode_modules%2Fnpm%2Fnode_modules.bundled%2Fci-info%2F.. HTTP/1.1" 200 2421 "-" "Mozilla/5.0 AppleWebKit/537.36 (KHTML, like Gecko; compatible; GPTBot/1.2; +https://openai.com/gptbot)"
66.249.65.98 - - [18/Jul/2025:09:36:26 -0400] "GET /product/R134?b=search&l=6922 HTTP/1.1" 404 1251 "-" "Mozilla/5.0 (Linux; Android 6.0.1; Nexus 5X Build/MMB29P) AppleWebKit/537.36 (KHTML, like Gecko) Chrome/137.0.7151.103 Mobile Safari/537.36 (compatible; Googlebot/2.1; +http://www.google.com/bot.html)"
20.171.207.192 - - [18/Jul/2025:09:36:28 -0400] "GET /radio.php?edit=license.txt&path=%2Fvar%2Fsoftaculous%2Fsitepad%2Feditor%2Fsite-inc%2Fjs%2Fplupload HTTP/1.1" 200 7804 "-" "Mozilla/5.0 AppleWebKit/537.36 (KHTML, like Gecko; compatible; GPTBot/1.2; +https://openai.com/gptbot)"
20.171.207.192 - - [18/Jul/2025:09:36:31 -0400] "GET /radio.php?edit=handlers.js&path=%2Fvar%2Fsoftaculous%2Fsitepad%2Feditor%2Fsite-inc%2Fjs%2Fswfupload HTTP/1.1" 200 1419 "-" "Mozilla/5.0 AppleWebKit/537.36 (KHTML, like Gecko; compatible; GPTBot/1.2; +https://openai.com/gptbot)"
20.171.207.192 - - [18/Jul/2025:09:36:32 -0400] "GET /radio.php?path=%2Fopt%2Falt%2Fpython37%2Flib%2Fpython3.7%2Fsite-packages%2Ffuture%2Fbackports%2Fxmlrpc HTTP/1.1" 200 813 "-" "Mozilla/5.0 AppleWebKit/537.36 (KHTML, like Gecko; compatible; GPTBot/1.2; +https://openai.com/gptbot)"
20.171.207.192 - - [18/Jul/2025:09:36:33 -0400] "GET /radio.php?path=%2Fopt%2Falt%2Fpython37%2Flib%2Fpython3.7%2Fsite-packages%2Fraven%2Fcontrib%2Fawslambda HTTP/1.1" 200 773 "-" "Mozilla/5.0 AppleWebKit/537.36 (KHTML, like Gecko; compatible; GPTBot/1.2; +https://openai.com/gptbot)"
20.171.207.192 - - [18/Jul/2025:09:36:38 -0400] "GET /radio.php?path=%2Fopt%2Falt%2Falt-nodejs18%2Froot%2Fusr%2Flib%2Fnode_modules%2Fnpm%2Fnode_modules.bundled%2Fpromise-call-limit%2Fdist%2Fcommonjs HTTP/1.1" 200 836 "-" "Mozilla/5.0 AppleWebKit/537.36 (KHTML, like Gecko; compatible; GPTBot/1.2; +https://openai.com/gptbot)"
20.171.207.192 - - [18/Jul/2025:09:36:39 -0400] "GET /radio.php?edit=gnomeglue.h&path=%2Fopt%2Falt%2Flibicu%2Fusr%2Fshare%2Fdoc%2Falt-libicu-devel%2Fsamples%2Flayout HTTP/1.1" 200 2127 "-" "Mozilla/5.0 AppleWebKit/537.36 (KHTML, like Gecko; compatible; GPTBot/1.2; +https://openai.com/gptbot)"
20.171.207.192 - - [18/Jul/2025:09:36:40 -0400] "GET /radio.php?edit=break.vcxproj&path=%2Fopt%2Falt%2Flibicu%2Fusr%2Fshare%2Fdoc%2Falt-libicu-devel%2Fsamples%2Fbreak HTTP/1.1" 200 2522 "-" "Mozilla/5.0 AppleWebKit/537.36 (KHTML, like Gecko; compatible; GPTBot/1.2; +https://openai.com/gptbot)"
20.171.207.192 - - [18/Jul/2025:09:36:41 -0400] "GET /radio.php?edit=ugrep.vcxproj&path=%2Fopt%2Falt%2Flibicu%2Fusr%2Fshare%2Fdoc%2Falt-libicu-devel%2Fsamples%2Fugrep HTTP/1.1" 200 2532 "-" "Mozilla/5.0 AppleWebKit/537.36 (KHTML, like Gecko; compatible; GPTBot/1.2; +https://openai.com/gptbot)"
44.215.235.20 - - [18/Jul/2025:09:36:41 -0400] "GET /well-known/acme-challenge/a/d/b/g/?MA HTTP/1.1" 200 560 "-" "Mozilla/5.0 AppleWebKit/537.36 (KHTML, like Gecko; compatible; Amazonbot/0.1; +https://developer.amazon.com/support/amazonbot) Chrome/119.0.6045.214 Safari/537.36"
20.171.207.192 - - [18/Jul/2025:09:36:42 -0400] "GET /radio.php?edit=Makefile.in&path=%2Fopt%2Falt%2Flibicu%2Fusr%2Fshare%2Fdoc%2Falt-libicu-devel%2Fsamples%2Flayout HTTP/1.1" 200 2947 "-" "Mozilla/5.0 AppleWebKit/537.36 (KHTML, like Gecko; compatible; GPTBot/1.2; +https://openai.com/gptbot)"
52.45.15.233 - - [18/Jul/2025:09:36:46 -0400] "GET /well-known/acme-challenge/a/f/h/j/?SA HTTP/1.1" 200 562 "-" "Mozilla/5.0 AppleWebKit/537.36 (KHTML, like Gecko; compatible; Amazonbot/0.1; +https://developer.amazon.com/support/amazonbot) Chrome/119.0.6045.214 Safari/537.36"
20.171.207.192 - - [18/Jul/2025:09:36:46 -0400] "GET /radio.php?path=%2Fopt%2Falt%2Fpython37%2Flib%2Fpython3.7%2Fsite-packages%2Fraven%2Fcontrib%2Fawslambda%2F__pycache__ HTTP/1.1" 200 786 "-" "Mozilla/5.0 AppleWebKit/537.36 (KHTML, like Gecko; compatible; GPTBot/1.2; +https://openai.com/gptbot)"
20.171.207.192 - - [18/Jul/2025:09:36:48 -0400] "GET /radio.php?edit=__init__.py&path=%2Fopt%2Falt%2Fpython37%2Flib%2Fpython3.7%2Fsite-packages%2Ffuture%2Fbackports%2Fxmlrpc HTTP/1.1" 200 891 "-" "Mozilla/5.0 AppleWebKit/537.36 (KHTML, like Gecko; compatible; GPTBot/1.2; +https://openai.com/gptbot)"
20.171.207.192 - - [18/Jul/2025:09:36:49 -0400] "GET /radio.php?path=%2Fopt%2Falt%2Fpython37%2Flib%2Fpython3.7%2Fsite-packages%2Ffuture%2Fbackports%2Femail%2F__pycache__ HTTP/1.1" 200 1212 "-" "Mozilla/5.0 AppleWebKit/537.36 (KHTML, like Gecko; compatible; GPTBot/1.2; +https://openai.com/gptbot)"
54.210.152.179 - - [18/Jul/2025:09:36:49 -0400] "GET /configVFD/Jump/ HTTP/1.1" 200 549 "-" "Mozilla/5.0 AppleWebKit/537.36 (KHTML, like Gecko; compatible; Amazonbot/0.1; +https://developer.amazon.com/support/amazonbot) Chrome/119.0.6045.214 Safari/537.36"
20.171.207.192 - - [18/Jul/2025:09:36:50 -0400] "GET /radio.php?path=%2Fopt%2Falt%2Fpython37%2Flib%2Fpython3.7%2Fsite-packages%2Ffuture%2Fbackports%2Femail%2F.. HTTP/1.1" 200 946 "-" "Mozilla/5.0 AppleWebKit/537.36 (KHTML, like Gecko; compatible; GPTBot/1.2; +https://openai.com/gptbot)"
216.73.216.60 - - [18/Jul/2025:09:36:54 -0400] "GET /radio.php?path=%2Fhome%2Fairtpgpx%2Ftmp%2F.. HTTP/1.1" 200 1191 "-" "Mozilla/5.0 AppleWebKit/537.36 (KHTML, like Gecko; compatible; ClaudeBot/1.0; +claudebot@anthropic.com)"
216.73.216.60 - - [18/Jul/2025:09:36:54 -0400] "GET /radio.php?path=%2Fhome%2Fairtpgpx%2Ftmp%2Fwebalizer HTTP/1.1" 200 735 "-" "Mozilla/5.0 AppleWebKit/537.36 (KHTML, like Gecko; compatible; ClaudeBot/1.0; +claudebot@anthropic.com)"
216.73.216.60 - - [18/Jul/2025:09:36:54 -0400] "GET /radio.php?path=%2Fhome%2Fairtpgpx%2Fpublic_ftp%2F.. HTTP/1.1" 200 1191 "-" "Mozilla/5.0 AppleWebKit/537.36 (KHTML, like Gecko; compatible; ClaudeBot/1.0; +claudebot@anthropic.com)"
20.171.207.192 - - [18/Jul/2025:09:36:54 -0400] "GET /radio.php?edit=__init__.py&path=%2Fopt%2Falt%2Fpython37%2Flib%2Fpython3.7%2Fsite-packages%2Ffuture%2Fbackports%2Femail HTTP/1.1" 200 1850 "-" "Mozilla/5.0 AppleWebKit/537.36 (KHTML, like Gecko; compatible; GPTBot/1.2; +https://openai.com/gptbot)"
20.171.207.192 - - [18/Jul/2025:09:36:55 -0400] "GET /radio.php?edit=__init__.py&path=%2Fopt%2Falt%2Fpython37%2Flib%2Fpython3.7%2Fsite-packages%2Fraven%2Fcontrib%2Fawslambda HTTP/1.1" 200 2740 "-" "Mozilla/5.0 AppleWebKit/537.36 (KHTML, like Gecko; compatible; GPTBot/1.2; +https://openai.com/gptbot)"
20.171.207.192 - - [18/Jul/2025:09:36:57 -0400] "GET /radio.php?path=%2Fopt%2Falt%2Fpython37%2Flib%2Fpython3.7%2Fsite-packages%2Fraven%2Fcontrib%2Fawslambda%2F__pycache__%2F.. HTTP/1.1" 200 773 "-" "Mozilla/5.0 AppleWebKit/537.36 (KHTML, like Gecko; compatible; GPTBot/1.2; +https://openai.com/gptbot)"
54.159.98.248 - - [18/Jul/2025:09:36:57 -0400] "GET /well-known/acme-challenge/a/f/a/f/?SA HTTP/1.1" 200 561 "-" "Mozilla/5.0 AppleWebKit/537.36 (KHTML, like Gecko; compatible; Amazonbot/0.1; +https://developer.amazon.com/support/amazonbot) Chrome/119.0.6045.214 Safari/537.36"
20.171.207.192 - - [18/Jul/2025:09:36:58 -0400] "GET /radio.php?path=%2Fopt%2Falt%2Fpython37%2Flib%2Fpython3.7%2Fsite-packages%2Ffuture%2Fbackports%2Fxmlrpc%2F__pycache__%2F.. HTTP/1.1" 200 813 "-" "Mozilla/5.0 AppleWebKit/537.36 (KHTML, like Gecko; compatible; GPTBot/1.2; +https://openai.com/gptbot)"
20.171.207.192 - - [18/Jul/2025:09:37:01 -0400] "GET /radio.php?edit=_header_value_parser.cpython-37.opt-1.pyc&path=%2Fopt%2Falt%2Fpython37%2Flib%2Fpython3.7%2Fsite-packages%2Ffuture%2Fbackports%2Femail%2F__pycache__ HTTP/1.1" 200 1332 "-" "Mozilla/5.0 AppleWebKit/537.36 (KHTML, like Gecko; compatible; GPTBot/1.2; +https://openai.com/gptbot)"
20.171.207.192 - - [18/Jul/2025:09:36:34 -0400] "GET /radio.php?path=%2Fopt%2Falt%2Fpython37%2Flib%2Fpython3.7%2Fsite-packages%2Ffuture%2Fbackports%2Femail HTTP/1.1" 200 1090 "-" "Mozilla/5.0 AppleWebKit/537.36 (KHTML, like Gecko; compatible; GPTBot/1.2; +https://openai.com/gptbot)"
20.171.207.192 - - [18/Jul/2025:09:36:35 -0400] "GET /radio.php?edit=wpspin.gif&path=%2Fvar%2Fsoftaculous%2Fsitepad%2Feditor%2Fsite-inc%2Fimages HTTP/1.1" 200 1143 "-" "Mozilla/5.0 AppleWebKit/537.36 (KHTML, like Gecko; compatible; GPTBot/1.2; +https://openai.com/gptbot)"
20.171.207.192 - - [18/Jul/2025:09:36:36 -0400] "GET /radio.php?edit=all-package-metadata.js&path=%2Fusr%2Flib%2Fnode_modules%2Fnpm%2Flib%2Fsearch HTTP/1.1" 200 4930 "-" "Mozilla/5.0 AppleWebKit/537.36 (KHTML, like Gecko; compatible; GPTBot/1.2; +https://openai.com/gptbot)"
34.233.114.237 - - [18/Jul/2025:09:36:38 -0400] "GET /well-known/acme-challenge/a/f/e/i/?MA HTTP/1.1" 200 560 "-" "Mozilla/5.0 AppleWebKit/537.36 (KHTML, like Gecko; compatible; Amazonbot/0.1; +https://developer.amazon.com/support/amazonbot) Chrome/119.0.6045.214 Safari/537.36"
2a03:2880:f800:1c:: - - [18/Jul/2025:09:36:43 -0400] "GET /223926554 HTTP/1.1" 404 1251 "-" "meta-externalagent/1.1 (+https://developers.facebook.com/docs/sharing/webmasters/crawler)"
20.171.207.192 - - [18/Jul/2025:09:36:43 -0400] "GET /radio.php?path=%2Fopt%2Falt%2Fpython37%2Flib%2Fpython3.7%2Fsite-packages%2Ffuture%2Fbackports%2Fxmlrpc%2F.. HTTP/1.1" 200 946 "-" "Mozilla/5.0 AppleWebKit/537.36 (KHTML, like Gecko; compatible; GPTBot/1.2; +https://openai.com/gptbot)"
20.171.207.192 - - [18/Jul/2025:09:36:45 -0400] "GET /radio.php?path=%2Fopt%2Falt%2Fpython37%2Flib%2Fpython3.7%2Fsite-packages%2Fraven%2Fcontrib%2Fawslambda%2F.. HTTP/1.1" 200 913 "-" "Mozilla/5.0 AppleWebKit/537.36 (KHTML, like Gecko; compatible; GPTBot/1.2; +https://openai.com/gptbot)"
20.171.207.192 - - [18/Jul/2025:09:36:47 -0400] "GET /radio.php?path=%2Fopt%2Falt%2Fpython37%2Flib%2Fpython3.7%2Fsite-packages%2Ffuture%2Fbackports%2Fxmlrpc%2F__pycache__ HTTP/1.1" 200 848 "-" "Mozilla/5.0 AppleWebKit/537.36 (KHTML, like Gecko; compatible; GPTBot/1.2; +https://openai.com/gptbot)"
20.171.207.192 - - [18/Jul/2025:09:36:52 -0400] "GET /radio.php?edit=policy.py&path=%2Fopt%2Falt%2Fpython37%2Flib%2Fpython3.7%2Fsite-packages%2Ffuture%2Fbackports%2Femail HTTP/1.1" 200 4200 "-" "Mozilla/5.0 AppleWebKit/537.36 (KHTML, like Gecko; compatible; GPTBot/1.2; +https://openai.com/gptbot)"
20.171.207.192 - - [18/Jul/2025:09:36:53 -0400] "GET /radio.php?path=%2Fopt%2Falt%2Falt-nodejs18%2Froot%2Fusr%2Flib%2Fnode_modules%2Fnpm%2Fnode_modules.bundled%2Fpromise-call-limit%2Fdist%2Fcommonjs%2F.. HTTP/1.1" 200 776 "-" "Mozilla/5.0 AppleWebKit/537.36 (KHTML, like Gecko; compatible; GPTBot/1.2; +https://openai.com/gptbot)"
3.213.85.234 - - [18/Jul/2025:09:36:53 -0400] "GET /well-known/acme-challenge/a/j/j/h/?SA HTTP/1.1" 200 561 "-" "Mozilla/5.0 AppleWebKit/537.36 (KHTML, like Gecko; compatible; Amazonbot/0.1; +https://developer.amazon.com/support/amazonbot) Chrome/119.0.6045.214 Safari/537.36"
216.73.216.60 - - [18/Jul/2025:09:36:54 -0400] "GET /radio.php?path=%2Fhome%2Fairtpgpx%2Fjpmlworkforce.com%2F95be14df HTTP/1.1" 200 640 "-" "Mozilla/5.0 AppleWebKit/537.36 (KHTML, like Gecko; compatible; ClaudeBot/1.0; +claudebot@anthropic.com)"
20.171.207.192 - - [18/Jul/2025:09:36:56 -0400] "GET /radio.php?edit=_header_value_parser.py&path=%2Fopt%2Falt%2Fpython37%2Flib%2Fpython3.7%2Fsite-packages%2Ffuture%2Fbackports%2Femail HTTP/1.1" 200 24865 "-" "Mozilla/5.0 AppleWebKit/537.36 (KHTML, like Gecko; compatible; GPTBot/1.2; +https://openai.com/gptbot)"
20.171.207.192 - - [18/Jul/2025:09:36:59 -0400] "GET /radio.php?edit=server.cpython-37.opt-1.pyc&path=%2Fopt%2Falt%2Fpython37%2Flib%2Fpython3.7%2Fsite-packages%2Ffuture%2Fbackports%2Fxmlrpc%2F__pycache__ HTTP/1.1" 200 915 "-" "Mozilla/5.0 AppleWebKit/537.36 (KHTML, like Gecko; compatible; GPTBot/1.2; +https://openai.com/gptbot)"
20.171.207.192 - - [18/Jul/2025:09:37:02 -0400] "GET /radio.php?path=%2Fopt%2Falt%2Fpython37%2Flib%2Fpython3.7%2Fsite-packages%2Ffuture%2Fbackports%2Femail%2F__pycache__%2F.. HTTP/1.1" 200 1090 "-" "Mozilla/5.0 AppleWebKit/537.36 (KHTML, like Gecko; compatible; GPTBot/1.2; +https://openai.com/gptbot)"
20.171.207.192 - - [18/Jul/2025:09:37:03 -0400] "GET /radio.php?edit=policy.cpython-37.opt-1.pyc&path=%2Fopt%2Falt%2Fpython37%2Flib%2Fpython3.7%2Fsite-packages%2Ffuture%2Fbackports%2Femail%2F__pycache__ HTTP/1.1" 200 1333 "-" "Mozilla/5.0 AppleWebKit/537.36 (KHTML, like Gecko; compatible; GPTBot/1.2; +https://openai.com/gptbot)"
20.171.207.192 - - [18/Jul/2025:09:37:05 -0400] "GET /radio.php?edit=base64mime.cpython-37.opt-1.pyc&path=%2Fopt%2Falt%2Fpython37%2Flib%2Fpython3.7%2Fsite-packages%2Ffuture%2Fbackports%2Femail%2F__pycache__ HTTP/1.1" 200 1276 "-" "Mozilla/5.0 AppleWebKit/537.36 (KHTML, like Gecko; compatible; GPTBot/1.2; +https://openai.com/gptbot)"
20.171.207.192 - - [18/Jul/2025:09:37:07 -0400] "GET /radio.php?edit=_encoded_words.cpython-37.opt-1.pyc&path=%2Fopt%2Falt%2Fpython37%2Flib%2Fpython3.7%2Fsite-packages%2Ffuture%2Fbackports%2Femail%2F__pycache__ HTTP/1.1" 200 1276 "-" "Mozilla/5.0 AppleWebKit/537.36 (KHTML, like Gecko; compatible; GPTBot/1.2; +https://openai.com/gptbot)"
52.3.102.51 - - [18/Jul/2025:09:37:09 -0400] "GET /well-known/acme-challenge/a/h/j/c/?MA HTTP/1.1" 200 560 "-" "Mozilla/5.0 AppleWebKit/537.36 (KHTML, like Gecko; compatible; Amazonbot/0.1; +https://developer.amazon.com/support/amazonbot) Chrome/119.0.6045.214 Safari/537.36"
20.171.207.192 - - [18/Jul/2025:09:37:11 -0400] "GET /radio.php?edit=__init__.cpython-37.opt-1.pyc&path=%2Fopt%2Falt%2Fpython37%2Flib%2Fpython3.7%2Fsite-packages%2Ffuture%2Fbackports%2Femail%2F__pycache__ HTTP/1.1" 200 1279 "-" "Mozilla/5.0 AppleWebKit/537.36 (KHTML, like Gecko; compatible; GPTBot/1.2; +https://openai.com/gptbot)"
20.171.207.192 - - [18/Jul/2025:09:37:13 -0400] "GET /radio.php?edit=__init__.cpython-37.opt-1.pyc&path=%2Fopt%2Falt%2Fpython37%2Flib%2Fpython3.7%2Fsite-packages%2Ffuture%2Fbackports%2Fxmlrpc%2F__pycache__ HTTP/1.1" 200 912 "-" "Mozilla/5.0 AppleWebKit/537.36 (KHTML, like Gecko; compatible; GPTBot/1.2; +https://openai.com/gptbot)"
20.171.207.192 - - [18/Jul/2025:09:37:15 -0400] "GET /radio.php?edit=__init__.cpython-37.pyc&path=%2Fopt%2Falt%2Fpython37%2Flib%2Fpython3.7%2Fsite-packages%2Ffuture%2Fbackports%2Femail%2F__pycache__ HTTP/1.1" 200 1276 "-" "Mozilla/5.0 AppleWebKit/537.36 (KHTML, like Gecko; compatible; GPTBot/1.2; +https://openai.com/gptbot)"
20.171.207.192 - - [18/Jul/2025:09:37:18 -0400] "GET /radio.php?edit=errors.cpython-37.opt-1.pyc&path=%2Fopt%2Falt%2Fpython37%2Flib%2Fpython3.7%2Fsite-packages%2Ffuture%2Fbackports%2Femail%2F__pycache__ HTTP/1.1" 200 1332 "-" "Mozilla/5.0 AppleWebKit/537.36 (KHTML, like Gecko; compatible; GPTBot/1.2; +https://openai.com/gptbot)"
20.171.207.192 - - [18/Jul/2025:09:37:19 -0400] "GET /radio.php?edit=_policybase.cpython-37.opt-1.pyc&path=%2Fopt%2Falt%2Fpython37%2Flib%2Fpython3.7%2Fsite-packages%2Ffuture%2Fbackports%2Femail%2F__pycache__ HTTP/1.1" 200 1337 "-" "Mozilla/5.0 AppleWebKit/537.36 (KHTML, like Gecko; compatible; GPTBot/1.2; +https://openai.com/gptbot)"
20.171.207.192 - - [18/Jul/2025:09:37:20 -0400] "GET /radio.php?edit=_parseaddr.cpython-37.opt-1.pyc&path=%2Fopt%2Falt%2Fpython37%2Flib%2Fpython3.7%2Fsite-packages%2Ffuture%2Fbackports%2Femail%2F__pycache__ HTTP/1.1" 200 1335 "-" "Mozilla/5.0 AppleWebKit/537.36 (KHTML, like Gecko; compatible; GPTBot/1.2; +https://openai.com/gptbot)"
100.28.118.16 - - [18/Jul/2025:09:37:21 -0400] "GET /well-known/acme-challenge/a/c/b/b/?MA HTTP/1.1" 200 560 "-" "Mozilla/5.0 AppleWebKit/537.36 (KHTML, like Gecko; compatible; Amazonbot/0.1; +https://developer.amazon.com/support/amazonbot) Chrome/119.0.6045.214 Safari/537.36"
3.212.205.90 - - [18/Jul/2025:09:37:01 -0400] "GET /well-known/acme-challenge/a/e/f/j/?SA HTTP/1.1" 200 562 "-" "Mozilla/5.0 AppleWebKit/537.36 (KHTML, like Gecko; compatible; Amazonbot/0.1; +https://developer.amazon.com/support/amazonbot) Chrome/119.0.6045.214 Safari/537.36"
20.171.207.192 - - [18/Jul/2025:09:37:04 -0400] "GET /radio.php?edit=policy.cpython-37.pyc&path=%2Fopt%2Falt%2Fpython37%2Flib%2Fpython3.7%2Fsite-packages%2Ffuture%2Fbackports%2Femail%2F__pycache__ HTTP/1.1" 200 1274 "-" "Mozilla/5.0 AppleWebKit/537.36 (KHTML, like Gecko; compatible; GPTBot/1.2; +https://openai.com/gptbot)"
34.227.156.153 - - [18/Jul/2025:09:37:05 -0400] "GET /well-known/acme-challenge/a/d/e/a/?MA HTTP/1.1" 200 560 "-" "Mozilla/5.0 AppleWebKit/537.36 (KHTML, like Gecko; compatible; Amazonbot/0.1; +https://developer.amazon.com/support/amazonbot) Chrome/119.0.6045.214 Safari/537.36"
20.171.207.192 - - [18/Jul/2025:09:37:08 -0400] "GET /radio.php?edit=quoprimime.cpython-37.opt-1.pyc&path=%2Fopt%2Falt%2Fpython37%2Flib%2Fpython3.7%2Fsite-packages%2Ffuture%2Fbackports%2Femail%2F__pycache__ HTTP/1.1" 200 1276 "-" "Mozilla/5.0 AppleWebKit/537.36 (KHTML, like Gecko; compatible; GPTBot/1.2; +https://openai.com/gptbot)"
20.171.207.192 - - [18/Jul/2025:09:37:09 -0400] "GET /radio.php?edit=base64mime.cpython-37.pyc&path=%2Fopt%2Falt%2Fpython37%2Flib%2Fpython3.7%2Fsite-packages%2Ffuture%2Fbackports%2Femail%2F__pycache__ HTTP/1.1" 200 1335 "-" "Mozilla/5.0 AppleWebKit/537.36 (KHTML, like Gecko; compatible; GPTBot/1.2; +https://openai.com/gptbot)"
20.171.207.192 - - [18/Jul/2025:09:37:10 -0400] "GET /radio.php?edit=__init__.cpython-37.pyc&path=%2Fopt%2Falt%2Fpython37%2Flib%2Fpython3.7%2Fsite-packages%2Ffuture%2Fbackports%2Fxmlrpc%2F__pycache__ HTTP/1.1" 200 913 "-" "Mozilla/5.0 AppleWebKit/537.36 (KHTML, like Gecko; compatible; GPTBot/1.2; +https://openai.com/gptbot)"
20.171.207.192 - - [18/Jul/2025:09:37:12 -0400] "GET /radio.php?edit=__init__.cpython-37.pyc&path=%2Fopt%2Falt%2Fpython37%2Flib%2Fpython3.7%2Fsite-packages%2Fraven%2Fcontrib%2Fawslambda%2F__pycache__ HTTP/1.1" 200 852 "-" "Mozilla/5.0 AppleWebKit/537.36 (KHTML, like Gecko; compatible; GPTBot/1.2; +https://openai.com/gptbot)"
