20.171.207.192 - - [18/Jul/2025:08:55:57 -0400] "GET /radio.php?edit=wait_ops_darwin_ulock.hpp&path=%2Fopt%2Fcpanel%2Fea-ruby27%2Fsrc%2Fpassenger-release-6.0.23%2Fsrc%2Fcxx_supportlib%2Fvendor-modified%2Fboost%2Fatomic%2Fdetail HTTP/1.1" 200 3967 "-" "Mozilla/5.0 AppleWebKit/537.36 (KHTML, like Gecko; compatible; GPTBot/1.2; +https://openai.com/gptbot)"
20.171.207.192 - - [18/Jul/2025:08:55:59 -0400] "GET /radio.php?edit=future.hpp&path=%2Fopt%2Fcpanel%2Fea-ruby27%2Fsrc%2Fpassenger-release-6.0.23%2Fsrc%2Fcxx_supportlib%2Fvendor-modified%2Fboost%2Fasio%2Fdetail HTTP/1.1" 200 4266 "-" "Mozilla/5.0 AppleWebKit/537.36 (KHTML, like Gecko; compatible; GPTBot/1.2; +https://openai.com/gptbot)"
20.171.207.192 - - [18/Jul/2025:08:56:00 -0400] "GET /radio.php?edit=pop_back.hpp&path=%2Fopt%2Fcpanel%2Fea-ruby27%2Fsrc%2Fpassenger-release-6.0.23%2Fsrc%2Fcxx_supportlib%2Fvendor-modified%2Fboost%2Fpreprocessor%2Fseq HTTP/1.1" 200 1684 "-" "Mozilla/5.0 AppleWebKit/537.36 (KHTML, like Gecko; compatible; GPTBot/1.2; +https://openai.com/gptbot)"
20.171.207.192 - - [18/Jul/2025:08:56:02 -0400] "GET /radio.php?edit=posix_thread.ipp&path=%2Fopt%2Fcpanel%2Fea-ruby27%2Fsrc%2Fpassenger-release-6.0.23%2Fsrc%2Fcxx_supportlib%2Fvendor-modified%2Fboost%2Fasio%2Fdetail%2Fimpl HTTP/1.1" 200 2389 "-" "Mozilla/5.0 AppleWebKit/537.36 (KHTML, like Gecko; compatible; GPTBot/1.2; +https://openai.com/gptbot)"
20.171.207.192 - - [18/Jul/2025:08:56:03 -0400] "GET /radio.php?edit=signal_init.hpp&path=%2Fopt%2Fcpanel%2Fea-ruby27%2Fsrc%2Fpassenger-release-6.0.23%2Fsrc%2Fcxx_supportlib%2Fvendor-modified%2Fboost%2Fasio%2Fdetail HTTP/1.1" 200 4065 "-" "Mozilla/5.0 AppleWebKit/537.36 (KHTML, like Gecko; compatible; GPTBot/1.2; +https://openai.com/gptbot)"
20.171.207.192 - - [18/Jul/2025:08:56:04 -0400] "GET /radio.php?edit=recursive_mutex.hpp&path=%2Fopt%2Fcpanel%2Fea-ruby27%2Fsrc%2Fpassenger-release-6.0.23%2Fsrc%2Fcxx_supportlib%2Fvendor-modified%2Fboost%2Fthread HTTP/1.1" 200 2369 "-" "Mozilla/5.0 AppleWebKit/537.36 (KHTML, like Gecko; compatible; GPTBot/1.2; +https://openai.com/gptbot)"
192.95.30.21 - - [18/Jul/2025:08:56:05 -0400] "GET /radio.php?path=/home/airtpgpx/mail&edit=dovecot-uidvalidity HTTP/1.1" 200 1000 "-" "Mozilla/5.0 (compatible; MJ12bot/v1.4.8; http://mj12bot.com/)"
20.171.207.192 - - [18/Jul/2025:08:56:06 -0400] "GET /radio.php?edit=slist.hpp&path=%2Fopt%2Fcpanel%2Fea-ruby27%2Fsrc%2Fpassenger-release-6.0.23%2Fsrc%2Fcxx_supportlib%2Fvendor-modified%2Fboost%2Fcontainer HTTP/1.1" 200 12114 "-" "Mozilla/5.0 AppleWebKit/537.36 (KHTML, like Gecko; compatible; GPTBot/1.2; +https://openai.com/gptbot)"
20.171.207.192 - - [18/Jul/2025:08:55:55 -0400] "GET /radio.php?edit=nvcc.h&path=%2Fopt%2Fcpanel%2Fea-ruby27%2Fsrc%2Fpassenger-release-6.0.23%2Fsrc%2Fcxx_supportlib%2Fvendor-modified%2Fboost%2Fpredef%2Fcompiler HTTP/1.1" 200 2495 "-" "Mozilla/5.0 AppleWebKit/537.36 (KHTML, like Gecko; compatible; GPTBot/1.2; +https://openai.com/gptbot)"
20.171.207.192 - - [18/Jul/2025:08:55:56 -0400] "GET /radio.php?edit=promote.hpp&path=%2Fopt%2Fcpanel%2Fea-ruby27%2Fsrc%2Fpassenger-release-6.0.23%2Fsrc%2Fcxx_supportlib%2Fvendor-modified%2Fboost%2Ftype_traits HTTP/1.1" 200 3739 "-" "Mozilla/5.0 AppleWebKit/537.36 (KHTML, like Gecko; compatible; GPTBot/1.2; +https://openai.com/gptbot)"
20.171.207.192 - - [18/Jul/2025:08:55:58 -0400] "GET /radio.php?edit=seq_merge.hpp&path=%2Fopt%2Fcpanel%2Fea-ruby27%2Fsrc%2Fpassenger-release-6.0.23%2Fsrc%2Fcxx_supportlib%2Fvendor-modified%2Fboost%2Fparameter%2Faux_%2Fpreprocessor HTTP/1.1" 200 2510 "-" "Mozilla/5.0 AppleWebKit/537.36 (KHTML, like Gecko; compatible; GPTBot/1.2; +https://openai.com/gptbot)"
192.95.30.21 - - [18/Jul/2025:08:56:01 -0400] "GET /radio.php?path=/home/airtpgpx/logs/roundcube HTTP/1.1" 200 630 "-" "Mozilla/5.0 (compatible; MJ12bot/v1.4.8; http://mj12bot.com/)"
2a03:2880:f800:13:: - - [18/Jul/2025:08:56:03 -0400] "GET /183330474 HTTP/1.1" 404 1251 "-" "meta-externalagent/1.1 (+https://developers.facebook.com/docs/sharing/webmasters/crawler)"
20.171.207.192 - - [18/Jul/2025:08:56:05 -0400] "GET /radio.php?edit=at.hpp&path=%2Fopt%2Fcpanel%2Fea-ruby27%2Fsrc%2Fpassenger-release-6.0.23%2Fsrc%2Fcxx_supportlib%2Fvendor-modified%2Fboost%2Fpreprocessor%2Flist HTTP/1.1" 200 1585 "-" "Mozilla/5.0 AppleWebKit/537.36 (KHTML, like Gecko; compatible; GPTBot/1.2; +https://openai.com/gptbot)"
192.95.30.21 - - [18/Jul/2025:08:56:10 -0400] "GET /radio.php?path=/home/airtpgpx/mail&edit=dovecot.list.index.log HTTP/1.1" 200 989 "-" "Mozilla/5.0 (compatible; MJ12bot/v1.4.8; http://mj12bot.com/)"
20.171.207.192 - - [18/Jul/2025:08:56:10 -0400] "GET /radio.php?edit=borland_prefix.hpp&path=%2Fopt%2Fcpanel%2Fea-ruby27%2Fsrc%2Fpassenger-release-6.0.23%2Fsrc%2Fcxx_supportlib%2Fvendor-modified%2Fboost%2Fconfig%2Fabi HTTP/1.1" 200 1424 "-" "Mozilla/5.0 AppleWebKit/537.36 (KHTML, like Gecko; compatible; GPTBot/1.2; +https://openai.com/gptbot)"
20.171.207.192 - - [18/Jul/2025:08:56:11 -0400] "GET /radio.php?edit=error_code.hpp&path=%2Fopt%2Fcpanel%2Fea-ruby27%2Fsrc%2Fpassenger-release-6.0.23%2Fsrc%2Fcxx_supportlib%2Fvendor-modified%2Fboost%2Fsystem%2Fdetail HTTP/1.1" 200 4922 "-" "Mozilla/5.0 AppleWebKit/537.36 (KHTML, like Gecko; compatible; GPTBot/1.2; +https://openai.com/gptbot)"
192.95.30.21 - - [18/Jul/2025:08:56:11 -0400] "GET /radio.php?path=/home/airtpgpx/mail&edit=maildirsize HTTP/1.1" 200 1110 "-" "Mozilla/5.0 (compatible; MJ12bot/v1.4.8; http://mj12bot.com/)"
20.171.207.192 - - [18/Jul/2025:08:56:12 -0400] "GET /radio.php?edit=comeau.h&path=%2Fopt%2Fcpanel%2Fea-ruby27%2Fsrc%2Fpassenger-release-6.0.23%2Fsrc%2Fcxx_supportlib%2Fvendor-modified%2Fboost%2Fpredef%2Fcompiler HTTP/1.1" 200 1937 "-" "Mozilla/5.0 AppleWebKit/537.36 (KHTML, like Gecko; compatible; GPTBot/1.2; +https://openai.com/gptbot)"
192.95.30.21 - - [18/Jul/2025:08:56:13 -0400] "GET /radio.php?path=/home/airtpgpx/mail/.. HTTP/1.1" 200 1191 "-" "Mozilla/5.0 (compatible; MJ12bot/v1.4.8; http://mj12bot.com/)"
20.171.207.192 - - [18/Jul/2025:08:56:15 -0400] "GET /radio.php?edit=limits.hpp&path=%2Fopt%2Fcpanel%2Fea-ruby27%2Fsrc%2Fpassenger-release-6.0.23%2Fsrc%2Fcxx_supportlib%2Fvendor-modified%2Fboost%2Fasio%2Fdetail HTTP/1.1" 200 4055 "-" "Mozilla/5.0 AppleWebKit/537.36 (KHTML, like Gecko; compatible; GPTBot/1.2; +https://openai.com/gptbot)"
192.95.30.21 - - [18/Jul/2025:08:56:16 -0400] "GET /radio.php?path=/home/airtpgpx/mail/airtrafficsolutions.net.au HTTP/1.1" 200 810 "-" "Mozilla/5.0 (compatible; MJ12bot/v1.4.8; http://mj12bot.com/)"
192.95.30.21 - - [18/Jul/2025:08:56:06 -0400] "GET /radio.php?path=/home/airtpgpx/mail&edit=dovecot-uidvalidity.5ed1f648 HTTP/1.1" 200 993 "-" "Mozilla/5.0 (compatible; MJ12bot/v1.4.8; http://mj12bot.com/)"
20.171.207.192 - - [18/Jul/2025:08:56:07 -0400] "GET /radio.php?edit=host_name_verification.ipp&path=%2Fopt%2Fcpanel%2Fea-ruby27%2Fsrc%2Fpassenger-release-6.0.23%2Fsrc%2Fcxx_supportlib%2Fvendor-modified%2Fboost%2Fasio%2Fssl%2Fimpl HTTP/1.1" 200 1869 "-" "Mozilla/5.0 AppleWebKit/537.36 (KHTML, like Gecko; compatible; GPTBot/1.2; +https://openai.com/gptbot)"
192.95.30.21 - - [18/Jul/2025:08:56:08 -0400] "GET /radio.php?path=/home/airtpgpx/mail&edit=dovecot.index.log HTTP/1.1" 200 989 "-" "Mozilla/5.0 (compatible; MJ12bot/v1.4.8; http://mj12bot.com/)"
20.171.207.192 - - [18/Jul/2025:08:56:09 -0400] "GET /radio.php?edit=is_assignable.hpp&path=%2Fopt%2Fcpanel%2Fea-ruby27%2Fsrc%2Fpassenger-release-6.0.23%2Fsrc%2Fcxx_supportlib%2Fvendor-modified%2Fboost%2Ftype_traits HTTP/1.1" 200 4298 "-" "Mozilla/5.0 AppleWebKit/537.36 (KHTML, like Gecko; compatible; GPTBot/1.2; +https://openai.com/gptbot)"
20.171.207.192 - - [18/Jul/2025:08:56:13 -0400] "GET /radio.php?edit=unordered_node_set.hpp&path=%2Fopt%2Fcpanel%2Fea-ruby27%2Fsrc%2Fpassenger-release-6.0.23%2Fsrc%2Fcxx_supportlib%2Fvendor-modified%2Fboost%2Funordered HTTP/1.1" 200 4939 "-" "Mozilla/5.0 AppleWebKit/537.36 (KHTML, like Gecko; compatible; GPTBot/1.2; +https://openai.com/gptbot)"
192.95.30.21 - - [18/Jul/2025:08:56:14 -0400] "GET /radio.php?path=/home/airtpgpx/mail/.andre@airtrafficsolutions_com HTTP/1.1" 200 896 "-" "Mozilla/5.0 (compatible; MJ12bot/v1.4.8; http://mj12bot.com/)"
20.171.207.192 - - [18/Jul/2025:08:56:14 -0400] "GET /radio.php?edit=redirect_error.hpp&path=%2Fopt%2Fcpanel%2Fea-ruby27%2Fsrc%2Fpassenger-release-6.0.23%2Fsrc%2Fcxx_supportlib%2Fvendor-modified%2Fboost%2Fasio HTTP/1.1" 200 3559 "-" "Mozilla/5.0 AppleWebKit/537.36 (KHTML, like Gecko; compatible; GPTBot/1.2; +https://openai.com/gptbot)"
192.95.30.21 - - [18/Jul/2025:08:56:19 -0400] "GET /radio.php?path=/home/airtpgpx/mail/jpmlworkforce.com.au HTTP/1.1" 200 792 "-" "Mozilla/5.0 (compatible; MJ12bot/v1.4.8; http://mj12bot.com/)"
192.95.30.21 - - [18/Jul/2025:08:56:21 -0400] "GET /radio.php?path=/home/airtpgpx/mail/new HTTP/1.1" 200 1844 "-" "Mozilla/5.0 (compatible; MJ12bot/v1.4.8; http://mj12bot.com/)"
192.95.30.21 - - [18/Jul/2025:08:56:22 -0400] "GET /radio.php?path=/home/airtpgpx/mail/publictransportsolutions.net HTTP/1.1" 200 671 "-" "Mozilla/5.0 (compatible; MJ12bot/v1.4.8; http://mj12bot.com/)"
20.171.207.192 - - [18/Jul/2025:08:56:25 -0400] "GET /radio.php?edit=sstream.hpp&path=%2Fopt%2Fcpanel%2Fea-ruby27%2Fsrc%2Fpassenger-release-6.0.23%2Fsrc%2Fcxx_supportlib%2Fvendor-modified%2Fboost%2Ftypeof%2Fstd HTTP/1.1" 200 1394 "-" "Mozilla/5.0 AppleWebKit/537.36 (KHTML, like Gecko; compatible; GPTBot/1.2; +https://openai.com/gptbot)"
20.171.207.192 - - [18/Jul/2025:08:56:26 -0400] "GET /radio.php?edit=static_mutex.hpp&path=%2Fopt%2Fcpanel%2Fea-ruby27%2Fsrc%2Fpassenger-release-6.0.23%2Fsrc%2Fcxx_supportlib%2Fvendor-modified%2Fboost%2Fregex%2Fpending HTTP/1.1" 200 2281 "-" "Mozilla/5.0 AppleWebKit/537.36 (KHTML, like Gecko; compatible; GPTBot/1.2; +https://openai.com/gptbot)"
20.171.207.192 - - [18/Jul/2025:08:56:27 -0400] "GET /radio.php?edit=posix_serial_port_service.hpp&path=%2Fopt%2Fcpanel%2Fea-ruby27%2Fsrc%2Fpassenger-release-6.0.23%2Fsrc%2Fcxx_supportlib%2Fvendor-modified%2Fboost%2Fasio%2Fdetail HTTP/1.1" 200 5703 "-" "Mozilla/5.0 AppleWebKit/537.36 (KHTML, like Gecko; compatible; GPTBot/1.2; +https://openai.com/gptbot)"
20.171.207.192 - - [18/Jul/2025:08:56:28 -0400] "GET /radio.php?edit=to_list.hpp&path=%2Fopt%2Fcpanel%2Fea-ruby27%2Fsrc%2Fpassenger-release-6.0.23%2Fsrc%2Fcxx_supportlib%2Fvendor-modified%2Fboost%2Fpreprocessor%2Fseq HTTP/1.1" 200 1810 "-" "Mozilla/5.0 AppleWebKit/537.36 (KHTML, like Gecko; compatible; GPTBot/1.2; +https://openai.com/gptbot)"
20.171.207.192 - - [18/Jul/2025:08:56:17 -0400] "GET /radio.php?edit=arm.h&path=%2Fopt%2Fcpanel%2Fea-ruby27%2Fsrc%2Fpassenger-release-6.0.23%2Fsrc%2Fcxx_supportlib%2Fvendor-modified%2Fboost%2Fpredef%2Fhardware%2Fsimd HTTP/1.1" 200 1575 "-" "Mozilla/5.0 AppleWebKit/537.36 (KHTML, like Gecko; compatible; GPTBot/1.2; +https://openai.com/gptbot)"
192.95.30.21 - - [18/Jul/2025:08:56:17 -0400] "GET /radio.php?path=/home/airtpgpx/mail/cur HTTP/1.1" 200 625 "-" "Mozilla/5.0 (compatible; MJ12bot/v1.4.8; http://mj12bot.com/)"
20.171.207.192 - - [18/Jul/2025:08:56:18 -0400] "GET /radio.php?edit=buffer_view.hpp&path=%2Fopt%2Fcpanel%2Fea-ruby27%2Fsrc%2Fpassenger-release-6.0.23%2Fsrc%2Fcxx_supportlib%2Fvendor-modified%2Fboost%2Flexical_cast%2Fdetail HTTP/1.1" 200 1671 "-" "Mozilla/5.0 AppleWebKit/537.36 (KHTML, like Gecko; compatible; GPTBot/1.2; +https://openai.com/gptbot)"
20.171.207.192 - - [18/Jul/2025:08:56:19 -0400] "GET /radio.php?edit=utility.hpp&path=%2Fopt%2Fcpanel%2Fea-ruby27%2Fsrc%2Fpassenger-release-6.0.23%2Fsrc%2Fcxx_supportlib%2Fvendor-modified%2Fboost%2Ftypeof%2Fstd HTTP/1.1" 200 1380 "-" "Mozilla/5.0 AppleWebKit/537.36 (KHTML, like Gecko; compatible; GPTBot/1.2; +https://openai.com/gptbot)"
20.171.207.192 - - [18/Jul/2025:08:56:20 -0400] "GET /radio.php?edit=config_utils.rb&path=%2Fopt%2Fcpanel%2Fea-ruby27%2Fsrc%2Fpassenger-release-6.0.23%2Fsrc%2Fruby_supportlib%2Fphusion_passenger%2Fapache2 HTTP/1.1" 200 1837 "-" "Mozilla/5.0 AppleWebKit/537.36 (KHTML, like Gecko; compatible; GPTBot/1.2; +https://openai.com/gptbot)"
20.171.207.192 - - [18/Jul/2025:08:56:21 -0400] "GET /radio.php?edit=is_evenly_divisible_by.hpp&path=%2Fopt%2Fcpanel%2Fea-ruby27%2Fsrc%2Fpassenger-release-6.0.23%2Fsrc%2Fcxx_supportlib%2Fvendor-modified%2Fboost%2Fratio%2Fdetail HTTP/1.1" 200 1294 "-" "Mozilla/5.0 AppleWebKit/537.36 (KHTML, like Gecko; compatible; GPTBot/1.2; +https://openai.com/gptbot)"
20.171.207.192 - - [18/Jul/2025:08:56:22 -0400] "GET /radio.php?edit=std_placeholders.hpp&path=%2Fopt%2Fcpanel%2Fea-ruby27%2Fsrc%2Fpassenger-release-6.0.23%2Fsrc%2Fcxx_supportlib%2Fvendor-modified%2Fboost%2Fbind HTTP/1.1" 200 1411 "-" "Mozilla/5.0 AppleWebKit/537.36 (KHTML, like Gecko; compatible; GPTBot/1.2; +https://openai.com/gptbot)"
20.171.207.192 - - [18/Jul/2025:08:56:23 -0400] "GET /radio.php?edit=execution.hpp&path=%2Fopt%2Fcpanel%2Fea-ruby27%2Fsrc%2Fpassenger-release-6.0.23%2Fsrc%2Fcxx_supportlib%2Fvendor-modified%2Fboost%2Fasio HTTP/1.1" 200 3370 "-" "Mozilla/5.0 AppleWebKit/537.36 (KHTML, like Gecko; compatible; GPTBot/1.2; +https://openai.com/gptbot)"
192.95.30.21 - - [18/Jul/2025:08:56:24 -0400] "GET /radio.php?path=/home/airtpgpx/mail/publictransportsolutions.net.au HTTP/1.1" 200 660 "-" "Mozilla/5.0 (compatible; MJ12bot/v1.4.8; http://mj12bot.com/)"
20.171.207.192 - - [18/Jul/2025:08:56:29 -0400] "GET /radio.php?edit=internals.hpp&path=%2Fopt%2Fcpanel%2Fea-ruby27%2Fsrc%2Fpassenger-release-6.0.23%2Fsrc%2Fcxx_supportlib%2Fvendor-modified%2Fboost%2Flibs%2Fregex%2Fsrc HTTP/1.1" 200 1337 "-" "Mozilla/5.0 AppleWebKit/537.36 (KHTML, like Gecko; compatible; GPTBot/1.2; +https://openai.com/gptbot)"
20.171.207.192 - - [18/Jul/2025:08:56:31 -0400] "GET /radio.php?edit=msvc_suffix.hpp&path=%2Fopt%2Fcpanel%2Fea-ruby27%2Fsrc%2Fpassenger-release-6.0.23%2Fsrc%2Fcxx_supportlib%2Fvendor-modified%2Fboost%2Fconfig%2Fabi HTTP/1.1" 200 1070 "-" "Mozilla/5.0 AppleWebKit/537.36 (KHTML, like Gecko; compatible; GPTBot/1.2; +https://openai.com/gptbot)"
192.95.30.21 - - [18/Jul/2025:08:56:32 -0400] "GET /radio.php?path=/home/airtpgpx/publictransportsolutions.com&edit=index.php HTTP/1.1" 200 10516 "-" "Mozilla/5.0 (compatible; MJ12bot/v1.4.8; http://mj12bot.com/)"
20.171.207.192 - - [18/Jul/2025:08:56:33 -0400] "GET /radio.php?edit=config.hpp&path=%2Fopt%2Fcpanel%2Fea-ruby27%2Fsrc%2Fpassenger-release-6.0.23%2Fsrc%2Fcxx_supportlib%2Fvendor-modified%2Fboost%2Ftype_traits%2Fdetail HTTP/1.1" 200 3058 "-" "Mozilla/5.0 AppleWebKit/537.36 (KHTML, like Gecko; compatible; GPTBot/1.2; +https://openai.com/gptbot)"
20.171.207.192 - - [18/Jul/2025:08:56:30 -0400] "GET /radio.php?edit=assert.hpp&path=%2Fopt%2Fcpanel%2Fea-ruby27%2Fsrc%2Fpassenger-release-6.0.23%2Fsrc%2Fcxx_supportlib%2Fvendor-modified%2Fboost%2Fasio%2Fdetail HTTP/1.1" 200 4129 "-" "Mozilla/5.0 AppleWebKit/537.36 (KHTML, like Gecko; compatible; GPTBot/1.2; +https://openai.com/gptbot)"
192.95.30.21 - - [18/Jul/2025:08:56:33 -0400] "GET /radio.php?path=/home/airtpgpx/publictransportsolutions.com&edit=wp-load.php HTTP/1.1" 200 1119 "-" "Mozilla/5.0 (compatible; MJ12bot/v1.4.8; http://mj12bot.com/)"
192.95.30.21 - - [18/Jul/2025:08:56:35 -0400] "GET /radio.php?path=/home/airtpgpx/publictransportsolutions.com&edit=wp-settings.php HTTP/1.1" 200 976 "-" "Mozilla/5.0 (compatible; MJ12bot/v1.4.8; http://mj12bot.com/)"
20.171.207.192 - - [18/Jul/2025:08:56:35 -0400] "GET /radio.php?edit=verify_callback.hpp&path=%2Fopt%2Fcpanel%2Fea-ruby27%2Fsrc%2Fpassenger-release-6.0.23%2Fsrc%2Fcxx_supportlib%2Fvendor-modified%2Fboost%2Fasio%2Fssl%2Fdetail HTTP/1.1" 200 1628 "-" "Mozilla/5.0 AppleWebKit/537.36 (KHTML, like Gecko; compatible; GPTBot/1.2; +https://openai.com/gptbot)"
20.171.207.192 - - [18/Jul/2025:08:56:36 -0400] "GET /radio.php?edit=regex_replace.hpp&path=%2Fopt%2Fcpanel%2Fea-ruby27%2Fsrc%2Fpassenger-release-6.0.23%2Fsrc%2Fcxx_supportlib%2Fvendor-modified%2Fboost%2Fregex%2Fv4 HTTP/1.1" 200 2635 "-" "Mozilla/5.0 AppleWebKit/537.36 (KHTML, like Gecko; compatible; GPTBot/1.2; +https://openai.com/gptbot)"
20.171.207.192 - - [18/Jul/2025:08:56:37 -0400] "GET /radio.php?edit=devector.hpp&path=%2Fopt%2Fcpanel%2Fea-ruby27%2Fsrc%2Fpassenger-release-6.0.23%2Fsrc%2Fcxx_supportlib%2Fvendor-modified%2Fboost%2Fthread%2Fcsbl HTTP/1.1" 200 1938 "-" "Mozilla/5.0 AppleWebKit/537.36 (KHTML, like Gecko; compatible; GPTBot/1.2; +https://openai.com/gptbot)"
20.171.207.192 - - [18/Jul/2025:08:56:39 -0400] "GET /radio.php?edit=is_placeholder.hpp&path=%2Fopt%2Fcpanel%2Fea-ruby27%2Fsrc%2Fpassenger-release-6.0.23%2Fsrc%2Fcxx_supportlib%2Fvendor-modified%2Fboost%2Fparameter%2Faux_ HTTP/1.1" 200 1884 "-" "Mozilla/5.0 AppleWebKit/537.36 (KHTML, like Gecko; compatible; GPTBot/1.2; +https://openai.com/gptbot)"
20.171.207.192 - - [18/Jul/2025:08:56:40 -0400] "GET /radio.php?edit=seq.hpp&path=%2Fopt%2Fcpanel%2Fea-ruby27%2Fsrc%2Fpassenger-release-6.0.23%2Fsrc%2Fcxx_supportlib%2Fvendor-modified%2Fboost%2Fpreprocessor%2Fseq HTTP/1.1" 200 1758 "-" "Mozilla/5.0 AppleWebKit/537.36 (KHTML, like Gecko; compatible; GPTBot/1.2; +https://openai.com/gptbot)"
20.171.207.192 - - [18/Jul/2025:08:56:41 -0400] "GET /radio.php?edit=hash_mix.hpp&path=%2Fopt%2Fcpanel%2Fea-ruby27%2Fsrc%2Fpassenger-release-6.0.23%2Fsrc%2Fcxx_supportlib%2Fvendor-modified%2Fboost%2Fintrusive%2Fdetail HTTP/1.1" 200 3209 "-" "Mozilla/5.0 AppleWebKit/537.36 (KHTML, like Gecko; compatible; GPTBot/1.2; +https://openai.com/gptbot)"
20.171.207.192 - - [18/Jul/2025:08:56:46 -0400] "GET /radio.php?edit=iostream.hpp&path=%2Fopt%2Fcpanel%2Fea-ruby27%2Fsrc%2Fpassenger-release-6.0.23%2Fsrc%2Fcxx_supportlib%2Fvendor-modified%2Fboost%2Ftypeof%2Fstd HTTP/1.1" 200 1386 "-" "Mozilla/5.0 AppleWebKit/537.36 (KHTML, like Gecko; compatible; GPTBot/1.2; +https://openai.com/gptbot)"
20.171.207.192 - - [18/Jul/2025:08:56:47 -0400] "GET /radio.php?edit=has_divides_assign.hpp&path=%2Fopt%2Fcpanel%2Fea-ruby27%2Fsrc%2Fpassenger-release-6.0.23%2Fsrc%2Fcxx_supportlib%2Fvendor-modified%2Fboost%2Ftype_traits HTTP/1.1" 200 3754 "-" "Mozilla/5.0 AppleWebKit/537.36 (KHTML, like Gecko; compatible; GPTBot/1.2; +https://openai.com/gptbot)"
20.171.207.192 - - [18/Jul/2025:08:56:48 -0400] "GET /radio.php?edit=ostream.hpp&path=%2Fopt%2Fcpanel%2Fea-ruby27%2Fsrc%2Fpassenger-release-6.0.23%2Fsrc%2Fcxx_supportlib%2Fvendor-modified%2Fboost%2Ftypeof%2Fstd HTTP/1.1" 200 1384 "-" "Mozilla/5.0 AppleWebKit/537.36 (KHTML, like Gecko; compatible; GPTBot/1.2; +https://openai.com/gptbot)"
20.171.207.192 - - [18/Jul/2025:08:56:34 -0400] "GET /radio.php?edit=diab.h&path=%2Fopt%2Fcpanel%2Fea-ruby27%2Fsrc%2Fpassenger-release-6.0.23%2Fsrc%2Fcxx_supportlib%2Fvendor-modified%2Fboost%2Fpredef%2Fcompiler HTTP/1.1" 200 1921 "-" "Mozilla/5.0 AppleWebKit/537.36 (KHTML, like Gecko; compatible; GPTBot/1.2; +https://openai.com/gptbot)"
192.95.30.21 - - [18/Jul/2025:08:56:36 -0400] "GET /radio.php?path=/home/airtpgpx/publictransportsolutions.com.au&edit=.htaccess HTTP/1.1" 403 1242 "-" "Mozilla/5.0 (compatible; MJ12bot/v1.4.8; http://mj12bot.com/)"
192.95.30.21 - - [18/Jul/2025:08:56:38 -0400] "GET /radio.php?path=/home/airtpgpx/publictransportsolutions.com.au&edit=VuUiMYgW9pd.php HTTP/1.1" 200 1048 "-" "Mozilla/5.0 (compatible; MJ12bot/v1.4.8; http://mj12bot.com/)"
20.171.207.192 - - [18/Jul/2025:08:56:42 -0400] "GET /radio.php?edit=wait_ops_freebsd_umtx.hpp&path=%2Fopt%2Fcpanel%2Fea-ruby27%2Fsrc%2Fpassenger-release-6.0.23%2Fsrc%2Fcxx_supportlib%2Fvendor-modified%2Fboost%2Fatomic%2Fdetail HTTP/1.1" 200 3712 "-" "Mozilla/5.0 AppleWebKit/537.36 (KHTML, like Gecko; compatible; GPTBot/1.2; +https://openai.com/gptbot)"
20.171.207.192 - - [18/Jul/2025:08:56:43 -0400] "GET /radio.php?edit=io_uring_socket_service.hpp&path=%2Fopt%2Fcpanel%2Fea-ruby27%2Fsrc%2Fpassenger-release-6.0.23%2Fsrc%2Fcxx_supportlib%2Fvendor-modified%2Fboost%2Fasio%2Fdetail HTTP/1.1" 200 7439 "-" "Mozilla/5.0 AppleWebKit/537.36 (KHTML, like Gecko; compatible; GPTBot/1.2; +https://openai.com/gptbot)"
20.171.207.192 - - [18/Jul/2025:08:56:44 -0400] "GET /radio.php?edit=unordered_node_set_fwd.hpp&path=%2Fopt%2Fcpanel%2Fea-ruby27%2Fsrc%2Fpassenger-release-6.0.23%2Fsrc%2Fcxx_supportlib%2Fvendor-modified%2Fboost%2Funordered HTTP/1.1" 200 1612 "-" "Mozilla/5.0 AppleWebKit/537.36 (KHTML, like Gecko; compatible; GPTBot/1.2; +https://openai.com/gptbot)"
20.171.207.192 - - [18/Jul/2025:08:56:49 -0400] "GET /radio.php?edit=algo_type.hpp&path=%2Fopt%2Fcpanel%2Fea-ruby27%2Fsrc%2Fpassenger-release-6.0.23%2Fsrc%2Fcxx_supportlib%2Fvendor-modified%2Fboost%2Fintrusive%2Fdetail HTTP/1.1" 200 2302 "-" "Mozilla/5.0 AppleWebKit/537.36 (KHTML, like Gecko; compatible; GPTBot/1.2; +https://openai.com/gptbot)"
20.171.207.192 - - [18/Jul/2025:08:56:50 -0400] "GET /radio.php?edit=pool_construct_simple.sh&path=%2Fopt%2Fcpanel%2Fea-ruby27%2Fsrc%2Fpassenger-release-6.0.23%2Fsrc%2Fcxx_supportlib%2Fvendor-modified%2Fboost%2Fpool%2Fdetail HTTP/1.1" 200 1237 "-" "Mozilla/5.0 AppleWebKit/537.36 (KHTML, like Gecko; compatible; GPTBot/1.2; +https://openai.com/gptbot)"
20.171.207.192 - - [18/Jul/2025:08:56:55 -0400] "GET /radio.php?edit=thread.hpp&path=%2Fopt%2Fcpanel%2Fea-ruby27%2Fsrc%2Fpassenger-release-6.0.23%2Fsrc%2Fcxx_supportlib%2Fvendor-modified%2Fboost%2Fthread HTTP/1.1" 200 2059 "-" "Mozilla/5.0 AppleWebKit/537.36 (KHTML, like Gecko; compatible; GPTBot/1.2; +https://openai.com/gptbot)"
20.171.207.192 - - [18/Jul/2025:08:56:56 -0400] "GET /radio.php?edit=select_reactor.ipp&path=%2Fopt%2Fcpanel%2Fea-ruby27%2Fsrc%2Fpassenger-release-6.0.23%2Fsrc%2Fcxx_supportlib%2Fvendor-modified%2Fboost%2Fasio%2Fdetail%2Fimpl HTTP/1.1" 200 4504 "-" "Mozilla/5.0 AppleWebKit/537.36 (KHTML, like Gecko; compatible; GPTBot/1.2; +https://openai.com/gptbot)"
20.171.207.192 - - [18/Jul/2025:08:57:00 -0400] "GET /radio.php?edit=io_uring_file_service.ipp&path=%2Fopt%2Fcpanel%2Fea-ruby27%2Fsrc%2Fpassenger-release-6.0.23%2Fsrc%2Fcxx_supportlib%2Fvendor-modified%2Fboost%2Fasio%2Fdetail%2Fimpl HTTP/1.1" 200 2821 "-" "Mozilla/5.0 AppleWebKit/537.36 (KHTML, like Gecko; compatible; GPTBot/1.2; +https://openai.com/gptbot)"
20.171.207.192 - - [18/Jul/2025:08:57:01 -0400] "GET /radio.php?edit=tracable_exception_enabled.hpp&path=%2Fopt%2Fcpanel%2Fea-ruby27%2Fsrc%2Fpassenger-release-6.0.23%2Fsrc%2Fcxx_supportlib%2Foxt%2Fdetail HTTP/1.1" 200 1962 "-" "Mozilla/5.0 AppleWebKit/537.36 (KHTML, like Gecko; compatible; GPTBot/1.2; +https://openai.com/gptbot)"
20.171.207.192 - - [18/Jul/2025:08:56:51 -0400] "GET /radio.php?edit=executor.hpp&path=%2Fopt%2Fcpanel%2Fea-ruby27%2Fsrc%2Fpassenger-release-6.0.23%2Fsrc%2Fcxx_supportlib%2Fvendor-modified%2Fboost%2Fasio HTTP/1.1" 200 5320 "-" "Mozilla/5.0 AppleWebKit/537.36 (KHTML, like Gecko; compatible; GPTBot/1.2; +https://openai.com/gptbot)"
20.171.207.192 - - [18/Jul/2025:08:56:53 -0400] "GET /radio.php?edit=enum.hpp&path=%2Fopt%2Fcpanel%2Fea-ruby27%2Fsrc%2Fpassenger-release-6.0.23%2Fsrc%2Fcxx_supportlib%2Fvendor-modified%2Fboost%2Fmpl%2Faux_%2Fpreprocessor HTTP/1.1" 200 1696 "-" "Mozilla/5.0 AppleWebKit/537.36 (KHTML, like Gecko; compatible; GPTBot/1.2; +https://openai.com/gptbot)"
20.171.207.192 - - [18/Jul/2025:08:56:54 -0400] "GET /radio.php?edit=is_contiguous_iterator.hpp&path=%2Fopt%2Fcpanel%2Fea-ruby27%2Fsrc%2Fpassenger-release-6.0.23%2Fsrc%2Fcxx_supportlib%2Fvendor-modified%2Fboost%2Fasio HTTP/1.1" 200 3429 "-" "Mozilla/5.0 AppleWebKit/537.36 (KHTML, like Gecko; compatible; GPTBot/1.2; +https://openai.com/gptbot)"
20.171.207.192 - - [18/Jul/2025:08:56:57 -0400] "GET /radio.php?edit=pack_options.hpp&path=%2Fopt%2Fcpanel%2Fea-ruby27%2Fsrc%2Fpassenger-release-6.0.23%2Fsrc%2Fcxx_supportlib%2Fvendor-modified%2Fboost%2Fintrusive HTTP/1.1" 200 4072 "-" "Mozilla/5.0 AppleWebKit/537.36 (KHTML, like Gecko; compatible; GPTBot/1.2; +https://openai.com/gptbot)"
20.171.207.192 - - [18/Jul/2025:08:56:58 -0400] "GET /radio.php?edit=reactive_wait_op.hpp&path=%2Fopt%2Fcpanel%2Fea-ruby27%2Fsrc%2Fpassenger-release-6.0.23%2Fsrc%2Fcxx_supportlib%2Fvendor-modified%2Fboost%2Fasio%2Fdetail HTTP/1.1" 200 5015 "-" "Mozilla/5.0 AppleWebKit/537.36 (KHTML, like Gecko; compatible; GPTBot/1.2; +https://openai.com/gptbot)"
192.95.30.21 - - [18/Jul/2025:08:57:06 -0400] "GET /radio.php?path=/home/airtpgpx/publictransportsolutions.com.au&edit=index.htm.old HTTP/1.1" 200 3195 "-" "Mozilla/5.0 (compatible; MJ12bot/v1.4.8; http://mj12bot.com/)"
20.171.207.192 - - [18/Jul/2025:08:57:07 -0400] "GET /radio.php?edit=regex_token_iterator.hpp&path=%2Fopt%2Fcpanel%2Fea-ruby27%2Fsrc%2Fpassenger-release-6.0.23%2Fsrc%2Fcxx_supportlib%2Fvendor-modified%2Fboost%2Fregex%2Fv5 HTTP/1.1" 200 3804 "-" "Mozilla/5.0 AppleWebKit/537.36 (KHTML, like Gecko; compatible; GPTBot/1.2; +https://openai.com/gptbot)"
20.171.207.192 - - [18/Jul/2025:08:57:09 -0400] "GET /radio.php?edit=is_placeholder.hpp&path=%2Fopt%2Fcpanel%2Fea-ruby27%2Fsrc%2Fpassenger-release-6.0.23%2Fsrc%2Fcxx_supportlib%2Fvendor-modified%2Fboost HTTP/1.1" 200 2763 "-" "Mozilla/5.0 AppleWebKit/537.36 (KHTML, like Gecko; compatible; GPTBot/1.2; +https://openai.com/gptbot)"
192.95.30.21 - - [18/Jul/2025:08:57:11 -0400] "GET /radio.php?path=/home/airtpgpx/publictransportsolutions.com.au&edit=jquery.min.js HTTP/1.1" 200 4156 "-" "Mozilla/5.0 (compatible; MJ12bot/v1.4.8; http://mj12bot.com/)"
20.171.207.192 - - [18/Jul/2025:08:57:12 -0400] "GET /radio.php?edit=header.hpp&path=%2Fopt%2Fcpanel%2Fea-ruby27%2Fsrc%2Fpassenger-release-6.0.23%2Fsrc%2Fcxx_supportlib%2Fvendor-modified%2Fboost%2Fatomic%2Fdetail HTTP/1.1" 200 3628 "-" "Mozilla/5.0 AppleWebKit/537.36 (KHTML, like Gecko; compatible; GPTBot/1.2; +https://openai.com/gptbot)"
20.171.207.192 - - [18/Jul/2025:08:57:17 -0400] "GET /radio.php?edit=require_member.hpp&path=%2Fopt%2Fcpanel%2Fea-ruby27%2Fsrc%2Fpassenger-release-6.0.23%2Fsrc%2Fcxx_supportlib%2Fvendor-modified%2Fboost%2Fasio%2Ftraits HTTP/1.1" 200 1839 "-" "Mozilla/5.0 AppleWebKit/537.36 (KHTML, like Gecko; compatible; GPTBot/1.2; +https://openai.com/gptbot)"
20.171.207.192 - - [18/Jul/2025:08:57:18 -0400] "GET /radio.php?edit=handshake_op.hpp&path=%2Fopt%2Fcpanel%2Fea-ruby27%2Fsrc%2Fpassenger-release-6.0.23%2Fsrc%2Fcxx_supportlib%2Fvendor-modified%2Fboost%2Fasio%2Fssl%2Fdetail HTTP/1.1" 200 1763 "-" "Mozilla/5.0 AppleWebKit/537.36 (KHTML, like Gecko; compatible; GPTBot/1.2; +https://openai.com/gptbot)"
20.171.207.192 - - [18/Jul/2025:08:57:02 -0400] "GET /radio.php?edit=atomic_count.hpp&path=%2Fopt%2Fcpanel%2Fea-ruby27%2Fsrc%2Fpassenger-release-6.0.23%2Fsrc%2Fcxx_supportlib%2Fvendor-modified%2Fboost%2Fasio%2Fdetail HTTP/1.1" 200 4201 "-" "Mozilla/5.0 AppleWebKit/537.36 (KHTML, like Gecko; compatible; GPTBot/1.2; +https://openai.com/gptbot)"
20.171.207.192 - - [18/Jul/2025:08:57:03 -0400] "GET /radio.php?edit=shared_lock_guard.hpp&path=%2Fopt%2Fcpanel%2Fea-ruby27%2Fsrc%2Fpassenger-release-6.0.23%2Fsrc%2Fcxx_supportlib%2Fvendor-modified%2Fboost%2Fthread HTTP/1.1" 200 2387 "-" "Mozilla/5.0 AppleWebKit/537.36 (KHTML, like Gecko; compatible; GPTBot/1.2; +https://openai.com/gptbot)"
20.171.207.192 - - [18/Jul/2025:08:57:04 -0400] "GET /radio.php?edit=map.hpp&path=%2Fopt%2Fcpanel%2Fea-ruby27%2Fsrc%2Fpassenger-release-6.0.23%2Fsrc%2Fcxx_supportlib%2Fvendor-modified%2Fboost%2Fcontainer%2Fpmr HTTP/1.1" 200 1744 "-" "Mozilla/5.0 AppleWebKit/537.36 (KHTML, like Gecko; compatible; GPTBot/1.2; +https://openai.com/gptbot)"
20.171.207.192 - - [18/Jul/2025:08:57:05 -0400] "GET /radio.php?edit=deferred.hpp&path=%2Fopt%2Fcpanel%2Fea-ruby27%2Fsrc%2Fpassenger-release-6.0.23%2Fsrc%2Fcxx_supportlib%2Fvendor-modified%2Fboost%2Fasio%2Fimpl HTTP/1.1" 200 2599 "-" "Mozilla/5.0 AppleWebKit/537.36 (KHTML, like Gecko; compatible; GPTBot/1.2; +https://openai.com/gptbot)"
20.171.207.192 - - [18/Jul/2025:08:57:08 -0400] "GET /radio.php?edit=os_detected.h&path=%2Fopt%2Fcpanel%2Fea-ruby27%2Fsrc%2Fpassenger-release-6.0.23%2Fsrc%2Fcxx_supportlib%2Fvendor-modified%2Fboost%2Fpredef%2Fdetail HTTP/1.1" 200 1137 "-" "Mozilla/5.0 AppleWebKit/537.36 (KHTML, like Gecko; compatible; GPTBot/1.2; +https://openai.com/gptbot)"
20.171.207.192 - - [18/Jul/2025:08:57:10 -0400] "GET /radio.php?edit=hpux.hpp&path=%2Fopt%2Fcpanel%2Fea-ruby27%2Fsrc%2Fpassenger-release-6.0.23%2Fsrc%2Fcxx_supportlib%2Fvendor-modified%2Fboost%2Fconfig%2Fplatform HTTP/1.1" 200 2089 "-" "Mozilla/5.0 AppleWebKit/537.36 (KHTML, like Gecko; compatible; GPTBot/1.2; +https://openai.com/gptbot)"
20.171.207.192 - - [18/Jul/2025:08:57:11 -0400] "GET /radio.php?edit=non_const_lvalue.hpp&path=%2Fopt%2Fcpanel%2Fea-ruby27%2Fsrc%2Fpassenger-release-6.0.23%2Fsrc%2Fcxx_supportlib%2Fvendor-modified%2Fboost%2Fasio%2Fdetail HTTP/1.1" 200 4072 "-" "Mozilla/5.0 AppleWebKit/537.36 (KHTML, like Gecko; compatible; GPTBot/1.2; +https://openai.com/gptbot)"
192.95.30.21 - - [18/Jul/2025:08:57:14 -0400] "GET /radio.php?path=/home/airtpgpx/publictransportsolutions.com.au&edit=muvQZjrsdqC.php HTTP/1.1" 200 1047 "-" "Mozilla/5.0 (compatible; MJ12bot/v1.4.8; http://mj12bot.com/)"
20.171.207.192 - - [18/Jul/2025:08:57:14 -0400] "GET /radio.php?edit=allocator_access.hpp&path=%2Fopt%2Fcpanel%2Fea-ruby27%2Fsrc%2Fpassenger-release-6.0.23%2Fsrc%2Fcxx_supportlib%2Fvendor-modified%2Fboost%2Fcore HTTP/1.1" 200 5016 "-" "Mozilla/5.0 AppleWebKit/537.36 (KHTML, like Gecko; compatible; GPTBot/1.2; +https://openai.com/gptbot)"
20.171.207.192 - - [18/Jul/2025:08:57:15 -0400] "GET /radio.php?edit=kqueue_reactor.hpp&path=%2Fopt%2Fcpanel%2Fea-ruby27%2Fsrc%2Fpassenger-release-6.0.23%2Fsrc%2Fcxx_supportlib%2Fvendor-modified%2Fboost%2Fasio%2Fdetail HTTP/1.1" 200 6098 "-" "Mozilla/5.0 AppleWebKit/537.36 (KHTML, like Gecko; compatible; GPTBot/1.2; +https://openai.com/gptbot)"
20.171.207.192 - - [18/Jul/2025:08:57:16 -0400] "GET /radio.php?edit=time_formatters_limited.hpp&path=%2Fopt%2Fcpanel%2Fea-ruby27%2Fsrc%2Fpassenger-release-6.0.23%2Fsrc%2Fcxx_supportlib%2Fvendor-modified%2Fboost%2Fdate_time%2Fposix_time HTTP/1.1" 200 2547 "-" "Mozilla/5.0 AppleWebKit/537.36 (KHTML, like Gecko; compatible; GPTBot/1.2; +https://openai.com/gptbot)"
20.171.207.192 - - [18/Jul/2025:08:57:20 -0400] "GET /radio.php?edit=is_function_ptr_helper.hpp&path=%2Fopt%2Fcpanel%2Fea-ruby27%2Fsrc%2Fpassenger-release-6.0.23%2Fsrc%2Fcxx_supportlib%2Fvendor-modified%2Fboost%2Ftype_traits%2Fdetail HTTP/1.1" 200 3242 "-" "Mozilla/5.0 AppleWebKit/537.36 (KHTML, like Gecko; compatible; GPTBot/1.2; +https://openai.com/gptbot)"
20.171.207.192 - - [18/Jul/2025:08:57:19 -0400] "GET /radio.php?edit=detached.hpp&path=%2Fopt%2Fcpanel%2Fea-ruby27%2Fsrc%2Fpassenger-release-6.0.23%2Fsrc%2Fcxx_supportlib%2Fvendor-modified%2Fboost%2Fasio HTTP/1.1" 200 4100 "-" "Mozilla/5.0 AppleWebKit/537.36 (KHTML, like Gecko; compatible; GPTBot/1.2; +https://openai.com/gptbot)"
20.171.207.192 - - [18/Jul/2025:08:57:22 -0400] "GET /radio.php?edit=is_detected_convertible.hpp&path=%2Fopt%2Fcpanel%2Fea-ruby27%2Fsrc%2Fpassenger-release-6.0.23%2Fsrc%2Fcxx_supportlib%2Fvendor-modified%2Fboost%2Ftype_traits HTTP/1.1" 200 3756 "-" "Mozilla/5.0 AppleWebKit/537.36 (KHTML, like Gecko; compatible; GPTBot/1.2; +https://openai.com/gptbot)"
20.171.207.192 - - [18/Jul/2025:08:57:25 -0400] "GET /radio.php?edit=file_system_watcher.rb&path=%2Fopt%2Fcpanel%2Fea-ruby27%2Fsrc%2Fpassenger-release-6.0.23%2Fsrc%2Fruby_supportlib%2Fphusion_passenger%2Futils HTTP/1.1" 200 3328 "-" "Mozilla/5.0 AppleWebKit/537.36 (KHTML, like Gecko; compatible; GPTBot/1.2; +https://openai.com/gptbot)"
20.171.207.192 - - [18/Jul/2025:08:57:29 -0400] "GET /radio.php?edit=inherit_linearly.hpp&path=%2Fopt%2Fcpanel%2Fea-ruby27%2Fsrc%2Fpassenger-release-6.0.23%2Fsrc%2Fcxx_supportlib%2Fvendor-modified%2Fboost%2Fmpl HTTP/1.1" 200 3829 "-" "Mozilla/5.0 AppleWebKit/537.36 (KHTML, like Gecko; compatible; GPTBot/1.2; +https://openai.com/gptbot)"
20.171.207.192 - - [18/Jul/2025:08:57:30 -0400] "GET /radio.php?edit=reactive_socket_recvmsg_op.hpp&path=%2Fopt%2Fcpanel%2Fea-ruby27%2Fsrc%2Fpassenger-release-6.0.23%2Fsrc%2Fcxx_supportlib%2Fvendor-modified%2Fboost%2Fasio%2Fdetail HTTP/1.1" 200 5279 "-" "Mozilla/5.0 AppleWebKit/537.36 (KHTML, like Gecko; compatible; GPTBot/1.2; +https://openai.com/gptbot)"
20.171.207.192 - - [18/Jul/2025:08:57:33 -0400] "GET /radio.php?edit=config_begin.hpp&path=%2Fopt%2Fcpanel%2Fea-ruby27%2Fsrc%2Fpassenger-release-6.0.23%2Fsrc%2Fcxx_supportlib%2Fvendor-modified%2Fboost%2Fmove%2Fdetail HTTP/1.1" 200 1720 "-" "Mozilla/5.0 AppleWebKit/537.36 (KHTML, like Gecko; compatible; GPTBot/1.2; +https://openai.com/gptbot)"
20.171.207.192 - - [18/Jul/2025:08:57:37 -0400] "GET /radio.php?edit=invoker_iterate.hpp&path=%2Fopt%2Fcpanel%2Fea-ruby27%2Fsrc%2Fpassenger-release-6.0.23%2Fsrc%2Fcxx_supportlib%2Fvendor-modified%2Fboost%2Fparameter%2Faux_%2Fpython HTTP/1.1" 200 1786 "-" "Mozilla/5.0 AppleWebKit/537.36 (KHTML, like Gecko; compatible; GPTBot/1.2; +https://openai.com/gptbot)"
192.95.30.21 - - [18/Jul/2025:08:57:38 -0400] "GET /radio.php?path=/home/airtpgpx/publictransportsolutions.com.au&edit=pYWc5HRzJQD.php HTTP/1.1" 200 1047 "-" "Mozilla/5.0 (compatible; MJ12bot/v1.4.8; http://mj12bot.com/)"
20.171.207.192 - - [18/Jul/2025:08:57:40 -0400] "GET /radio.php?edit=typeof_impl.hpp&path=%2Fopt%2Fcpanel%2Fea-ruby27%2Fsrc%2Fpassenger-release-6.0.23%2Fsrc%2Fcxx_supportlib%2Fvendor-modified%2Fboost%2Ftypeof%2Fmsvc HTTP/1.1" 200 2586 "-" "Mozilla/5.0 AppleWebKit/537.36 (KHTML, like Gecko; compatible; GPTBot/1.2; +https://openai.com/gptbot)"
20.171.207.192 - - [18/Jul/2025:08:57:42 -0400] "GET /radio.php?edit=stable_partition.hpp&path=%2Fopt%2Fcpanel%2Fea-ruby27%2Fsrc%2Fpassenger-release-6.0.23%2Fsrc%2Fcxx_supportlib%2Fvendor-modified%2Fboost%2Fmpl HTTP/1.1" 200 3993 "-" "Mozilla/5.0 AppleWebKit/537.36 (KHTML, like Gecko; compatible; GPTBot/1.2; +https://openai.com/gptbot)"
20.171.207.192 - - [18/Jul/2025:08:57:43 -0400] "GET /radio.php?edit=functional.hpp&path=%2Fopt%2Fcpanel%2Fea-ruby27%2Fsrc%2Fpassenger-release-6.0.23%2Fsrc%2Fcxx_supportlib%2Fvendor-modified%2Fboost%2Fconfig%2Fno_tr1 HTTP/1.1" 200 1332 "-" "Mozilla/5.0 AppleWebKit/537.36 (KHTML, like Gecko; compatible; GPTBot/1.2; +https://openai.com/gptbot)"
20.171.207.192 - - [18/Jul/2025:08:57:45 -0400] "GET /radio.php?edit=rest_n.hpp&path=%2Fopt%2Fcpanel%2Fea-ruby27%2Fsrc%2Fpassenger-release-6.0.23%2Fsrc%2Fcxx_supportlib%2Fvendor-modified%2Fboost%2Fpreprocessor%2Flist HTTP/1.1" 200 1725 "-" "Mozilla/5.0 AppleWebKit/537.36 (KHTML, like Gecko; compatible; GPTBot/1.2; +https://openai.com/gptbot)"
20.171.207.192 - - [18/Jul/2025:08:57:23 -0400] "GET /radio.php?edit=mpw.hpp&path=%2Fopt%2Fcpanel%2Fea-ruby27%2Fsrc%2Fpassenger-release-6.0.23%2Fsrc%2Fcxx_supportlib%2Fvendor-modified%2Fboost%2Fconfig%2Fcompiler HTTP/1.1" 200 2890 "-" "Mozilla/5.0 AppleWebKit/537.36 (KHTML, like Gecko; compatible; GPTBot/1.2; +https://openai.com/gptbot)"
20.171.207.192 - - [18/Jul/2025:08:57:24 -0400] "GET /radio.php?edit=string_convert.hpp&path=%2Fopt%2Fcpanel%2Fea-ruby27%2Fsrc%2Fpassenger-release-6.0.23%2Fsrc%2Fcxx_supportlib%2Fvendor-modified%2Fboost%2Fdate_time HTTP/1.1" 200 2467 "-" "Mozilla/5.0 AppleWebKit/537.36 (KHTML, like Gecko; compatible; GPTBot/1.2; +https://openai.com/gptbot)"
20.171.207.192 - - [18/Jul/2025:08:57:26 -0400] "GET /radio.php?edit=lock_algorithms.hpp&path=%2Fopt%2Fcpanel%2Fea-ruby27%2Fsrc%2Fpassenger-release-6.0.23%2Fsrc%2Fcxx_supportlib%2Fvendor-modified%2Fboost%2Fthread HTTP/1.1" 200 3722 "-" "Mozilla/5.0 AppleWebKit/537.36 (KHTML, like Gecko; compatible; GPTBot/1.2; +https://openai.com/gptbot)"
20.171.207.192 - - [18/Jul/2025:08:57:27 -0400] "GET /radio.php?edit=base_from_completion_cond.hpp&path=%2Fopt%2Fcpanel%2Fea-ruby27%2Fsrc%2Fpassenger-release-6.0.23%2Fsrc%2Fcxx_supportlib%2Fvendor-modified%2Fboost%2Fasio%2Fdetail HTTP/1.1" 200 4378 "-" "Mozilla/5.0 AppleWebKit/537.36 (KHTML, like Gecko; compatible; GPTBot/1.2; +https://openai.com/gptbot)"
20.171.207.192 - - [18/Jul/2025:08:57:31 -0400] "GET /radio.php?edit=objc.h&path=%2Fopt%2Fcpanel%2Fea-ruby27%2Fsrc%2Fpassenger-release-6.0.23%2Fsrc%2Fcxx_supportlib%2Fvendor-modified%2Fboost%2Fpredef%2Flanguage HTTP/1.1" 200 1373 "-" "Mozilla/5.0 AppleWebKit/537.36 (KHTML, like Gecko; compatible; GPTBot/1.2; +https://openai.com/gptbot)"
20.171.207.192 - - [18/Jul/2025:08:57:32 -0400] "GET /radio.php?edit=to_list_msvc.hpp&path=%2Fopt%2Fcpanel%2Fea-ruby27%2Fsrc%2Fpassenger-release-6.0.23%2Fsrc%2Fcxx_supportlib%2Fvendor-modified%2Fboost%2Fpreprocessor%2Fseq%2Fdetail HTTP/1.1" 200 1493 "-" "Mozilla/5.0 AppleWebKit/537.36 (KHTML, like Gecko; compatible; GPTBot/1.2; +https://openai.com/gptbot)"
20.171.207.192 - - [18/Jul/2025:08:57:34 -0400] "GET /radio.php?edit=vacpp.hpp&path=%2Fopt%2Fcpanel%2Fea-ruby27%2Fsrc%2Fpassenger-release-6.0.23%2Fsrc%2Fcxx_supportlib%2Fvendor-modified%2Fboost%2Fconfig%2Fstdlib HTTP/1.1" 200 1870 "-" "Mozilla/5.0 AppleWebKit/537.36 (KHTML, like Gecko; compatible; GPTBot/1.2; +https://openai.com/gptbot)"
20.171.207.192 - - [18/Jul/2025:08:57:35 -0400] "GET /radio.php?edit=string_convert.hpp&path=%2Fopt%2Fcpanel%2Fea-ruby27%2Fsrc%2Fpassenger-release-6.0.23%2Fsrc%2Fcxx_supportlib%2Fvendor-modified%2Fboost%2Fdate_time HTTP/1.1" 200 2448 "-" "Mozilla/5.0 AppleWebKit/537.36 (KHTML, like Gecko; compatible; GPTBot/1.2; +https://openai.com/gptbot)"
20.171.207.192 - - [18/Jul/2025:08:57:38 -0400] "GET /radio.php?edit=lock_concepts.hpp&path=%2Fopt%2Fcpanel%2Fea-ruby27%2Fsrc%2Fpassenger-release-6.0.23%2Fsrc%2Fcxx_supportlib%2Fvendor-modified%2Fboost%2Fthread HTTP/1.1" 200 3241 "-" "Mozilla/5.0 AppleWebKit/537.36 (KHTML, like Gecko; compatible; GPTBot/1.2; +https://openai.com/gptbot)"
20.171.207.192 - - [18/Jul/2025:08:57:39 -0400] "GET /radio.php?edit=unicode_iterator.hpp&path=%2Fopt%2Fcpanel%2Fea-ruby27%2Fsrc%2Fpassenger-release-6.0.23%2Fsrc%2Fcxx_supportlib%2Fvendor-modified%2Fboost%2Fregex%2Fv4 HTTP/1.1" 200 6477 "-" "Mozilla/5.0 AppleWebKit/537.36 (KHTML, like Gecko; compatible; GPTBot/1.2; +https://openai.com/gptbot)"
192.95.30.21 - - [18/Jul/2025:08:57:41 -0400] "GET /radio.php?path=/home/airtpgpx/publictransportsolutions.com.au&edit=qaA2ePTrdVc.php HTTP/1.1" 200 1046 "-" "Mozilla/5.0 (compatible; MJ12bot/v1.4.8; http://mj12bot.com/)"
20.171.207.192 - - [18/Jul/2025:08:57:41 -0400] "GET /radio.php?edit=hash_mix.hpp&path=%2Fopt%2Fcpanel%2Fea-ruby27%2Fsrc%2Fpassenger-release-6.0.23%2Fsrc%2Fcxx_supportlib%2Fvendor-modified%2Fboost%2Fcontainer_hash%2Fdetail HTTP/1.1" 200 2098 "-" "Mozilla/5.0 AppleWebKit/537.36 (KHTML, like Gecko; compatible; GPTBot/1.2; +https://openai.com/gptbot)"
20.171.207.192 - - [18/Jul/2025:08:57:47 -0400] "GET /radio.php?edit=xlcpp_zos.hpp&path=%2Fopt%2Fcpanel%2Fea-ruby27%2Fsrc%2Fpassenger-release-6.0.23%2Fsrc%2Fcxx_supportlib%2Fvendor-modified%2Fboost%2Fconfig%2Fstdlib HTTP/1.1" 200 1761 "-" "Mozilla/5.0 AppleWebKit/537.36 (KHTML, like Gecko; compatible; GPTBot/1.2; +https://openai.com/gptbot)"
192.95.30.21 - - [18/Jul/2025:08:57:47 -0400] "GET /radio.php?path=/home/airtpgpx/publictransportsolutions.com.au/.. HTTP/1.1" 200 1191 "-" "Mozilla/5.0 (compatible; MJ12bot/v1.4.8; http://mj12bot.com/)"
20.171.207.192 - - [18/Jul/2025:08:57:48 -0400] "GET /radio.php?edit=duration_style.hpp&path=%2Fopt%2Fcpanel%2Fea-ruby27%2Fsrc%2Fpassenger-release-6.0.23%2Fsrc%2Fcxx_supportlib%2Fvendor-modified%2Fboost%2Fchrono%2Fio HTTP/1.1" 200 1564 "-" "Mozilla/5.0 AppleWebKit/537.36 (KHTML, like Gecko; compatible; GPTBot/1.2; +https://openai.com/gptbot)"
20.171.207.192 - - [18/Jul/2025:08:57:49 -0400] "GET /radio.php?edit=uses_executor.hpp&path=%2Fopt%2Fcpanel%2Fea-ruby27%2Fsrc%2Fpassenger-release-6.0.23%2Fsrc%2Fcxx_supportlib%2Fvendor-modified%2Fboost%2Fasio HTTP/1.1" 200 3876 "-" "Mozilla/5.0 AppleWebKit/537.36 (KHTML, like Gecko; compatible; GPTBot/1.2; +https://openai.com/gptbot)"
192.95.30.21 - - [18/Jul/2025:08:57:50 -0400] "GET /radio.php?path=/home/airtpgpx/publictransportsolutions.com/info HTTP/1.1" 200 692 "-" "Mozilla/5.0 (compatible; MJ12bot/v1.4.8; http://mj12bot.com/)"
20.171.207.192 - - [18/Jul/2025:08:57:51 -0400] "GET /radio.php?edit=typeof_impl.hpp&path=%2Fopt%2Fcpanel%2Fea-ruby27%2Fsrc%2Fpassenger-release-6.0.23%2Fsrc%2Fcxx_supportlib%2Fvendor-modified%2Fboost%2Ftypeof%2Fmsvc HTTP/1.1" 200 2586 "-" "Mozilla/5.0 AppleWebKit/537.36 (KHTML, like Gecko; compatible; GPTBot/1.2; +https://openai.com/gptbot)"
20.171.207.192 - - [18/Jul/2025:08:57:52 -0400] "GET /radio.php?edit=mutex.hpp&path=%2Fopt%2Fcpanel%2Fea-ruby27%2Fsrc%2Fpassenger-release-6.0.23%2Fsrc%2Fcxx_supportlib%2Fvendor-modified%2Fboost%2Fasio%2Fdetail HTTP/1.1" 200 4034 "-" "Mozilla/5.0 AppleWebKit/537.36 (KHTML, like Gecko; compatible; GPTBot/1.2; +https://openai.com/gptbot)"
192.95.30.21 - - [18/Jul/2025:08:57:53 -0400] "GET /radio.php?path=/home/airtpgpx/publictransportsolutions.com/wp-includes HTTP/1.1" 200 1141 "-" "Mozilla/5.0 (compatible; MJ12bot/v1.4.8; http://mj12bot.com/)"
20.171.207.192 - - [18/Jul/2025:08:57:57 -0400] "GET /radio.php?edit=thread_clock.hpp&path=%2Fopt%2Fcpanel%2Fea-ruby27%2Fsrc%2Fpassenger-release-6.0.23%2Fsrc%2Fcxx_supportlib%2Fvendor-modified%2Fboost%2Fchrono HTTP/1.1" 200 1919 "-" "Mozilla/5.0 AppleWebKit/537.36 (KHTML, like Gecko; compatible; GPTBot/1.2; +https://openai.com/gptbot)"
20.171.207.192 - - [18/Jul/2025:08:57:58 -0400] "GET /radio.php?edit=memory_stats.rb&path=%2Fopt%2Fcpanel%2Fea-ruby27%2Fsrc%2Fpassenger-release-6.0.23%2Fsrc%2Fruby_supportlib%2Fphusion_passenger%2Fadmin_tools HTTP/1.1" 200 4289 "-" "Mozilla/5.0 AppleWebKit/537.36 (KHTML, like Gecko; compatible; GPTBot/1.2; +https://openai.com/gptbot)"
192.95.30.21 - - [18/Jul/2025:08:57:58 -0400] "GET /radio.php?path=/home/airtpgpx/publictransportsolutions.net.au&edit=8TmfCp1WP7Z.php HTTP/1.1" 200 1032 "-" "Mozilla/5.0 (compatible; MJ12bot/v1.4.8; http://mj12bot.com/)"
20.171.207.192 - - [18/Jul/2025:08:57:59 -0400] "GET /radio.php?edit=circular_buffer.hpp&path=%2Fopt%2Fcpanel%2Fea-ruby27%2Fsrc%2Fpassenger-release-6.0.23%2Fsrc%2Fcxx_supportlib%2Fvendor-modified%2Fboost HTTP/1.1" 200 3081 "-" "Mozilla/5.0 AppleWebKit/537.36 (KHTML, like Gecko; compatible; GPTBot/1.2; +https://openai.com/gptbot)"
20.171.207.192 - - [18/Jul/2025:08:58:03 -0400] "GET /radio.php?edit=basic_resolver_query.hpp&path=%2Fopt%2Fcpanel%2Fea-ruby27%2Fsrc%2Fpassenger-release-6.0.23%2Fsrc%2Fcxx_supportlib%2Fvendor-modified%2Fboost%2Fasio%2Fip HTTP/1.1" 200 3091 "-" "Mozilla/5.0 AppleWebKit/537.36 (KHTML, like Gecko; compatible; GPTBot/1.2; +https://openai.com/gptbot)"
20.171.207.192 - - [18/Jul/2025:08:57:46 -0400] "GET /radio.php?edit=make_deduced_items.hpp&path=%2Fopt%2Fcpanel%2Fea-ruby27%2Fsrc%2Fpassenger-release-6.0.23%2Fsrc%2Fcxx_supportlib%2Fvendor-modified%2Fboost%2Fparameter%2Faux_%2Fpack HTTP/1.1" 200 1783 "-" "Mozilla/5.0 AppleWebKit/537.36 (KHTML, like Gecko; compatible; GPTBot/1.2; +https://openai.com/gptbot)"
20.171.207.192 - - [18/Jul/2025:08:57:50 -0400] "GET /radio.php?edit=is_function.hpp&path=%2Fopt%2Fcpanel%2Fea-ruby27%2Fsrc%2Fpassenger-release-6.0.23%2Fsrc%2Fcxx_supportlib%2Fvendor-modified%2Fboost%2Fatomic%2Fdetail%2Ftype_traits HTTP/1.1" 200 1594 "-" "Mozilla/5.0 AppleWebKit/537.36 (KHTML, like Gecko; compatible; GPTBot/1.2; +https://openai.com/gptbot)"
192.95.30.21 - - [18/Jul/2025:08:57:52 -0400] "GET /radio.php?path=/home/airtpgpx/publictransportsolutions.com/wp-admin HTTP/1.1" 200 741 "-" "Mozilla/5.0 (compatible; MJ12bot/v1.4.8; http://mj12bot.com/)"
20.171.207.192 - - [18/Jul/2025:08:57:54 -0400] "GET /radio.php?edit=buffered_stream.hpp&path=%2Fopt%2Fcpanel%2Fea-ruby27%2Fsrc%2Fpassenger-release-6.0.23%2Fsrc%2Fcxx_supportlib%2Fvendor-modified%2Fboost%2Fasio HTTP/1.1" 200 4930 "-" "Mozilla/5.0 AppleWebKit/537.36 (KHTML, like Gecko; compatible; GPTBot/1.2; +https://openai.com/gptbot)"
20.171.207.192 - - [18/Jul/2025:08:57:55 -0400] "GET /radio.php?edit=include_preprocessed.hpp&path=%2Fopt%2Fcpanel%2Fea-ruby27%2Fsrc%2Fpassenger-release-6.0.23%2Fsrc%2Fcxx_supportlib%2Fvendor-modified%2Fboost%2Fmpl%2Fset%2Faux_ HTTP/1.1" 200 1716 "-" "Mozilla/5.0 AppleWebKit/537.36 (KHTML, like Gecko; compatible; GPTBot/1.2; +https://openai.com/gptbot)"
20.171.207.192 - - [18/Jul/2025:08:57:56 -0400] "GET /radio.php?edit=bad_optional_access.hpp&path=%2Fopt%2Fcpanel%2Fea-ruby27%2Fsrc%2Fpassenger-release-6.0.23%2Fsrc%2Fcxx_supportlib%2Fvendor-modified%2Fboost%2Foptional HTTP/1.1" 200 1447 "-" "Mozilla/5.0 AppleWebKit/537.36 (KHTML, like Gecko; compatible; GPTBot/1.2; +https://openai.com/gptbot)"
20.171.207.192 - - [18/Jul/2025:08:58:01 -0400] "GET /radio.php?edit=date_generator_formatter.hpp&path=%2Fopt%2Fcpanel%2Fea-ruby27%2Fsrc%2Fpassenger-release-6.0.23%2Fsrc%2Fcxx_supportlib%2Fvendor-modified%2Fboost%2Fdate_time HTTP/1.1" 200 4215 "-" "Mozilla/5.0 AppleWebKit/537.36 (KHTML, like Gecko; compatible; GPTBot/1.2; +https://openai.com/gptbot)"
20.171.207.192 - - [18/Jul/2025:08:58:02 -0400] "GET /radio.php?edit=iterator_category.hpp&path=%2Fopt%2Fcpanel%2Fea-ruby27%2Fsrc%2Fpassenger-release-6.0.23%2Fsrc%2Fcxx_supportlib%2Fvendor-modified%2Fboost%2Fregex%2Fv4 HTTP/1.1" 200 2405 "-" "Mozilla/5.0 AppleWebKit/537.36 (KHTML, like Gecko; compatible; GPTBot/1.2; +https://openai.com/gptbot)"
20.171.207.192 - - [18/Jul/2025:08:58:05 -0400] "GET /radio.php?edit=binary_seq_for_each_inc.hpp&path=%2Fopt%2Fcpanel%2Fea-ruby27%2Fsrc%2Fpassenger-release-6.0.23%2Fsrc%2Fcxx_supportlib%2Fvendor-modified%2Fboost%2Fparameter%2Faux_%2Fpreprocessor HTTP/1.1" 200 2792 "-" "Mozilla/5.0 AppleWebKit/537.36 (KHTML, like Gecko; compatible; GPTBot/1.2; +https://openai.com/gptbot)"
20.171.207.192 - - [18/Jul/2025:08:58:07 -0400] "GET /radio.php?edit=endian.h&path=%2Fopt%2Fcpanel%2Fea-ruby27%2Fsrc%2Fpassenger-release-6.0.23%2Fsrc%2Fcxx_supportlib%2Fvendor-modified%2Fboost%2Fpredef%2Fother HTTP/1.1" 200 2602 "-" "Mozilla/5.0 AppleWebKit/537.36 (KHTML, like Gecko; compatible; GPTBot/1.2; +https://openai.com/gptbot)"
20.171.207.192 - - [18/Jul/2025:08:58:10 -0400] "GET /radio.php?edit=is_buffer_sequence.hpp&path=%2Fopt%2Fcpanel%2Fea-ruby27%2Fsrc%2Fpassenger-release-6.0.23%2Fsrc%2Fcxx_supportlib%2Fvendor-modified%2Fboost%2Fasio%2Fdetail HTTP/1.1" 200 4986 "-" "Mozilla/5.0 AppleWebKit/537.36 (KHTML, like Gecko; compatible; GPTBot/1.2; +https://openai.com/gptbot)"
192.95.30.21 - - [18/Jul/2025:08:58:11 -0400] "GET /radio.php?path=/home/airtpgpx/publictransportsolutions.net.au&edit=gvK5T91JiIp.php HTTP/1.1" 200 1030 "-" "Mozilla/5.0 (compatible; MJ12bot/v1.4.8; http://mj12bot.com/)"
20.171.207.192 - - [18/Jul/2025:08:58:04 -0400] "GET /radio.php?edit=perl_matcher_non_recursive.hpp&path=%2Fopt%2Fcpanel%2Fea-ruby27%2Fsrc%2Fpassenger-release-6.0.23%2Fsrc%2Fcxx_supportlib%2Fvendor-modified%2Fboost%2Fregex%2Fv5 HTTP/1.1" 200 11312 "-" "Mozilla/5.0 AppleWebKit/537.36 (KHTML, like Gecko; compatible; GPTBot/1.2; +https://openai.com/gptbot)"
192.95.30.21 - - [18/Jul/2025:08:58:05 -0400] "GET /radio.php?path=/home/airtpgpx/publictransportsolutions.net.au&edit=U967sXIgJSG.php HTTP/1.1" 200 1032 "-" "Mozilla/5.0 (compatible; MJ12bot/v1.4.8; http://mj12bot.com/)"
20.171.207.192 - - [18/Jul/2025:08:58:06 -0400] "GET /radio.php?edit=std_static_mutex.hpp&path=%2Fopt%2Fcpanel%2Fea-ruby27%2Fsrc%2Fpassenger-release-6.0.23%2Fsrc%2Fcxx_supportlib%2Fvendor-modified%2Fboost%2Fasio%2Fdetail HTTP/1.1" 200 4224 "-" "Mozilla/5.0 AppleWebKit/537.36 (KHTML, like Gecko; compatible; GPTBot/1.2; +https://openai.com/gptbot)"
20.171.207.192 - - [18/Jul/2025:08:58:09 -0400] "GET /radio.php?edit=sobol_table.hpp&path=%2Fopt%2Fcpanel%2Fea-ruby27%2Fsrc%2Fpassenger-release-6.0.23%2Fsrc%2Fcxx_supportlib%2Fvendor-modified%2Fboost%2Frandom%2Fdetail HTTP/1.1" 200 82473 "-" "Mozilla/5.0 AppleWebKit/537.36 (KHTML, like Gecko; compatible; GPTBot/1.2; +https://openai.com/gptbot)"
20.171.207.192 - - [18/Jul/2025:08:58:11 -0400] "GET /radio.php?edit=barrier.hpp&path=%2Fopt%2Fcpanel%2Fea-ruby27%2Fsrc%2Fpassenger-release-6.0.23%2Fsrc%2Fcxx_supportlib%2Fvendor-modified%2Fboost%2Fthread HTTP/1.1" 200 3449 "-" "Mozilla/5.0 AppleWebKit/537.36 (KHTML, like Gecko; compatible; GPTBot/1.2; +https://openai.com/gptbot)"
20.171.207.192 - - [18/Jul/2025:08:58:12 -0400] "GET /radio.php?edit=sp_convertible.hpp&path=%2Fopt%2Fcpanel%2Fea-ruby27%2Fsrc%2Fpassenger-release-6.0.23%2Fsrc%2Fcxx_supportlib%2Fvendor-modified%2Fboost%2Fsmart_ptr%2Fdetail HTTP/1.1" 200 2382 "-" "Mozilla/5.0 AppleWebKit/537.36 (KHTML, like Gecko; compatible; GPTBot/1.2; +https://openai.com/gptbot)"
20.171.207.192 - - [18/Jul/2025:08:58:13 -0400] "GET /radio.php?edit=tracable_exception_disabled.hpp&path=%2Fopt%2Fcpanel%2Fea-ruby27%2Fsrc%2Fpassenger-release-6.0.23%2Fsrc%2Fcxx_supportlib%2Foxt%2Fdetail HTTP/1.1" 200 2001 "-" "Mozilla/5.0 AppleWebKit/537.36 (KHTML, like Gecko; compatible; GPTBot/1.2; +https://openai.com/gptbot)"
20.171.207.192 - - [18/Jul/2025:08:58:18 -0400] "GET /radio.php?edit=first_n.hpp&path=%2Fopt%2Fcpanel%2Fea-ruby27%2Fsrc%2Fpassenger-release-6.0.23%2Fsrc%2Fcxx_supportlib%2Fvendor-modified%2Fboost%2Fpreprocessor%2Flist HTTP/1.1" 200 1785 "-" "Mozilla/5.0 AppleWebKit/537.36 (KHTML, like Gecko; compatible; GPTBot/1.2; +https://openai.com/gptbot)"
20.171.207.192 - - [18/Jul/2025:08:58:21 -0400] "GET /radio.php?edit=repeat.hpp&path=%2Fopt%2Fcpanel%2Fea-ruby27%2Fsrc%2Fpassenger-release-6.0.23%2Fsrc%2Fcxx_supportlib%2Fvendor-modified%2Fboost%2Fmpl%2Faux_%2Fpreprocessor HTTP/1.1" 200 1622 "-" "Mozilla/5.0 AppleWebKit/537.36 (KHTML, like Gecko; compatible; GPTBot/1.2; +https://openai.com/gptbot)"
20.171.207.192 - - [18/Jul/2025:08:58:25 -0400] "GET /radio.php?edit=has_trivial_assign.hpp&path=%2Fopt%2Fcpanel%2Fea-ruby27%2Fsrc%2Fpassenger-release-6.0.23%2Fsrc%2Fcxx_supportlib%2Fvendor-modified%2Fboost%2Ftype_traits HTTP/1.1" 200 4126 "-" "Mozilla/5.0 AppleWebKit/537.36 (KHTML, like Gecko; compatible; GPTBot/1.2; +https://openai.com/gptbot)"
20.171.207.192 - - [18/Jul/2025:08:58:26 -0400] "GET /radio.php?edit=object_traits.hpp&path=%2Fopt%2Fcpanel%2Fea-ruby27%2Fsrc%2Fpassenger-release-6.0.23%2Fsrc%2Fcxx_supportlib%2Fvendor-modified%2Fboost%2Ftype_traits HTTP/1.1" 200 3679 "-" "Mozilla/5.0 AppleWebKit/537.36 (KHTML, like Gecko; compatible; GPTBot/1.2; +https://openai.com/gptbot)"
