52.6.97.88 - - [18/Jul/2025:09:37:14 -0400] "GET /well-known/acme-challenge/a/a/b/b/?MA HTTP/1.1" 200 560 "-" "Mozilla/5.0 AppleWebKit/537.36 (KHTML, like Gecko; compatible; Amazonbot/0.1; +https://developer.amazon.com/support/amazonbot) Chrome/119.0.6045.214 Safari/537.36"
20.171.207.192 - - [18/Jul/2025:09:37:16 -0400] "GET /radio.php?edit=encoders.cpython-37.opt-1.pyc&path=%2Fopt%2Falt%2Fpython37%2Flib%2Fpython3.7%2Fsite-packages%2Ffuture%2Fbackports%2Femail%2F__pycache__ HTTP/1.1" 200 1277 "-" "Mozilla/5.0 AppleWebKit/537.36 (KHTML, like Gecko; compatible; GPTBot/1.2; +https://openai.com/gptbot)"
20.171.207.192 - - [18/Jul/2025:09:37:17 -0400] "GET /radio.php?edit=utils.cpython-37.opt-1.pyc&path=%2Fopt%2Falt%2Fpython37%2Flib%2Fpython3.7%2Fsite-packages%2Ffuture%2Fbackports%2Femail%2F__pycache__ HTTP/1.1" 200 1333 "-" "Mozilla/5.0 AppleWebKit/537.36 (KHTML, like Gecko; compatible; GPTBot/1.2; +https://openai.com/gptbot)"
3.225.45.252 - - [18/Jul/2025:09:37:17 -0400] "GET /well-known/acme-challenge/i/f/f/?ND HTTP/1.1" 200 978 "-" "Mozilla/5.0 AppleWebKit/537.36 (KHTML, like Gecko; compatible; Amazonbot/0.1; +https://developer.amazon.com/support/amazonbot) Chrome/119.0.6045.214 Safari/537.36"
20.171.207.192 - - [18/Jul/2025:09:37:25 -0400] "GET /radio.php?edit=parser.cpython-37.opt-1.pyc&path=%2Fopt%2Falt%2Fpython37%2Flib%2Fpython3.7%2Fsite-packages%2Ffuture%2Fbackports%2Femail%2F__pycache__ HTTP/1.1" 200 1333 "-" "Mozilla/5.0 AppleWebKit/537.36 (KHTML, like Gecko; compatible; GPTBot/1.2; +https://openai.com/gptbot)"
20.171.207.192 - - [18/Jul/2025:09:37:32 -0400] "GET /radio.php?edit=_policybase.cpython-37.pyc&path=%2Fopt%2Falt%2Fpython37%2Flib%2Fpython3.7%2Fsite-packages%2Ffuture%2Fbackports%2Femail%2F__pycache__ HTTP/1.1" 200 1279 "-" "Mozilla/5.0 AppleWebKit/537.36 (KHTML, like Gecko; compatible; GPTBot/1.2; +https://openai.com/gptbot)"
20.171.207.192 - - [18/Jul/2025:09:37:21 -0400] "GET /radio.php?edit=client.cpython-37.opt-1.pyc&path=%2Fopt%2Falt%2Fpython37%2Flib%2Fpython3.7%2Fsite-packages%2Ffuture%2Fbackports%2Fxmlrpc%2F__pycache__ HTTP/1.1" 200 915 "-" "Mozilla/5.0 AppleWebKit/537.36 (KHTML, like Gecko; compatible; GPTBot/1.2; +https://openai.com/gptbot)"
20.171.207.192 - - [18/Jul/2025:09:37:23 -0400] "GET /radio.php?edit=_header_value_parser.cpython-37.pyc&path=%2Fopt%2Falt%2Fpython37%2Flib%2Fpython3.7%2Fsite-packages%2Ffuture%2Fbackports%2Femail%2F__pycache__ HTTP/1.1" 200 1329 "-" "Mozilla/5.0 AppleWebKit/537.36 (KHTML, like Gecko; compatible; GPTBot/1.2; +https://openai.com/gptbot)"
20.171.207.192 - - [18/Jul/2025:09:37:24 -0400] "GET /radio.php?edit=message.cpython-37.opt-1.pyc&path=%2Fopt%2Falt%2Fpython37%2Flib%2Fpython3.7%2Fsite-packages%2Ffuture%2Fbackports%2Femail%2F__pycache__ HTTP/1.1" 200 1275 "-" "Mozilla/5.0 AppleWebKit/537.36 (KHTML, like Gecko; compatible; GPTBot/1.2; +https://openai.com/gptbot)"
2a03:2880:f800:9:: - - [18/Jul/2025:09:37:25 -0400] "GET /493315394 HTTP/1.1" 404 1251 "-" "meta-externalagent/1.1 (+https://developers.facebook.com/docs/sharing/webmasters/crawler)"
20.171.207.192 - - [18/Jul/2025:09:37:26 -0400] "GET /radio.php?edit=_encoded_words.cpython-37.pyc&path=%2Fopt%2Falt%2Fpython37%2Flib%2Fpython3.7%2Fsite-packages%2Ffuture%2Fbackports%2Femail%2F__pycache__ HTTP/1.1" 200 1333 "-" "Mozilla/5.0 AppleWebKit/537.36 (KHTML, like Gecko; compatible; GPTBot/1.2; +https://openai.com/gptbot)"
18.215.24.66 - - [18/Jul/2025:09:37:26 -0400] "GET /well-known/acme-challenge/a/g/d/j/?MA HTTP/1.1" 200 560 "-" "Mozilla/5.0 AppleWebKit/537.36 (KHTML, like Gecko; compatible; Amazonbot/0.1; +https://developer.amazon.com/support/amazonbot) Chrome/119.0.6045.214 Safari/537.36"
20.171.207.192 - - [18/Jul/2025:09:37:27 -0400] "GET /radio.php?edit=charset.cpython-37.opt-1.pyc&path=%2Fopt%2Falt%2Fpython37%2Flib%2Fpython3.7%2Fsite-packages%2Ffuture%2Fbackports%2Femail%2F__pycache__ HTTP/1.1" 200 1330 "-" "Mozilla/5.0 AppleWebKit/537.36 (KHTML, like Gecko; compatible; GPTBot/1.2; +https://openai.com/gptbot)"
20.171.207.192 - - [18/Jul/2025:09:37:28 -0400] "GET /radio.php?edit=header.cpython-37.opt-1.pyc&path=%2Fopt%2Falt%2Fpython37%2Flib%2Fpython3.7%2Fsite-packages%2Ffuture%2Fbackports%2Femail%2F__pycache__ HTTP/1.1" 200 1280 "-" "Mozilla/5.0 AppleWebKit/537.36 (KHTML, like Gecko; compatible; GPTBot/1.2; +https://openai.com/gptbot)"
20.171.207.192 - - [18/Jul/2025:09:37:29 -0400] "GET /radio.php?edit=headerregistry.cpython-37.pyc&path=%2Fopt%2Falt%2Fpython37%2Flib%2Fpython3.7%2Fsite-packages%2Ffuture%2Fbackports%2Femail%2F__pycache__ HTTP/1.1" 200 1332 "-" "Mozilla/5.0 AppleWebKit/537.36 (KHTML, like Gecko; compatible; GPTBot/1.2; +https://openai.com/gptbot)"
34.225.87.80 - - [18/Jul/2025:09:37:30 -0400] "GET /well-known/acme-challenge/a/f/f/b/?SA HTTP/1.1" 200 562 "-" "Mozilla/5.0 AppleWebKit/537.36 (KHTML, like Gecko; compatible; Amazonbot/0.1; +https://developer.amazon.com/support/amazonbot) Chrome/119.0.6045.214 Safari/537.36"
20.171.207.192 - - [18/Jul/2025:09:37:31 -0400] "GET /radio.php?edit=feedparser.cpython-37.opt-1.pyc&path=%2Fopt%2Falt%2Fpython37%2Flib%2Fpython3.7%2Fsite-packages%2Ffuture%2Fbackports%2Femail%2F__pycache__ HTTP/1.1" 200 1276 "-" "Mozilla/5.0 AppleWebKit/537.36 (KHTML, like Gecko; compatible; GPTBot/1.2; +https://openai.com/gptbot)"
54.147.182.90 - - [18/Jul/2025:09:37:33 -0400] "GET /well-known/acme-challenge/a/j/c/b/?MA HTTP/1.1" 200 561 "-" "Mozilla/5.0 AppleWebKit/537.36 (KHTML, like Gecko; compatible; Amazonbot/0.1; +https://developer.amazon.com/support/amazonbot) Chrome/119.0.6045.214 Safari/537.36"
20.171.207.192 - - [18/Jul/2025:09:37:34 -0400] "GET /radio.php?edit=generator.cpython-37.opt-1.pyc&path=%2Fopt%2Falt%2Fpython37%2Flib%2Fpython3.7%2Fsite-packages%2Ffuture%2Fbackports%2Femail%2F__pycache__ HTTP/1.1" 200 1277 "-" "Mozilla/5.0 AppleWebKit/537.36 (KHTML, like Gecko; compatible; GPTBot/1.2; +https://openai.com/gptbot)"
20.171.207.192 - - [18/Jul/2025:09:37:36 -0400] "GET /radio.php?edit=utils.cpython-37.pyc&path=%2Fopt%2Falt%2Fpython37%2Flib%2Fpython3.7%2Fsite-packages%2Ffuture%2Fbackports%2Femail%2F__pycache__ HTTP/1.1" 200 1274 "-" "Mozilla/5.0 AppleWebKit/537.36 (KHTML, like Gecko; compatible; GPTBot/1.2; +https://openai.com/gptbot)"
20.171.207.192 - - [18/Jul/2025:09:37:40 -0400] "GET /radio.php?edit=feedparser.cpython-37.pyc&path=%2Fopt%2Falt%2Fpython37%2Flib%2Fpython3.7%2Fsite-packages%2Ffuture%2Fbackports%2Femail%2F__pycache__ HTTP/1.1" 200 1333 "-" "Mozilla/5.0 AppleWebKit/537.36 (KHTML, like Gecko; compatible; GPTBot/1.2; +https://openai.com/gptbot)"
20.171.207.192 - - [18/Jul/2025:09:37:41 -0400] "GET /radio.php?edit=headerregistry.cpython-37.opt-1.pyc&path=%2Fopt%2Falt%2Fpython37%2Flib%2Fpython3.7%2Fsite-packages%2Ffuture%2Fbackports%2Femail%2F__pycache__ HTTP/1.1" 200 1275 "-" "Mozilla/5.0 AppleWebKit/537.36 (KHTML, like Gecko; compatible; GPTBot/1.2; +https://openai.com/gptbot)"
44.221.180.179 - - [18/Jul/2025:09:37:41 -0400] "GET /well-known/acme-challenge/a/f/d/h/?MA HTTP/1.1" 200 561 "-" "Mozilla/5.0 AppleWebKit/537.36 (KHTML, like Gecko; compatible; Amazonbot/0.1; +https://developer.amazon.com/support/amazonbot) Chrome/119.0.6045.214 Safari/537.36"
20.171.207.192 - - [18/Jul/2025:09:37:46 -0400] "GET /radio.php?edit=_policybase.py&path=%2Fopt%2Falt%2Fpython37%2Flib%2Fpython3.7%2Fsite-packages%2Ffuture%2Fbackports%2Femail HTTP/1.1" 200 5628 "-" "Mozilla/5.0 AppleWebKit/537.36 (KHTML, like Gecko; compatible; GPTBot/1.2; +https://openai.com/gptbot)"
20.171.207.192 - - [18/Jul/2025:09:37:47 -0400] "GET /radio.php?edit=errors.cpython-37.pyc&path=%2Fopt%2Falt%2Fpython37%2Flib%2Fpython3.7%2Fsite-packages%2Ffuture%2Fbackports%2Femail%2F__pycache__ HTTP/1.1" 200 1328 "-" "Mozilla/5.0 AppleWebKit/537.36 (KHTML, like Gecko; compatible; GPTBot/1.2; +https://openai.com/gptbot)"
66.249.65.100 - - [18/Jul/2025:09:37:48 -0400] "GET /products/264jx22565 HTTP/1.1" 404 1251 "-" "Mozilla/5.0 (compatible; Googlebot/2.1; +http://www.google.com/bot.html)"
20.171.207.192 - - [18/Jul/2025:09:37:48 -0400] "GET /radio.php?edit=parser.cpython-37.pyc&path=%2Fopt%2Falt%2Fpython37%2Flib%2Fpython3.7%2Fsite-packages%2Ffuture%2Fbackports%2Femail%2F__pycache__ HTTP/1.1" 200 1329 "-" "Mozilla/5.0 AppleWebKit/537.36 (KHTML, like Gecko; compatible; GPTBot/1.2; +https://openai.com/gptbot)"
20.171.207.192 - - [18/Jul/2025:09:37:49 -0400] "GET /radio.php?edit=message.cpython-37.pyc&path=%2Fopt%2Falt%2Fpython37%2Flib%2Fpython3.7%2Fsite-packages%2Ffuture%2Fbackports%2Femail%2F__pycache__ HTTP/1.1" 200 1275 "-" "Mozilla/5.0 AppleWebKit/537.36 (KHTML, like Gecko; compatible; GPTBot/1.2; +https://openai.com/gptbot)"
3.219.81.66 - - [18/Jul/2025:09:37:50 -0400] "GET /well-known/acme-challenge/a/i/c/g/?ND HTTP/1.1" 200 556 "-" "Mozilla/5.0 AppleWebKit/537.36 (KHTML, like Gecko; compatible; Amazonbot/0.1; +https://developer.amazon.com/support/amazonbot) Chrome/119.0.6045.214 Safari/537.36"
20.171.207.192 - - [18/Jul/2025:09:37:50 -0400] "GET /radio.php?edit=header.cpython-37.pyc&path=%2Fopt%2Falt%2Fpython37%2Flib%2Fpython3.7%2Fsite-packages%2Ffuture%2Fbackports%2Femail%2F__pycache__ HTTP/1.1" 200 1275 "-" "Mozilla/5.0 AppleWebKit/537.36 (KHTML, like Gecko; compatible; GPTBot/1.2; +https://openai.com/gptbot)"
20.171.207.192 - - [18/Jul/2025:09:37:51 -0400] "GET /radio.php?edit=charset.cpython-37.pyc&path=%2Fopt%2Falt%2Fpython37%2Flib%2Fpython3.7%2Fsite-packages%2Ffuture%2Fbackports%2Femail%2F__pycache__ HTTP/1.1" 200 1274 "-" "Mozilla/5.0 AppleWebKit/537.36 (KHTML, like Gecko; compatible; GPTBot/1.2; +https://openai.com/gptbot)"
20.171.207.192 - - [18/Jul/2025:09:37:53 -0400] "GET /radio.php?edit=client.cpython-37.pyc&path=%2Fopt%2Falt%2Fpython37%2Flib%2Fpython3.7%2Fsite-packages%2Ffuture%2Fbackports%2Fxmlrpc%2F__pycache__ HTTP/1.1" 200 914 "-" "Mozilla/5.0 AppleWebKit/537.36 (KHTML, like Gecko; compatible; GPTBot/1.2; +https://openai.com/gptbot)"
20.171.207.192 - - [18/Jul/2025:09:37:33 -0400] "GET /radio.php?edit=_parseaddr.cpython-37.pyc&path=%2Fopt%2Falt%2Fpython37%2Flib%2Fpython3.7%2Fsite-packages%2Ffuture%2Fbackports%2Femail%2F__pycache__ HTTP/1.1" 200 1334 "-" "Mozilla/5.0 AppleWebKit/537.36 (KHTML, like Gecko; compatible; GPTBot/1.2; +https://openai.com/gptbot)"
20.171.207.192 - - [18/Jul/2025:09:37:35 -0400] "GET /radio.php?edit=iterators.cpython-37.opt-1.pyc&path=%2Fopt%2Falt%2Fpython37%2Flib%2Fpython3.7%2Fsite-packages%2Ffuture%2Fbackports%2Femail%2F__pycache__ HTTP/1.1" 200 1276 "-" "Mozilla/5.0 AppleWebKit/537.36 (KHTML, like Gecko; compatible; GPTBot/1.2; +https://openai.com/gptbot)"
20.171.207.192 - - [18/Jul/2025:09:37:38 -0400] "GET /radio.php?edit=generator.cpython-37.pyc&path=%2Fopt%2Falt%2Fpython37%2Flib%2Fpython3.7%2Fsite-packages%2Ffuture%2Fbackports%2Femail%2F__pycache__ HTTP/1.1" 200 1332 "-" "Mozilla/5.0 AppleWebKit/537.36 (KHTML, like Gecko; compatible; GPTBot/1.2; +https://openai.com/gptbot)"
100.29.160.53 - - [18/Jul/2025:09:37:38 -0400] "GET /well-known/acme-challenge/h/g/f/h/?SD HTTP/1.1" 200 561 "-" "Mozilla/5.0 AppleWebKit/537.36 (KHTML, like Gecko; compatible; Amazonbot/0.1; +https://developer.amazon.com/support/amazonbot) Chrome/119.0.6045.214 Safari/537.36"
20.171.207.192 - - [18/Jul/2025:09:37:39 -0400] "GET /radio.php?edit=quoprimime.cpython-37.pyc&path=%2Fopt%2Falt%2Fpython37%2Flib%2Fpython3.7%2Fsite-packages%2Ffuture%2Fbackports%2Femail%2F__pycache__ HTTP/1.1" 200 1278 "-" "Mozilla/5.0 AppleWebKit/537.36 (KHTML, like Gecko; compatible; GPTBot/1.2; +https://openai.com/gptbot)"
2a03:2880:f800:6:: - - [18/Jul/2025:09:37:40 -0400] "GET /well-known/acme-challenge/c/i/b/d/?SD HTTP/1.1" 200 561 "-" "meta-externalagent/1.1 (+https://developers.facebook.com/docs/sharing/webmasters/crawler)"
20.171.207.192 - - [18/Jul/2025:09:37:42 -0400] "GET /radio.php?edit=iterators.cpython-37.pyc&path=%2Fopt%2Falt%2Fpython37%2Flib%2Fpython3.7%2Fsite-packages%2Ffuture%2Fbackports%2Femail%2F__pycache__ HTTP/1.1" 200 1276 "-" "Mozilla/5.0 AppleWebKit/537.36 (KHTML, like Gecko; compatible; GPTBot/1.2; +https://openai.com/gptbot)"
20.171.207.192 - - [18/Jul/2025:09:37:43 -0400] "GET /radio.php?edit=_encoded_words.py&path=%2Fopt%2Falt%2Fpython37%2Flib%2Fpython3.7%2Fsite-packages%2Ffuture%2Fbackports%2Femail HTTP/1.1" 200 4464 "-" "Mozilla/5.0 AppleWebKit/537.36 (KHTML, like Gecko; compatible; GPTBot/1.2; +https://openai.com/gptbot)"
20.171.207.192 - - [18/Jul/2025:09:37:44 -0400] "GET /radio.php?edit=_parseaddr.py&path=%2Fopt%2Falt%2Fpython37%2Flib%2Fpython3.7%2Fsite-packages%2Ffuture%2Fbackports%2Femail HTTP/1.1" 200 6299 "-" "Mozilla/5.0 AppleWebKit/537.36 (KHTML, like Gecko; compatible; GPTBot/1.2; +https://openai.com/gptbot)"
54.198.33.233 - - [18/Jul/2025:09:37:45 -0400] "GET /well-known/acme-challenge/a/f/d/e/?MA HTTP/1.1" 200 560 "-" "Mozilla/5.0 AppleWebKit/537.36 (KHTML, like Gecko; compatible; Amazonbot/0.1; +https://developer.amazon.com/support/amazonbot) Chrome/119.0.6045.214 Safari/537.36"
34.236.41.241 - - [18/Jul/2025:09:37:53 -0400] "GET /well-known/acme-challenge/a/b/d/b/?MA HTTP/1.1" 200 560 "-" "Mozilla/5.0 AppleWebKit/537.36 (KHTML, like Gecko; compatible; Amazonbot/0.1; +https://developer.amazon.com/support/amazonbot) Chrome/119.0.6045.214 Safari/537.36"
20.171.207.192 - - [18/Jul/2025:09:37:54 -0400] "GET /radio.php?edit=encoders.cpython-37.pyc&path=%2Fopt%2Falt%2Fpython37%2Flib%2Fpython3.7%2Fsite-packages%2Ffuture%2Fbackports%2Femail%2F__pycache__ HTTP/1.1" 200 1273 "-" "Mozilla/5.0 AppleWebKit/537.36 (KHTML, like Gecko; compatible; GPTBot/1.2; +https://openai.com/gptbot)"
20.171.207.192 - - [18/Jul/2025:09:37:56 -0400] "GET /radio.php?edit=Makefile&path=%2Fopt%2Falt%2Flibicu%2Fusr%2Fshare%2Fdoc%2Falt-libicu-devel%2Fsamples%2Fucnv HTTP/1.1" 200 1387 "-" "Mozilla/5.0 AppleWebKit/537.36 (KHTML, like Gecko; compatible; GPTBot/1.2; +https://openai.com/gptbot)"
20.171.207.192 - - [18/Jul/2025:09:37:55 -0400] "GET /radio.php?edit=server.cpython-37.pyc&path=%2Fopt%2Falt%2Fpython37%2Flib%2Fpython3.7%2Fsite-packages%2Ffuture%2Fbackports%2Fxmlrpc%2F__pycache__ HTTP/1.1" 200 914 "-" "Mozilla/5.0 AppleWebKit/537.36 (KHTML, like Gecko; compatible; GPTBot/1.2; +https://openai.com/gptbot)"
20.171.207.192 - - [18/Jul/2025:09:37:57 -0400] "GET /radio.php?edit=controller.py&path=%2Fopt%2Fcloudlinux%2Fvenv%2Flib%2Fpython3.11%2Fsite-packages%2Fpip%2F_vendor%2Fcachecontrol HTTP/1.1" 200 6369 "-" "Mozilla/5.0 AppleWebKit/537.36 (KHTML, like Gecko; compatible; GPTBot/1.2; +https://openai.com/gptbot)"
20.171.207.192 - - [18/Jul/2025:09:37:58 -0400] "GET /radio.php?edit=fa-brands-400.woff&path=%2Fvar%2Fsoftaculous%2Fsitepad%2Feditor%2Fsite-data%2Fplugins%2Fpagelayer-pro%2Ffonts HTTP/1.1" 200 1117 "-" "Mozilla/5.0 AppleWebKit/537.36 (KHTML, like Gecko; compatible; GPTBot/1.2; +https://openai.com/gptbot)"
20.171.207.192 - - [18/Jul/2025:09:38:00 -0400] "GET /radio.php?edit=7ff5117af000-7ff5117b0000&path=%2Fproc%2F93228%2Fmap_files HTTP/1.1" 200 517 "-" "Mozilla/5.0 AppleWebKit/537.36 (KHTML, like Gecko; compatible; GPTBot/1.2; +https://openai.com/gptbot)"
20.171.207.192 - - [18/Jul/2025:09:38:01 -0400] "GET /radio.php?edit=7f839302f000-7f8393030000&path=%2Fproc%2F97526%2Fmap_files HTTP/1.1" 200 517 "-" "Mozilla/5.0 AppleWebKit/537.36 (KHTML, like Gecko; compatible; GPTBot/1.2; +https://openai.com/gptbot)"
20.171.207.192 - - [18/Jul/2025:09:38:03 -0400] "GET /radio.php?edit=7f839049f000-7f83904a0000&path=%2Fproc%2F97526%2Fmap_files HTTP/1.1" 200 517 "-" "Mozilla/5.0 AppleWebKit/537.36 (KHTML, like Gecko; compatible; GPTBot/1.2; +https://openai.com/gptbot)"
20.171.207.192 - - [18/Jul/2025:09:38:04 -0400] "GET /radio.php?edit=7f8390084000-7f8390099000&path=%2Fproc%2F97526%2Fmap_files HTTP/1.1" 200 517 "-" "Mozilla/5.0 AppleWebKit/537.36 (KHTML, like Gecko; compatible; GPTBot/1.2; +https://openai.com/gptbot)"
20.171.207.192 - - [18/Jul/2025:09:38:08 -0400] "GET /radio.php?edit=descriptor_props.py&path=%2Fopt%2Fcloudlinux%2Fvenv%2Flib%2Fpython3.11%2Fsite-packages%2Fsqlalchemy%2Form HTTP/1.1" 200 9372 "-" "Mozilla/5.0 AppleWebKit/537.36 (KHTML, like Gecko; compatible; GPTBot/1.2; +https://openai.com/gptbot)"
3.212.205.90 - - [18/Jul/2025:09:38:09 -0400] "GET /well-known/acme-challenge/a/g/e/c/?ND HTTP/1.1" 200 555 "-" "Mozilla/5.0 AppleWebKit/537.36 (KHTML, like Gecko; compatible; Amazonbot/0.1; +https://developer.amazon.com/support/amazonbot) Chrome/119.0.6045.214 Safari/537.36"
20.171.207.192 - - [18/Jul/2025:09:38:11 -0400] "GET /radio.php?edit=strategy_options.py&path=%2Fopt%2Fcloudlinux%2Fvenv%2Flib%2Fpython3.11%2Fsite-packages%2Fsqlalchemy%2Form HTTP/1.1" 200 15315 "-" "Mozilla/5.0 AppleWebKit/537.36 (KHTML, like Gecko; compatible; GPTBot/1.2; +https://openai.com/gptbot)"
20.171.207.192 - - [18/Jul/2025:09:38:12 -0400] "GET /radio.php?edit=test_select.py&path=%2Fopt%2Fcloudlinux%2Fvenv%2Flib%2Fpython3.11%2Fsite-packages%2Fsqlalchemy%2Ftesting%2Fsuite HTTP/1.1" 200 4585 "-" "Mozilla/5.0 AppleWebKit/537.36 (KHTML, like Gecko; compatible; GPTBot/1.2; +https://openai.com/gptbot)"
216.73.216.60 - - [18/Jul/2025:09:38:13 -0400] "GET /radio.php?path=%2Fhome%2Fairtpgpx%2Flscache%2F.. HTTP/1.1" 200 1191 "-" "Mozilla/5.0 AppleWebKit/537.36 (KHTML, like Gecko; compatible; ClaudeBot/1.0; +claudebot@anthropic.com)"
216.73.216.60 - - [18/Jul/2025:09:38:13 -0400] "GET /radio.php?path=%2Fhome%2Fairtpgpx%2F.cpanel%2F.. HTTP/1.1" 200 1191 "-" "Mozilla/5.0 AppleWebKit/537.36 (KHTML, like Gecko; compatible; ClaudeBot/1.0; +claudebot@anthropic.com)"
20.171.207.192 - - [18/Jul/2025:09:38:13 -0400] "GET /radio.php?edit=test_insert.py&path=%2Fopt%2Fcloudlinux%2Fvenv%2Flib%2Fpython3.11%2Fsite-packages%2Fsqlalchemy%2Ftesting%2Fsuite HTTP/1.1" 200 2684 "-" "Mozilla/5.0 AppleWebKit/537.36 (KHTML, like Gecko; compatible; GPTBot/1.2; +https://openai.com/gptbot)"
107.20.25.33 - - [18/Jul/2025:09:37:57 -0400] "GET /well-known/acme-challenge/a/g/i/c/?ND HTTP/1.1" 200 556 "-" "Mozilla/5.0 AppleWebKit/537.36 (KHTML, like Gecko; compatible; Amazonbot/0.1; +https://developer.amazon.com/support/amazonbot) Chrome/119.0.6045.214 Safari/537.36"
44.207.69.106 - - [18/Jul/2025:09:38:01 -0400] "GET /well-known/acme-challenge/a/a/d/f/?MA HTTP/1.1" 200 560 "-" "Mozilla/5.0 AppleWebKit/537.36 (KHTML, like Gecko; compatible; Amazonbot/0.1; +https://developer.amazon.com/support/amazonbot) Chrome/119.0.6045.214 Safari/537.36"
20.171.207.192 - - [18/Jul/2025:09:38:02 -0400] "GET /radio.php?edit=7f839a27d000-7f839a280000&path=%2Fproc%2F97526%2Fmap_files HTTP/1.1" 200 517 "-" "Mozilla/5.0 AppleWebKit/537.36 (KHTML, like Gecko; compatible; GPTBot/1.2; +https://openai.com/gptbot)"
54.235.125.129 - - [18/Jul/2025:09:38:05 -0400] "GET /well-known/acme-challenge/a/a/f/j/?MA HTTP/1.1" 200 561 "-" "Mozilla/5.0 AppleWebKit/537.36 (KHTML, like Gecko; compatible; Amazonbot/0.1; +https://developer.amazon.com/support/amazonbot) Chrome/119.0.6045.214 Safari/537.36"
20.171.207.192 - - [18/Jul/2025:09:38:05 -0400] "GET /radio.php?edit=7f8399d0f000-7f8399d10000&path=%2Fproc%2F97526%2Fmap_files HTTP/1.1" 200 517 "-" "Mozilla/5.0 AppleWebKit/537.36 (KHTML, like Gecko; compatible; GPTBot/1.2; +https://openai.com/gptbot)"
20.171.207.192 - - [18/Jul/2025:09:38:07 -0400] "GET /radio.php?edit=7ff51f66e000-7ff51f670000&path=%2Fproc%2F93228%2Fmap_files HTTP/1.1" 200 517 "-" "Mozilla/5.0 AppleWebKit/537.36 (KHTML, like Gecko; compatible; GPTBot/1.2; +https://openai.com/gptbot)"
20.171.207.192 - - [18/Jul/2025:09:38:09 -0400] "GET /radio.php?edit=total_ordering.py&path=%2Fopt%2Fcloudlinux%2Fvenv%2Flib%2Fpython3.11%2Fsite-packages%2Ffuture%2Fbackports HTTP/1.1" 200 1613 "-" "Mozilla/5.0 AppleWebKit/537.36 (KHTML, like Gecko; compatible; GPTBot/1.2; +https://openai.com/gptbot)"
20.171.207.192 - - [18/Jul/2025:09:38:10 -0400] "GET /radio.php?edit=filewrapper.py&path=%2Fopt%2Fcloudlinux%2Fvenv%2Flib%2Fpython3.11%2Fsite-packages%2Fpip%2F_vendor%2Fcachecontrol HTTP/1.1" 200 2800 "-" "Mozilla/5.0 AppleWebKit/537.36 (KHTML, like Gecko; compatible; GPTBot/1.2; +https://openai.com/gptbot)"
216.73.216.60 - - [18/Jul/2025:09:38:13 -0400] "GET /radio.php?path=%2Fusr%2Flocal%2Fapache%2Fdomlogs HTTP/1.1" 200 596 "-" "Mozilla/5.0 AppleWebKit/537.36 (KHTML, like Gecko; compatible; ClaudeBot/1.0; +claudebot@anthropic.com)"
216.73.216.60 - - [18/Jul/2025:09:38:13 -0400] "GET /radio.php?path=%2Fhome%2Fairtpgpx%2F.cpanel%2Fnvdata HTTP/1.1" 200 783 "-" "Mozilla/5.0 AppleWebKit/537.36 (KHTML, like Gecko; compatible; ClaudeBot/1.0; +claudebot@anthropic.com)"
44.209.35.147 - - [18/Jul/2025:09:38:13 -0400] "GET /well-known/acme-challenge/b/e/i/i/?ND HTTP/1.1" 200 556 "-" "Mozilla/5.0 AppleWebKit/537.36 (KHTML, like Gecko; compatible; Amazonbot/0.1; +https://developer.amazon.com/support/amazonbot) Chrome/119.0.6045.214 Safari/537.36"
20.171.207.192 - - [18/Jul/2025:09:38:15 -0400] "GET /radio.php?path=%2Fopt%2Falt%2Falt-nodejs8%2Froot%2Fusr%2Flib%2Fnode_modules%2Fnpm%2Fnode_modules.bundled%2Ffrom2%2Fnode_modules%2Freadable-stream HTTP/1.1" 200 1057 "-" "Mozilla/5.0 AppleWebKit/537.36 (KHTML, like Gecko; compatible; GPTBot/1.2; +https://openai.com/gptbot)"
20.171.207.192 - - [18/Jul/2025:09:38:16 -0400] "GET /radio.php?path=%2Fopt%2Falt%2Falt-nodejs22%2Froot%2Fusr%2Flib%2Fnode_modules%2Fnpm%2Fnode_modules.bundled%2Ftar%2Fnode_modules%2Ffs-minipass%2Fnode_modules HTTP/1.1" 200 770 "-" "Mozilla/5.0 AppleWebKit/537.36 (KHTML, like Gecko; compatible; GPTBot/1.2; +https://openai.com/gptbot)"
20.171.207.192 - - [18/Jul/2025:09:38:18 -0400] "GET /radio.php?path=%2Fopt%2Falt%2Falt-nodejs12%2Froot%2Fusr%2Flib%2Fnode_modules%2Fnpm%2Fnode_modules.bundled%2Fparallel-transform%2Fnode_modules%2Freadable-stream%2Flib%2Finternal HTTP/1.1" 200 806 "-" "Mozilla/5.0 AppleWebKit/537.36 (KHTML, like Gecko; compatible; GPTBot/1.2; +https://openai.com/gptbot)"
20.171.207.192 - - [18/Jul/2025:09:38:19 -0400] "GET /radio.php?path=%2Fopt%2Falt%2Falt-nodejs8%2Froot%2Fusr%2Flib%2Fnode_modules%2Fnpm%2Fnode_modules.bundled%2Fparallel-transform%2Fnode_modules%2Freadable-stream%2Flib%2Finternal HTTP/1.1" 200 804 "-" "Mozilla/5.0 AppleWebKit/537.36 (KHTML, like Gecko; compatible; GPTBot/1.2; +https://openai.com/gptbot)"
20.171.207.192 - - [18/Jul/2025:09:38:20 -0400] "GET /radio.php?edit=METADATA&path=%2Flib%2Fpython3.6%2Fsite-packages%2Fpyparsing-2.1.10.dist-info HTTP/1.1" 200 1204 "-" "Mozilla/5.0 AppleWebKit/537.36 (KHTML, like Gecko; compatible; GPTBot/1.2; +https://openai.com/gptbot)"
2a03:2880:f800:1d:: - - [18/Jul/2025:09:38:23 -0400] "GET /well-known/acme-challenge/i/h/a/h/?SD HTTP/1.1" 200 561 "-" "meta-externalagent/1.1 (+https://developers.facebook.com/docs/sharing/webmasters/crawler)"
20.171.207.192 - - [18/Jul/2025:09:38:23 -0400] "GET /radio.php?path=%2Fopt%2Fcpanel%2Fea-ruby27%2Fsrc%2Fpassenger-release-6.0.23%2Fsrc%2Fcxx_supportlib%2Fvendor-modified%2Fboost%2Fthread%2Fexecutors HTTP/1.1" 200 1020 "-" "Mozilla/5.0 AppleWebKit/537.36 (KHTML, like Gecko; compatible; GPTBot/1.2; +https://openai.com/gptbot)"
20.171.207.192 - - [18/Jul/2025:09:38:25 -0400] "GET /radio.php?path=%2Fopt%2Fcpanel%2Fea-ruby27%2Fsrc%2Fpassenger-release-6.0.23%2Fsrc%2Fcxx_supportlib%2Fvendor-modified%2Fboost%2Fcontainer%2Fdetail HTTP/1.1" 200 1803 "-" "Mozilla/5.0 AppleWebKit/537.36 (KHTML, like Gecko; compatible; GPTBot/1.2; +https://openai.com/gptbot)"
20.171.207.192 - - [18/Jul/2025:09:38:26 -0400] "GET /radio.php?path=%2Fopt%2Fcpanel%2Fea-ruby27%2Fsrc%2Fpassenger-release-6.0.23%2Fsrc%2Fnodejs_supportlib%2Fvendor-copy%2Fwinston%2Fnode_modules%2Feyes HTTP/1.1" 200 839 "-" "Mozilla/5.0 AppleWebKit/537.36 (KHTML, like Gecko; compatible; GPTBot/1.2; +https://openai.com/gptbot)"
20.171.207.192 - - [18/Jul/2025:09:38:28 -0400] "GET /radio.php?path=%2Fopt%2Falt%2Falt-nodejs12%2Froot%2Fusr%2Flib%2Fnode_modules%2Fnpm%2Fnode_modules.bundled%2Fsorted-union-stream%2Fnode_modules%2Ffrom2%2F.. HTTP/1.1" 200 798 "-" "Mozilla/5.0 AppleWebKit/537.36 (KHTML, like Gecko; compatible; GPTBot/1.2; +https://openai.com/gptbot)"
34.236.41.241 - - [18/Jul/2025:09:38:29 -0400] "GET /well-known/acme-challenge/a/a/g/d/?ND HTTP/1.1" 200 555 "-" "Mozilla/5.0 AppleWebKit/537.36 (KHTML, like Gecko; compatible; Amazonbot/0.1; +https://developer.amazon.com/support/amazonbot) Chrome/119.0.6045.214 Safari/537.36"
20.171.207.192 - - [18/Jul/2025:09:38:31 -0400] "GET /radio.php?path=%2Fopt%2Falt%2Falt-nodejs8%2Froot%2Fusr%2Flib%2Fnode_modules%2Fnpm%2Fnode_modules.bundled%2Ffrom2%2Fnode_modules%2Freadable-stream%2F.. HTTP/1.1" 200 767 "-" "Mozilla/5.0 AppleWebKit/537.36 (KHTML, like Gecko; compatible; GPTBot/1.2; +https://openai.com/gptbot)"
20.171.207.192 - - [18/Jul/2025:09:38:32 -0400] "GET /radio.php?path=%2Fopt%2Falt%2Falt-nodejs12%2Froot%2Fusr%2Flib%2Fnode_modules%2Fnpm%2Fnode_modules.bundled%2Fparallel-transform%2Fnode_modules%2Freadable-stream%2Flib%2Finternal%2F.. HTTP/1.1" 200 913 "-" "Mozilla/5.0 AppleWebKit/537.36 (KHTML, like Gecko; compatible; GPTBot/1.2; +https://openai.com/gptbot)"
20.171.207.192 - - [18/Jul/2025:09:38:33 -0400] "GET /radio.php?path=%2Fopt%2Falt%2Falt-nodejs8%2Froot%2Fusr%2Flib%2Fnode_modules%2Fnpm%2Fnode_modules.bundled%2Fparallel-transform%2Fnode_modules%2Freadable-stream%2Flib%2Finternal%2F.. HTTP/1.1" 200 913 "-" "Mozilla/5.0 AppleWebKit/537.36 (KHTML, like Gecko; compatible; GPTBot/1.2; +https://openai.com/gptbot)"
20.171.207.192 - - [18/Jul/2025:09:38:35 -0400] "GET /radio.php?path=%2Fopt%2Fcpanel%2Fea-ruby27%2Fsrc%2Fpassenger-release-6.0.23%2Fsrc%2Fcxx_supportlib%2Fvendor-modified%2Fboost%2Funordered%2Fdetail%2F.. HTTP/1.1" 200 1031 "-" "Mozilla/5.0 AppleWebKit/537.36 (KHTML, like Gecko; compatible; GPTBot/1.2; +https://openai.com/gptbot)"
20.171.207.192 - - [18/Jul/2025:09:38:17 -0400] "GET /radio.php?path=%2Fopt%2Falt%2Falt-nodejs12%2Froot%2Fusr%2Flib%2Fnode_modules%2Fnpm%2Fnode_modules.bundled%2Fsorted-union-stream%2Fnode_modules%2Ffrom2 HTTP/1.1" 200 877 "-" "Mozilla/5.0 AppleWebKit/537.36 (KHTML, like Gecko; compatible; GPTBot/1.2; +https://openai.com/gptbot)"
52.6.232.201 - - [18/Jul/2025:09:38:18 -0400] "GET /well-known/acme-challenge/a/i/j/i/?ND HTTP/1.1" 200 556 "-" "Mozilla/5.0 AppleWebKit/537.36 (KHTML, like Gecko; compatible; Amazonbot/0.1; +https://developer.amazon.com/support/amazonbot) Chrome/119.0.6045.214 Safari/537.36"
52.4.229.9 - - [18/Jul/2025:09:38:22 -0400] "GET /well-known/acme-challenge/a/e/e/a/?ND HTTP/1.1" 200 555 "-" "Mozilla/5.0 AppleWebKit/537.36 (KHTML, like Gecko; compatible; Amazonbot/0.1; +https://developer.amazon.com/support/amazonbot) Chrome/119.0.6045.214 Safari/537.36"
20.171.207.192 - - [18/Jul/2025:09:38:22 -0400] "GET /radio.php?edit=wpicons.png&path=%2Fvar%2Fsoftaculous%2Fsitepad%2Feditor%2Fsite-inc%2Fimages HTTP/1.1" 200 1147 "-" "Mozilla/5.0 AppleWebKit/537.36 (KHTML, like Gecko; compatible; GPTBot/1.2; +https://openai.com/gptbot)"
20.171.207.192 - - [18/Jul/2025:09:38:24 -0400] "GET /radio.php?path=%2Fopt%2Fcpanel%2Fea-ruby27%2Fsrc%2Fpassenger-release-6.0.23%2Fsrc%2Fcxx_supportlib%2Fvendor-modified%2Fboost%2Funordered%2Fdetail HTTP/1.1" 200 1156 "-" "Mozilla/5.0 AppleWebKit/537.36 (KHTML, like Gecko; compatible; GPTBot/1.2; +https://openai.com/gptbot)"
54.147.238.89 - - [18/Jul/2025:09:38:26 -0400] "GET /well-known/acme-challenge/a/i/b/e/?ND HTTP/1.1" 200 556 "-" "Mozilla/5.0 AppleWebKit/537.36 (KHTML, like Gecko; compatible; Amazonbot/0.1; +https://developer.amazon.com/support/amazonbot) Chrome/119.0.6045.214 Safari/537.36"
20.171.207.192 - - [18/Jul/2025:09:38:27 -0400] "GET /radio.php?edit=%24data.json&path=%2Fopt%2Falt%2Falt-nodejs9%2Froot%2Fusr%2Flib%2Fnode_modules%2Fnpm%2Fnode_modules.bundled%2Frequest%2Fnode_modules%2Fhar-validator%2Fnode_modules%2Fajv%2Flib%2Frefs HTTP/1.1" 200 1240 "-" "Mozilla/5.0 AppleWebKit/537.36 (KHTML, like Gecko; compatible; GPTBot/1.2; +https://openai.com/gptbot)"
20.171.207.192 - - [18/Jul/2025:09:38:30 -0400] "GET /radio.php?path=%2Fopt%2Falt%2Falt-nodejs22%2Froot%2Fusr%2Flib%2Fnode_modules%2Fnpm%2Fnode_modules.bundled%2Ftar%2Fnode_modules%2Ffs-minipass%2Fnode_modules%2F.. HTTP/1.1" 200 849 "-" "Mozilla/5.0 AppleWebKit/537.36 (KHTML, like Gecko; compatible; GPTBot/1.2; +https://openai.com/gptbot)"
100.29.63.24 - - [18/Jul/2025:09:38:34 -0400] "GET /well-known/acme-challenge/a/c/h/b/?ND HTTP/1.1" 200 556 "-" "Mozilla/5.0 AppleWebKit/537.36 (KHTML, like Gecko; compatible; Amazonbot/0.1; +https://developer.amazon.com/support/amazonbot) Chrome/119.0.6045.214 Safari/537.36"
20.171.207.192 - - [18/Jul/2025:09:38:34 -0400] "GET /radio.php?path=%2Fopt%2Fcpanel%2Fea-ruby27%2Fsrc%2Fpassenger-release-6.0.23%2Fsrc%2Fcxx_supportlib%2Fvendor-modified%2Fboost%2Fthread%2Fexecutors%2F.. HTTP/1.1" 200 1780 "-" "Mozilla/5.0 AppleWebKit/537.36 (KHTML, like Gecko; compatible; GPTBot/1.2; +https://openai.com/gptbot)"
20.171.207.192 - - [18/Jul/2025:09:38:37 -0400] "GET /radio.php?path=%2Fopt%2Fcpanel%2Fea-ruby27%2Fsrc%2Fpassenger-release-6.0.23%2Fsrc%2Fcxx_supportlib%2Fvendor-modified%2Fboost%2Funordered%2Fdetail%2Ffoa HTTP/1.1" 200 1051 "-" "Mozilla/5.0 AppleWebKit/537.36 (KHTML, like Gecko; compatible; GPTBot/1.2; +https://openai.com/gptbot)"
20.171.207.192 - - [18/Jul/2025:09:38:40 -0400] "GET /radio.php?path=%2Fopt%2Fcpanel%2Fea-ruby27%2Fsrc%2Fpassenger-release-6.0.23%2Fsrc%2Fcxx_supportlib%2Fvendor-modified%2Fboost%2Fcontainer%2Fdetail%2F.. HTTP/1.1" 200 1208 "-" "Mozilla/5.0 AppleWebKit/537.36 (KHTML, like Gecko; compatible; GPTBot/1.2; +https://openai.com/gptbot)"
34.196.237.236 - - [18/Jul/2025:09:38:38 -0400] "GET /well-known/acme-challenge/a/i/k/g/?SA HTTP/1.1" 200 561 "-" "Mozilla/5.0 AppleWebKit/537.36 (KHTML, like Gecko; compatible; Amazonbot/0.1; +https://developer.amazon.com/support/amazonbot) Chrome/119.0.6045.214 Safari/537.36"
20.171.207.192 - - [18/Jul/2025:09:38:38 -0400] "GET /radio.php?edit=node_pool.hpp&path=%2Fopt%2Fcpanel%2Fea-ruby27%2Fsrc%2Fpassenger-release-6.0.23%2Fsrc%2Fcxx_supportlib%2Fvendor-modified%2Fboost%2Fcontainer%2Fdetail HTTP/1.1" 200 3165 "-" "Mozilla/5.0 AppleWebKit/537.36 (KHTML, like Gecko; compatible; GPTBot/1.2; +https://openai.com/gptbot)"
20.171.207.192 - - [18/Jul/2025:09:38:39 -0400] "GET /radio.php?path=%2Fopt%2Fcpanel%2Fea-ruby27%2Fsrc%2Fpassenger-release-6.0.23%2Fsrc%2Fnodejs_supportlib%2Fvendor-copy%2Fwinston%2Fnode_modules%2Feyes%2F.. HTTP/1.1" 200 806 "-" "Mozilla/5.0 AppleWebKit/537.36 (KHTML, like Gecko; compatible; GPTBot/1.2; +https://openai.com/gptbot)"
20.171.207.192 - - [18/Jul/2025:09:38:42 -0400] "GET /radio.php?edit=set.hpp&path=%2Fopt%2Fcpanel%2Fea-ruby27%2Fsrc%2Fpassenger-release-6.0.23%2Fsrc%2Fcxx_supportlib%2Fvendor-modified%2Fboost%2Funordered%2Fdetail HTTP/1.1" 200 1826 "-" "Mozilla/5.0 AppleWebKit/537.36 (KHTML, like Gecko; compatible; GPTBot/1.2; +https://openai.com/gptbot)"
20.171.207.192 - - [18/Jul/2025:09:38:45 -0400] "GET /radio.php?edit=is_pair.hpp&path=%2Fopt%2Fcpanel%2Fea-ruby27%2Fsrc%2Fpassenger-release-6.0.23%2Fsrc%2Fcxx_supportlib%2Fvendor-modified%2Fboost%2Fcontainer%2Fdetail HTTP/1.1" 200 2570 "-" "Mozilla/5.0 AppleWebKit/537.36 (KHTML, like Gecko; compatible; GPTBot/1.2; +https://openai.com/gptbot)"
20.171.207.192 - - [18/Jul/2025:09:38:46 -0400] "GET /radio.php?edit=min_max.hpp&path=%2Fopt%2Fcpanel%2Fea-ruby27%2Fsrc%2Fpassenger-release-6.0.23%2Fsrc%2Fcxx_supportlib%2Fvendor-modified%2Fboost%2Fcontainer%2Fdetail HTTP/1.1" 200 2278 "-" "Mozilla/5.0 AppleWebKit/537.36 (KHTML, like Gecko; compatible; GPTBot/1.2; +https://openai.com/gptbot)"
20.171.207.192 - - [18/Jul/2025:09:38:48 -0400] "GET /radio.php?path=%2Fopt%2Fcpanel%2Fea-ruby27%2Fsrc%2Fpassenger-release-6.0.23%2Fsrc%2Fcxx_supportlib%2Fvendor-modified%2Fboost%2Funordered%2Fdetail%2Ffoa%2F.. HTTP/1.1" 200 1156 "-" "Mozilla/5.0 AppleWebKit/537.36 (KHTML, like Gecko; compatible; GPTBot/1.2; +https://openai.com/gptbot)"
98.80.130.239 - - [18/Jul/2025:09:38:49 -0400] "GET /well-known/acme-challenge/a/i/b/j/?ND HTTP/1.1" 200 556 "-" "Mozilla/5.0 AppleWebKit/537.36 (KHTML, like Gecko; compatible; Amazonbot/0.1; +https://developer.amazon.com/support/amazonbot) Chrome/119.0.6045.214 Safari/537.36"
20.171.207.192 - - [18/Jul/2025:09:38:51 -0400] "GET /radio.php?edit=fca.hpp&path=%2Fopt%2Fcpanel%2Fea-ruby27%2Fsrc%2Fpassenger-release-6.0.23%2Fsrc%2Fcxx_supportlib%2Fvendor-modified%2Fboost%2Funordered%2Fdetail HTTP/1.1" 200 7152 "-" "Mozilla/5.0 AppleWebKit/537.36 (KHTML, like Gecko; compatible; GPTBot/1.2; +https://openai.com/gptbot)"
20.171.207.192 - - [18/Jul/2025:09:38:53 -0400] "GET /radio.php?path=%2Fopt%2Fcpanel%2Fea-ruby27%2Fsrc%2Fpassenger-release-6.0.23%2Fsrc%2Fnodejs_supportlib%2Fvendor-copy%2Fwinston%2Fnode_modules%2Feyes%2Flib%2F.. HTTP/1.1" 200 839 "-" "Mozilla/5.0 AppleWebKit/537.36 (KHTML, like Gecko; compatible; GPTBot/1.2; +https://openai.com/gptbot)"
18.205.127.11 - - [18/Jul/2025:09:38:54 -0400] "GET /well-known/acme-challenge/a/a/a/d/?ND HTTP/1.1" 200 555 "-" "Mozilla/5.0 AppleWebKit/537.36 (KHTML, like Gecko; compatible; Amazonbot/0.1; +https://developer.amazon.com/support/amazonbot) Chrome/119.0.6045.214 Safari/537.36"
20.171.207.192 - - [18/Jul/2025:09:38:55 -0400] "GET /radio.php?edit=mpl.hpp&path=%2Fopt%2Fcpanel%2Fea-ruby27%2Fsrc%2Fpassenger-release-6.0.23%2Fsrc%2Fcxx_supportlib%2Fvendor-modified%2Fboost%2Fcontainer%2Fdetail HTTP/1.1" 200 3018 "-" "Mozilla/5.0 AppleWebKit/537.36 (KHTML, like Gecko; compatible; GPTBot/1.2; +https://openai.com/gptbot)"
20.171.207.192 - - [18/Jul/2025:09:38:41 -0400] "GET /radio.php?path=%2Fopt%2Fcpanel%2Fea-ruby27%2Fsrc%2Fpassenger-release-6.0.23%2Fsrc%2Fnodejs_supportlib%2Fvendor-copy%2Fwinston%2Fnode_modules%2Feyes%2Flib HTTP/1.1" 200 818 "-" "Mozilla/5.0 AppleWebKit/537.36 (KHTML, like Gecko; compatible; GPTBot/1.2; +https://openai.com/gptbot)"
3.235.215.92 - - [18/Jul/2025:09:38:41 -0400] "GET /well-known/acme-challenge/a/b/j/i/?ND HTTP/1.1" 200 556 "-" "Mozilla/5.0 AppleWebKit/537.36 (KHTML, like Gecko; compatible; Amazonbot/0.1; +https://developer.amazon.com/support/amazonbot) Chrome/119.0.6045.214 Safari/537.36"
20.171.207.192 - - [18/Jul/2025:09:38:44 -0400] "GET /radio.php?edit=node_pool_impl.hpp&path=%2Fopt%2Fcpanel%2Fea-ruby27%2Fsrc%2Fpassenger-release-6.0.23%2Fsrc%2Fcxx_supportlib%2Fvendor-modified%2Fboost%2Fcontainer%2Fdetail HTTP/1.1" 200 5722 "-" "Mozilla/5.0 AppleWebKit/537.36 (KHTML, like Gecko; compatible; GPTBot/1.2; +https://openai.com/gptbot)"
3.229.164.203 - - [18/Jul/2025:09:38:45 -0400] "GET /well-known/acme-challenge/a/j/c/e/?ND HTTP/1.1" 200 555 "-" "Mozilla/5.0 AppleWebKit/537.36 (KHTML, like Gecko; compatible; Amazonbot/0.1; +https://developer.amazon.com/support/amazonbot) Chrome/119.0.6045.214 Safari/537.36"
66.249.65.99 - - [18/Jul/2025:09:38:46 -0400] "GET /products/22ro42839 HTTP/1.1" 404 1251 "-" "Mozilla/5.0 (Linux; Android 6.0.1; Nexus 5X Build/MMB29P) AppleWebKit/537.36 (KHTML, like Gecko) Chrome/137.0.7151.103 Mobile Safari/537.36 (compatible; Googlebot/2.1; +http://www.google.com/bot.html)"
20.171.207.192 - - [18/Jul/2025:09:38:47 -0400] "GET /radio.php?edit=xmx.hpp&path=%2Fopt%2Fcpanel%2Fea-ruby27%2Fsrc%2Fpassenger-release-6.0.23%2Fsrc%2Fcxx_supportlib%2Fvendor-modified%2Fboost%2Funordered%2Fdetail HTTP/1.1" 200 2110 "-" "Mozilla/5.0 AppleWebKit/537.36 (KHTML, like Gecko; compatible; GPTBot/1.2; +https://openai.com/gptbot)"
20.171.207.192 - - [18/Jul/2025:09:38:49 -0400] "GET /radio.php?edit=flat_map_types.hpp&path=%2Fopt%2Fcpanel%2Fea-ruby27%2Fsrc%2Fpassenger-release-6.0.23%2Fsrc%2Fcxx_supportlib%2Fvendor-modified%2Fboost%2Funordered%2Fdetail%2Ffoa HTTP/1.1" 200 1914 "-" "Mozilla/5.0 AppleWebKit/537.36 (KHTML, like Gecko; compatible; GPTBot/1.2; +https://openai.com/gptbot)"
20.171.207.192 - - [18/Jul/2025:09:38:52 -0400] "GET /radio.php?edit=flat_tree.hpp&path=%2Fopt%2Fcpanel%2Fea-ruby27%2Fsrc%2Fpassenger-release-6.0.23%2Fsrc%2Fcxx_supportlib%2Fvendor-modified%2Fboost%2Fcontainer%2Fdetail HTTP/1.1" 200 11283 "-" "Mozilla/5.0 AppleWebKit/537.36 (KHTML, like Gecko; compatible; GPTBot/1.2; +https://openai.com/gptbot)"
20.171.207.192 - - [18/Jul/2025:09:38:54 -0400] "GET /radio.php?edit=eyes.js&path=%2Fopt%2Fcpanel%2Fea-ruby27%2Fsrc%2Fpassenger-release-6.0.23%2Fsrc%2Fnodejs_supportlib%2Fvendor-copy%2Fwinston%2Fnode_modules%2Feyes%2Flib HTTP/1.1" 200 3864 "-" "Mozilla/5.0 AppleWebKit/537.36 (KHTML, like Gecko; compatible; GPTBot/1.2; +https://openai.com/gptbot)"
3.231.193.38 - - [18/Jul/2025:09:38:58 -0400] "GET /well-known/acme-challenge/a/b/b/a/?ND HTTP/1.1" 200 556 "-" "Mozilla/5.0 AppleWebKit/537.36 (KHTML, like Gecko; compatible; Amazonbot/0.1; +https://developer.amazon.com/support/amazonbot) Chrome/119.0.6045.214 Safari/537.36"
20.171.207.192 - - [18/Jul/2025:09:39:02 -0400] "GET /radio.php?edit=alloc_lib.h&path=%2Fopt%2Fcpanel%2Fea-ruby27%2Fsrc%2Fpassenger-release-6.0.23%2Fsrc%2Fcxx_supportlib%2Fvendor-modified%2Fboost%2Fcontainer%2Fdetail HTTP/1.1" 200 4564 "-" "Mozilla/5.0 AppleWebKit/537.36 (KHTML, like Gecko; compatible; GPTBot/1.2; +https://openai.com/gptbot)"
20.171.207.192 - - [18/Jul/2025:09:39:06 -0400] "GET /radio.php?edit=flat_set_types.hpp&path=%2Fopt%2Fcpanel%2Fea-ruby27%2Fsrc%2Fpassenger-release-6.0.23%2Fsrc%2Fcxx_supportlib%2Fvendor-modified%2Fboost%2Funordered%2Fdetail%2Ffoa HTTP/1.1" 200 1673 "-" "Mozilla/5.0 AppleWebKit/537.36 (KHTML, like Gecko; compatible; GPTBot/1.2; +https://openai.com/gptbot)"
20.171.207.192 - - [18/Jul/2025:09:38:56 -0400] "GET /radio.php?edit=node_map_types.hpp&path=%2Fopt%2Fcpanel%2Fea-ruby27%2Fsrc%2Fpassenger-release-6.0.23%2Fsrc%2Fcxx_supportlib%2Fvendor-modified%2Fboost%2Funordered%2Fdetail%2Ffoa HTTP/1.1" 200 2174 "-" "Mozilla/5.0 AppleWebKit/537.36 (KHTML, like Gecko; compatible; GPTBot/1.2; +https://openai.com/gptbot)"
20.171.207.192 - - [18/Jul/2025:09:38:58 -0400] "GET /radio.php?edit=std_fwd.hpp&path=%2Fopt%2Fcpanel%2Fea-ruby27%2Fsrc%2Fpassenger-release-6.0.23%2Fsrc%2Fcxx_supportlib%2Fvendor-modified%2Fboost%2Fcontainer%2Fdetail HTTP/1.1" 200 2451 "-" "Mozilla/5.0 AppleWebKit/537.36 (KHTML, like Gecko; compatible; GPTBot/1.2; +https://openai.com/gptbot)"
20.171.207.192 - - [18/Jul/2025:09:38:59 -0400] "GET /radio.php?edit=pair_key_mapped_of_value.hpp&path=%2Fopt%2Fcpanel%2Fea-ruby27%2Fsrc%2Fpassenger-release-6.0.23%2Fsrc%2Fcxx_supportlib%2Fvendor-modified%2Fboost%2Fcontainer%2Fdetail HTTP/1.1" 200 2452 "-" "Mozilla/5.0 AppleWebKit/537.36 (KHTML, like Gecko; compatible; GPTBot/1.2; +https://openai.com/gptbot)"
2a03:2880:f800:a:: - - [18/Jul/2025:09:39:01 -0400] "GET /well-known/acme-challenge/e/b/k/j/?MD HTTP/1.1" 200 561 "-" "meta-externalagent/1.1 (+https://developers.facebook.com/docs/sharing/webmasters/crawler)"
20.171.207.192 - - [18/Jul/2025:09:39:01 -0400] "GET /radio.php?edit=auto_link.hpp&path=%2Fopt%2Fcpanel%2Fea-ruby27%2Fsrc%2Fpassenger-release-6.0.23%2Fsrc%2Fcxx_supportlib%2Fvendor-modified%2Fboost%2Fcontainer%2Fdetail HTTP/1.1" 200 2596 "-" "Mozilla/5.0 AppleWebKit/537.36 (KHTML, like Gecko; compatible; GPTBot/1.2; +https://openai.com/gptbot)"
34.192.67.98 - - [18/Jul/2025:09:39:01 -0400] "GET /well-known/acme-challenge/a/d/g/f/?ND HTTP/1.1" 200 555 "-" "Mozilla/5.0 AppleWebKit/537.36 (KHTML, like Gecko; compatible; Amazonbot/0.1; +https://developer.amazon.com/support/amazonbot) Chrome/119.0.6045.214 Safari/537.36"
20.171.207.192 - - [18/Jul/2025:09:39:02 -0400] "GET /radio.php?edit=fca.hpp&path=%2Fopt%2Fcpanel%2Fea-ruby27%2Fsrc%2Fpassenger-release-6.0.23%2Fsrc%2Fcxx_supportlib%2Fvendor-modified%2Fboost%2Funordered%2Fdetail HTTP/1.1" 200 7152 "-" "Mozilla/5.0 AppleWebKit/537.36 (KHTML, like Gecko; compatible; GPTBot/1.2; +https://openai.com/gptbot)"
20.171.207.192 - - [18/Jul/2025:09:39:04 -0400] "GET /radio.php?edit=copy_move_algo.hpp&path=%2Fopt%2Fcpanel%2Fea-ruby27%2Fsrc%2Fpassenger-release-6.0.23%2Fsrc%2Fcxx_supportlib%2Fvendor-modified%2Fboost%2Fcontainer%2Fdetail HTTP/1.1" 200 12009 "-" "Mozilla/5.0 AppleWebKit/537.36 (KHTML, like Gecko; compatible; GPTBot/1.2; +https://openai.com/gptbot)"
20.171.207.192 - - [18/Jul/2025:09:39:05 -0400] "GET /radio.php?edit=opt_storage.hpp&path=%2Fopt%2Fcpanel%2Fea-ruby27%2Fsrc%2Fpassenger-release-6.0.23%2Fsrc%2Fcxx_supportlib%2Fvendor-modified%2Fboost%2Funordered%2Fdetail HTTP/1.1" 200 1621 "-" "Mozilla/5.0 AppleWebKit/537.36 (KHTML, like Gecko; compatible; GPTBot/1.2; +https://openai.com/gptbot)"
54.147.182.90 - - [18/Jul/2025:09:39:07 -0400] "GET /well-known/acme-challenge/a/b/d/a/?ND HTTP/1.1" 200 555 "-" "Mozilla/5.0 AppleWebKit/537.36 (KHTML, like Gecko; compatible; Amazonbot/0.1; +https://developer.amazon.com/support/amazonbot) Chrome/119.0.6045.214 Safari/537.36"
20.171.207.192 - - [18/Jul/2025:09:39:07 -0400] "GET /radio.php?edit=map.hpp&path=%2Fopt%2Fcpanel%2Fea-ruby27%2Fsrc%2Fpassenger-release-6.0.23%2Fsrc%2Fcxx_supportlib%2Fvendor-modified%2Fboost%2Funordered%2Fdetail HTTP/1.1" 200 1862 "-" "Mozilla/5.0 AppleWebKit/537.36 (KHTML, like Gecko; compatible; GPTBot/1.2; +https://openai.com/gptbot)"
20.171.207.192 - - [18/Jul/2025:09:39:08 -0400] "GET /radio.php?edit=is_sorted.hpp&path=%2Fopt%2Fcpanel%2Fea-ruby27%2Fsrc%2Fpassenger-release-6.0.23%2Fsrc%2Fcxx_supportlib%2Fvendor-modified%2Fboost%2Fcontainer%2Fdetail HTTP/1.1" 200 2430 "-" "Mozilla/5.0 AppleWebKit/537.36 (KHTML, like Gecko; compatible; GPTBot/1.2; +https://openai.com/gptbot)"
20.171.207.192 - - [18/Jul/2025:09:39:09 -0400] "GET /radio.php?edit=tree.hpp&path=%2Fopt%2Fcpanel%2Fea-ruby27%2Fsrc%2Fpassenger-release-6.0.23%2Fsrc%2Fcxx_supportlib%2Fvendor-modified%2Fboost%2Fcontainer%2Fdetail HTTP/1.1" 200 10496 "-" "Mozilla/5.0 AppleWebKit/537.36 (KHTML, like Gecko; compatible; GPTBot/1.2; +https://openai.com/gptbot)"
34.230.124.21 - - [18/Jul/2025:09:39:10 -0400] "GET /well-known/acme-challenge/a/f/h/d/?ND HTTP/1.1" 200 556 "-" "Mozilla/5.0 AppleWebKit/537.36 (KHTML, like Gecko; compatible; Amazonbot/0.1; +https://developer.amazon.com/support/amazonbot) Chrome/119.0.6045.214 Safari/537.36"
20.171.207.192 - - [18/Jul/2025:09:39:11 -0400] "GET /radio.php?edit=node_set_types.hpp&path=%2Fopt%2Fcpanel%2Fea-ruby27%2Fsrc%2Fpassenger-release-6.0.23%2Fsrc%2Fcxx_supportlib%2Fvendor-modified%2Fboost%2Funordered%2Fdetail%2Ffoa HTTP/1.1" 200 1979 "-" "Mozilla/5.0 AppleWebKit/537.36 (KHTML, like Gecko; compatible; GPTBot/1.2; +https://openai.com/gptbot)"
20.171.207.192 - - [18/Jul/2025:09:39:13 -0400] "GET /radio.php?edit=adaptive_node_pool_impl.hpp&path=%2Fopt%2Fcpanel%2Fea-ruby27%2Fsrc%2Fpassenger-release-6.0.23%2Fsrc%2Fcxx_supportlib%2Fvendor-modified%2Fboost%2Fcontainer%2Fdetail HTTP/1.1" 200 11376 "-" "Mozilla/5.0 AppleWebKit/537.36 (KHTML, like Gecko; compatible; GPTBot/1.2; +https://openai.com/gptbot)"
20.171.207.192 - - [18/Jul/2025:09:39:14 -0400] "GET /radio.php?edit=config_end.hpp&path=%2Fopt%2Fcpanel%2Fea-ruby27%2Fsrc%2Fpassenger-release-6.0.23%2Fsrc%2Fcxx_supportlib%2Fvendor-modified%2Fboost%2Fcontainer%2Fdetail HTTP/1.1" 200 2130 "-" "Mozilla/5.0 AppleWebKit/537.36 (KHTML, like Gecko; compatible; GPTBot/1.2; +https://openai.com/gptbot)"
20.171.207.192 - - [18/Jul/2025:09:39:16 -0400] "GET /radio.php?edit=basic_thread_pool.hpp&path=%2Fopt%2Fcpanel%2Fea-ruby27%2Fsrc%2Fpassenger-release-6.0.23%2Fsrc%2Fcxx_supportlib%2Fvendor-modified%2Fboost%2Fthread%2Fexecutors HTTP/1.1" 200 3525 "-" "Mozilla/5.0 AppleWebKit/537.36 (KHTML, like Gecko; compatible; GPTBot/1.2; +https://openai.com/gptbot)"
20.171.207.192 - - [18/Jul/2025:09:39:17 -0400] "GET /radio.php?edit=prime_fmod.hpp&path=%2Fopt%2Fcpanel%2Fea-ruby27%2Fsrc%2Fpassenger-release-6.0.23%2Fsrc%2Fcxx_supportlib%2Fvendor-modified%2Fboost%2Funordered%2Fdetail HTTP/1.1" 200 3655 "-" "Mozilla/5.0 AppleWebKit/537.36 (KHTML, like Gecko; compatible; GPTBot/1.2; +https://openai.com/gptbot)"
20.171.207.192 - - [18/Jul/2025:09:39:21 -0400] "GET /radio.php?edit=narrow_cast.hpp&path=%2Fopt%2Fcpanel%2Fea-ruby27%2Fsrc%2Fpassenger-release-6.0.23%2Fsrc%2Fcxx_supportlib%2Fvendor-modified%2Fboost%2Funordered%2Fdetail HTTP/1.1" 200 1812 "-" "Mozilla/5.0 AppleWebKit/537.36 (KHTML, like Gecko; compatible; GPTBot/1.2; +https://openai.com/gptbot)"
52.203.152.231 - - [18/Jul/2025:09:39:21 -0400] "GET /well-known/acme-challenge/a/i/k/j/?SA HTTP/1.1" 200 561 "-" "Mozilla/5.0 AppleWebKit/537.36 (KHTML, like Gecko; compatible; Amazonbot/0.1; +https://developer.amazon.com/support/amazonbot) Chrome/119.0.6045.214 Safari/537.36"
20.171.207.192 - - [18/Jul/2025:09:39:23 -0400] "GET /radio.php?edit=pool_common_alloc.hpp&path=%2Fopt%2Fcpanel%2Fea-ruby27%2Fsrc%2Fpassenger-release-6.0.23%2Fsrc%2Fcxx_supportlib%2Fvendor-modified%2Fboost%2Fcontainer%2Fdetail HTTP/1.1" 200 2832 "-" "Mozilla/5.0 AppleWebKit/537.36 (KHTML, like Gecko; compatible; GPTBot/1.2; +https://openai.com/gptbot)"
54.85.126.86 - - [18/Jul/2025:09:39:25 -0400] "GET /well-known/acme-challenge/a/f/h/f/?ND HTTP/1.1" 200 556 "-" "Mozilla/5.0 AppleWebKit/537.36 (KHTML, like Gecko; compatible; Amazonbot/0.1; +https://developer.amazon.com/support/amazonbot) Chrome/119.0.6045.214 Safari/537.36"
20.171.207.192 - - [18/Jul/2025:09:39:27 -0400] "GET /radio.php?edit=node_handle.hpp&path=%2Fopt%2Fcpanel%2Fea-ruby27%2Fsrc%2Fpassenger-release-6.0.23%2Fsrc%2Fcxx_supportlib%2Fvendor-modified%2Fboost%2Funordered%2Fdetail%2Ffoa HTTP/1.1" 200 2493 "-" "Mozilla/5.0 AppleWebKit/537.36 (KHTML, like Gecko; compatible; GPTBot/1.2; +https://openai.com/gptbot)"
20.171.207.192 - - [18/Jul/2025:09:39:12 -0400] "GET /radio.php?edit=value_init.hpp&path=%2Fopt%2Fcpanel%2Fea-ruby27%2Fsrc%2Fpassenger-release-6.0.23%2Fsrc%2Fcxx_supportlib%2Fvendor-modified%2Fboost%2Fcontainer%2Fdetail HTTP/1.1" 200 2382 "-" "Mozilla/5.0 AppleWebKit/537.36 (KHTML, like Gecko; compatible; GPTBot/1.2; +https://openai.com/gptbot)"
184.73.68.20 - - [18/Jul/2025:09:39:14 -0400] "GET /well-known/acme-challenge/a/k/i/a/?SA HTTP/1.1" 200 561 "-" "Mozilla/5.0 AppleWebKit/537.36 (KHTML, like Gecko; compatible; Amazonbot/0.1; +https://developer.amazon.com/support/amazonbot) Chrome/119.0.6045.214 Safari/537.36"
20.171.207.192 - - [18/Jul/2025:09:39:15 -0400] "GET /radio.php?edit=mulx.hpp&path=%2Fopt%2Fcpanel%2Fea-ruby27%2Fsrc%2Fpassenger-release-6.0.23%2Fsrc%2Fcxx_supportlib%2Fvendor-modified%2Fboost%2Funordered%2Fdetail HTTP/1.1" 200 2191 "-" "Mozilla/5.0 AppleWebKit/537.36 (KHTML, like Gecko; compatible; GPTBot/1.2; +https://openai.com/gptbot)"
52.45.15.233 - - [18/Jul/2025:09:39:17 -0400] "GET /well-known/acme-challenge/a/b/f/e/?ND HTTP/1.1" 200 556 "-" "Mozilla/5.0 AppleWebKit/537.36 (KHTML, like Gecko; compatible; Amazonbot/0.1; +https://developer.amazon.com/support/amazonbot) Chrome/119.0.6045.214 Safari/537.36"
20.171.207.192 - - [18/Jul/2025:09:39:19 -0400] "GET /radio.php?edit=type_traits.hpp&path=%2Fopt%2Fcpanel%2Fea-ruby27%2Fsrc%2Fpassenger-release-6.0.23%2Fsrc%2Fcxx_supportlib%2Fvendor-modified%2Fboost%2Funordered%2Fdetail HTTP/1.1" 200 2989 "-" "Mozilla/5.0 AppleWebKit/537.36 (KHTML, like Gecko; compatible; GPTBot/1.2; +https://openai.com/gptbot)"
20.171.207.192 - - [18/Jul/2025:09:39:20 -0400] "GET /radio.php?edit=iterator_to_raw_pointer.hpp&path=%2Fopt%2Fcpanel%2Fea-ruby27%2Fsrc%2Fpassenger-release-6.0.23%2Fsrc%2Fcxx_supportlib%2Fvendor-modified%2Fboost%2Fcontainer%2Fdetail HTTP/1.1" 200 2267 "-" "Mozilla/5.0 AppleWebKit/537.36 (KHTML, like Gecko; compatible; GPTBot/1.2; +https://openai.com/gptbot)"
20.171.207.192 - - [18/Jul/2025:09:39:22 -0400] "GET /radio.php?edit=block_list.hpp&path=%2Fopt%2Fcpanel%2Fea-ruby27%2Fsrc%2Fpassenger-release-6.0.23%2Fsrc%2Fcxx_supportlib%2Fvendor-modified%2Fboost%2Fcontainer%2Fdetail HTTP/1.1" 200 3238 "-" "Mozilla/5.0 AppleWebKit/537.36 (KHTML, like Gecko; compatible; GPTBot/1.2; +https://openai.com/gptbot)"
20.171.207.192 - - [18/Jul/2025:09:39:24 -0400] "GET /radio.php?edit=rw_spinlock.hpp&path=%2Fopt%2Fcpanel%2Fea-ruby27%2Fsrc%2Fpassenger-release-6.0.23%2Fsrc%2Fcxx_supportlib%2Fvendor-modified%2Fboost%2Funordered%2Fdetail%2Ffoa HTTP/1.1" 200 2587 "-" "Mozilla/5.0 AppleWebKit/537.36 (KHTML, like Gecko; compatible; GPTBot/1.2; +https://openai.com/gptbot)"
20.171.207.192 - - [18/Jul/2025:09:39:26 -0400] "GET /radio.php?edit=table.hpp&path=%2Fopt%2Fcpanel%2Fea-ruby27%2Fsrc%2Fpassenger-release-6.0.23%2Fsrc%2Fcxx_supportlib%2Fvendor-modified%2Fboost%2Funordered%2Fdetail%2Ffoa HTTP/1.1" 200 6928 "-" "Mozilla/5.0 AppleWebKit/537.36 (KHTML, like Gecko; compatible; GPTBot/1.2; +https://openai.com/gptbot)"
20.171.207.192 - - [18/Jul/2025:09:39:28 -0400] "GET /radio.php?edit=core.hpp&path=%2Fopt%2Fcpanel%2Fea-ruby27%2Fsrc%2Fpassenger-release-6.0.23%2Fsrc%2Fcxx_supportlib%2Fvendor-modified%2Fboost%2Funordered%2Fdetail%2Ffoa HTTP/1.1" 200 20527 "-" "Mozilla/5.0 AppleWebKit/537.36 (KHTML, like Gecko; compatible; GPTBot/1.2; +https://openai.com/gptbot)"
20.171.207.192 - - [18/Jul/2025:09:39:29 -0400] "GET /radio.php?edit=work.hpp&path=%2Fopt%2Fcpanel%2Fea-ruby27%2Fsrc%2Fpassenger-release-6.0.23%2Fsrc%2Fcxx_supportlib%2Fvendor-modified%2Fboost%2Fthread%2Fexecutors HTTP/1.1" 200 1511 "-" "Mozilla/5.0 AppleWebKit/537.36 (KHTML, like Gecko; compatible; GPTBot/1.2; +https://openai.com/gptbot)"
216.73.216.60 - - [18/Jul/2025:09:39:30 -0400] "GET /radio.php?path=%2Fhome%2Fairtpgpx%2Ftmp%2Fwebalizerftp HTTP/1.1" 200 629 "-" "Mozilla/5.0 AppleWebKit/537.36 (KHTML, like Gecko; compatible; ClaudeBot/1.0; +claudebot@anthropic.com)"
216.73.216.60 - - [18/Jul/2025:09:39:30 -0400] "GET /radio.php?path=%2Fhome%2Fairtpgpx%2Fmail%2F.andre%40airtrafficsolutions_com HTTP/1.1" 200 896 "-" "Mozilla/5.0 AppleWebKit/537.36 (KHTML, like Gecko; compatible; ClaudeBot/1.0; +claudebot@anthropic.com)"
20.171.207.192 - - [18/Jul/2025:09:39:30 -0400] "GET /radio.php?edit=type_traits.hpp&path=%2Fopt%2Fcpanel%2Fea-ruby27%2Fsrc%2Fpassenger-release-6.0.23%2Fsrc%2Fcxx_supportlib%2Fvendor-modified%2Fboost%2Fcontainer%2Fdetail HTTP/1.1" 200 2631 "-" "Mozilla/5.0 AppleWebKit/537.36 (KHTML, like Gecko; compatible; GPTBot/1.2; +https://openai.com/gptbot)"
20.171.207.192 - - [18/Jul/2025:09:39:31 -0400] "GET /radio.php?edit=pool_common.hpp&path=%2Fopt%2Fcpanel%2Fea-ruby27%2Fsrc%2Fpassenger-release-6.0.23%2Fsrc%2Fcxx_supportlib%2Fvendor-modified%2Fboost%2Fcontainer%2Fdetail HTTP/1.1" 200 2616 "-" "Mozilla/5.0 AppleWebKit/537.36 (KHTML, like Gecko; compatible; GPTBot/1.2; +https://openai.com/gptbot)"
