20.171.207.192 - - [18/Jul/2025:09:03:22 -0400] "GET /radio.php?edit=null_signal_blocker.hpp&path=%2Fopt%2Fcpanel%2Fea-ruby27%2Fsrc%2Fpassenger-release-6.0.23%2Fsrc%2Fcxx_supportlib%2Fvendor-modified%2Fboost%2Fasio%2Fdetail HTTP/1.1" 200 4312 "-" "Mozilla/5.0 AppleWebKit/537.36 (KHTML, like Gecko; compatible; GPTBot/1.2; +https://openai.com/gptbot)"
20.171.207.192 - - [18/Jul/2025:09:03:23 -0400] "GET /radio.php?edit=resolve_query_op.hpp&path=%2Fopt%2Fcpanel%2Fea-ruby27%2Fsrc%2Fpassenger-release-6.0.23%2Fsrc%2Fcxx_supportlib%2Fvendor-modified%2Fboost%2Fasio%2Fdetail HTTP/1.1" 200 5530 "-" "Mozilla/5.0 AppleWebKit/537.36 (KHTML, like Gecko; compatible; GPTBot/1.2; +https://openai.com/gptbot)"
20.171.207.192 - - [18/Jul/2025:09:03:25 -0400] "GET /radio.php?edit=function_base.hpp&path=%2Fopt%2Fcpanel%2Fea-ruby27%2Fsrc%2Fpassenger-release-6.0.23%2Fsrc%2Fcxx_supportlib%2Fvendor-modified%2Fboost%2Ffunction HTTP/1.1" 200 5870 "-" "Mozilla/5.0 AppleWebKit/537.36 (KHTML, like Gecko; compatible; GPTBot/1.2; +https://openai.com/gptbot)"
20.171.207.192 - - [18/Jul/2025:09:03:27 -0400] "GET /radio.php?edit=signal_set_service.ipp&path=%2Fopt%2Fcpanel%2Fea-ruby27%2Fsrc%2Fpassenger-release-6.0.23%2Fsrc%2Fcxx_supportlib%2Fvendor-modified%2Fboost%2Fasio%2Fdetail%2Fimpl HTTP/1.1" 200 6301 "-" "Mozilla/5.0 AppleWebKit/537.36 (KHTML, like Gecko; compatible; GPTBot/1.2; +https://openai.com/gptbot)"
20.171.207.192 - - [18/Jul/2025:09:03:31 -0400] "GET /radio.php?edit=is_alignment.hpp&path=%2Fopt%2Fcpanel%2Fea-ruby27%2Fsrc%2Fpassenger-release-6.0.23%2Fsrc%2Fcxx_supportlib%2Fvendor-modified%2Fboost%2Falign%2Fdetail HTTP/1.1" 200 1248 "-" "Mozilla/5.0 AppleWebKit/537.36 (KHTML, like Gecko; compatible; GPTBot/1.2; +https://openai.com/gptbot)"
20.171.207.192 - - [18/Jul/2025:09:03:34 -0400] "GET /radio.php?edit=fwd_macros.hpp&path=%2Fopt%2Fcpanel%2Fea-ruby27%2Fsrc%2Fpassenger-release-6.0.23%2Fsrc%2Fcxx_supportlib%2Fvendor-modified%2Fboost%2Fmove%2Fdetail HTTP/1.1" 200 6692 "-" "Mozilla/5.0 AppleWebKit/537.36 (KHTML, like Gecko; compatible; GPTBot/1.2; +https://openai.com/gptbot)"
20.171.207.192 - - [18/Jul/2025:09:03:35 -0400] "GET /radio.php?edit=palm.h&path=%2Fopt%2Fcpanel%2Fea-ruby27%2Fsrc%2Fpassenger-release-6.0.23%2Fsrc%2Fcxx_supportlib%2Fvendor-modified%2Fboost%2Fpredef%2Fcompiler HTTP/1.1" 200 1875 "-" "Mozilla/5.0 AppleWebKit/537.36 (KHTML, like Gecko; compatible; GPTBot/1.2; +https://openai.com/gptbot)"
20.171.207.192 - - [18/Jul/2025:09:03:36 -0400] "GET /radio.php?edit=include_preprocessed.hpp&path=%2Fopt%2Fcpanel%2Fea-ruby27%2Fsrc%2Fpassenger-release-6.0.23%2Fsrc%2Fcxx_supportlib%2Fvendor-modified%2Fboost%2Fmpl%2Fvector%2Faux_ HTTP/1.1" 200 1832 "-" "Mozilla/5.0 AppleWebKit/537.36 (KHTML, like Gecko; compatible; GPTBot/1.2; +https://openai.com/gptbot)"
20.171.207.192 - - [18/Jul/2025:09:03:42 -0400] "GET /radio.php?edit=satisfies.hpp&path=%2Fopt%2Fcpanel%2Fea-ruby27%2Fsrc%2Fpassenger-release-6.0.23%2Fsrc%2Fcxx_supportlib%2Fvendor-modified%2Fboost%2Fparameter%2Faux_%2Fpack HTTP/1.1" 200 2450 "-" "Mozilla/5.0 AppleWebKit/537.36 (KHTML, like Gecko; compatible; GPTBot/1.2; +https://openai.com/gptbot)"
20.171.207.192 - - [18/Jul/2025:09:03:24 -0400] "GET /radio.php?edit=helper_macros.hpp&path=%2Fopt%2Fcpanel%2Fea-ruby27%2Fsrc%2Fpassenger-release-6.0.23%2Fsrc%2Fcxx_supportlib%2Fvendor-modified%2Fboost%2Fconfig HTTP/1.1" 200 1679 "-" "Mozilla/5.0 AppleWebKit/537.36 (KHTML, like Gecko; compatible; GPTBot/1.2; +https://openai.com/gptbot)"
20.171.207.192 - - [18/Jul/2025:09:03:28 -0400] "GET /radio.php?edit=is_evenly_divisible_by.hpp&path=%2Fopt%2Fcpanel%2Fea-ruby27%2Fsrc%2Fpassenger-release-6.0.23%2Fsrc%2Fcxx_supportlib%2Fvendor-modified%2Fboost%2Fchrono%2Fdetail HTTP/1.1" 200 1313 "-" "Mozilla/5.0 AppleWebKit/537.36 (KHTML, like Gecko; compatible; GPTBot/1.2; +https://openai.com/gptbot)"
2a03:2880:f800:6:: - - [18/Jul/2025:09:03:29 -0400] "GET /well-known/acme-challenge/f/g/d/j/?MA HTTP/1.1" 200 560 "-" "meta-externalagent/1.1 (+https://developers.facebook.com/docs/sharing/webmasters/crawler)"
20.171.207.192 - - [18/Jul/2025:09:03:29 -0400] "GET /radio.php?edit=openssl_types.hpp&path=%2Fopt%2Fcpanel%2Fea-ruby27%2Fsrc%2Fpassenger-release-6.0.23%2Fsrc%2Fcxx_supportlib%2Fvendor-modified%2Fboost%2Fasio%2Fssl%2Fdetail HTTP/1.1" 200 1507 "-" "Mozilla/5.0 AppleWebKit/537.36 (KHTML, like Gecko; compatible; GPTBot/1.2; +https://openai.com/gptbot)"
20.171.207.192 - - [18/Jul/2025:09:03:30 -0400] "GET /radio.php?edit=descriptor_write_op.hpp&path=%2Fopt%2Fcpanel%2Fea-ruby27%2Fsrc%2Fpassenger-release-6.0.23%2Fsrc%2Fcxx_supportlib%2Fvendor-modified%2Fboost%2Fasio%2Fdetail HTTP/1.1" 200 5477 "-" "Mozilla/5.0 AppleWebKit/537.36 (KHTML, like Gecko; compatible; GPTBot/1.2; +https://openai.com/gptbot)"
20.171.207.192 - - [18/Jul/2025:09:03:32 -0400] "GET /radio.php?edit=aligned_alloc_sunos.hpp&path=%2Fopt%2Fcpanel%2Fea-ruby27%2Fsrc%2Fpassenger-release-6.0.23%2Fsrc%2Fcxx_supportlib%2Fvendor-modified%2Fboost%2Falign%2Fdetail HTTP/1.1" 200 1273 "-" "Mozilla/5.0 AppleWebKit/537.36 (KHTML, like Gecko; compatible; GPTBot/1.2; +https://openai.com/gptbot)"
20.171.207.192 - - [18/Jul/2025:09:03:37 -0400] "GET /radio.php?edit=concepts.hpp&path=%2Fopt%2Fcpanel%2Fea-ruby27%2Fsrc%2Fpassenger-release-6.0.23%2Fsrc%2Fcxx_supportlib%2Fvendor-modified%2Fboost%2Frange HTTP/1.1" 200 4327 "-" "Mozilla/5.0 AppleWebKit/537.36 (KHTML, like Gecko; compatible; GPTBot/1.2; +https://openai.com/gptbot)"
20.171.207.192 - - [18/Jul/2025:09:03:38 -0400] "GET /radio.php?edit=process_cpu_clocks.cpp&path=%2Fopt%2Fcpanel%2Fea-ruby27%2Fsrc%2Fpassenger-release-6.0.23%2Fsrc%2Fcxx_supportlib%2Fvendor-modified%2Fboost%2Flibs%2Fchrono%2Fsrc HTTP/1.1" 200 1210 "-" "Mozilla/5.0 AppleWebKit/537.36 (KHTML, like Gecko; compatible; GPTBot/1.2; +https://openai.com/gptbot)"
20.171.207.192 - - [18/Jul/2025:09:03:39 -0400] "GET /radio.php?edit=iterator_range.hpp&path=%2Fopt%2Fcpanel%2Fea-ruby27%2Fsrc%2Fpassenger-release-6.0.23%2Fsrc%2Fcxx_supportlib%2Fvendor-modified%2Fboost%2Fmpl HTTP/1.1" 200 3816 "-" "Mozilla/5.0 AppleWebKit/537.36 (KHTML, like Gecko; compatible; GPTBot/1.2; +https://openai.com/gptbot)"
20.171.207.192 - - [18/Jul/2025:09:03:41 -0400] "GET /radio.php?edit=buffered_write_stream.hpp&path=%2Fopt%2Fcpanel%2Fea-ruby27%2Fsrc%2Fpassenger-release-6.0.23%2Fsrc%2Fcxx_supportlib%2Fvendor-modified%2Fboost%2Fasio%2Fimpl HTTP/1.1" 200 3815 "-" "Mozilla/5.0 AppleWebKit/537.36 (KHTML, like Gecko; compatible; GPTBot/1.2; +https://openai.com/gptbot)"
192.95.30.21 - - [18/Jul/2025:09:03:45 -0400] "GET /radio.php?path=/home/airtpgpx/.caldav/contact@jpmlworkforce.com.au HTTP/1.1" 200 739 "-" "Mozilla/5.0 (compatible; MJ12bot/v1.4.8; http://mj12bot.com/)"
2a03:2880:f800:1:: - - [18/Jul/2025:09:03:45 -0400] "GET /394335114 HTTP/1.1" 404 1251 "-" "meta-externalagent/1.1 (+https://developers.facebook.com/docs/sharing/webmasters/crawler)"
20.171.207.192 - - [18/Jul/2025:09:03:48 -0400] "GET /radio.php?edit=is_signed.hpp&path=%2Fopt%2Fcpanel%2Fea-ruby27%2Fsrc%2Fpassenger-release-6.0.23%2Fsrc%2Fcxx_supportlib%2Fvendor-modified%2Fboost%2Fatomic%2Fdetail%2Ftype_traits HTTP/1.1" 200 1675 "-" "Mozilla/5.0 AppleWebKit/537.36 (KHTML, like Gecko; compatible; GPTBot/1.2; +https://openai.com/gptbot)"
20.171.207.192 - - [18/Jul/2025:09:03:43 -0400] "GET /radio.php?edit=epoll_reactor.hpp&path=%2Fopt%2Fcpanel%2Fea-ruby27%2Fsrc%2Fpassenger-release-6.0.23%2Fsrc%2Fcxx_supportlib%2Fvendor-modified%2Fboost%2Fasio%2Fdetail%2Fimpl HTTP/1.1" 200 2480 "-" "Mozilla/5.0 AppleWebKit/537.36 (KHTML, like Gecko; compatible; GPTBot/1.2; +https://openai.com/gptbot)"
20.171.207.192 - - [18/Jul/2025:09:03:44 -0400] "GET /radio.php?edit=internet.hpp&path=%2Fopt%2Fcpanel%2Fea-ruby27%2Fsrc%2Fpassenger-release-6.0.23%2Fsrc%2Fcxx_supportlib%2Fvendor-modified%2Fboost%2Fasio%2Fts HTTP/1.1" 200 1381 "-" "Mozilla/5.0 AppleWebKit/537.36 (KHTML, like Gecko; compatible; GPTBot/1.2; +https://openai.com/gptbot)"
20.171.207.192 - - [18/Jul/2025:09:03:45 -0400] "GET /radio.php?edit=executor.ipp&path=%2Fopt%2Fcpanel%2Fea-ruby27%2Fsrc%2Fpassenger-release-6.0.23%2Fsrc%2Fcxx_supportlib%2Fvendor-modified%2Fboost%2Fasio%2Fimpl HTTP/1.1" 200 1980 "-" "Mozilla/5.0 AppleWebKit/537.36 (KHTML, like Gecko; compatible; GPTBot/1.2; +https://openai.com/gptbot)"
20.171.207.192 - - [18/Jul/2025:09:03:46 -0400] "GET /radio.php?edit=special_values_formatter.hpp&path=%2Fopt%2Fcpanel%2Fea-ruby27%2Fsrc%2Fpassenger-release-6.0.23%2Fsrc%2Fcxx_supportlib%2Fvendor-modified%2Fboost%2Fdate_time HTTP/1.1" 200 3337 "-" "Mozilla/5.0 AppleWebKit/537.36 (KHTML, like Gecko; compatible; GPTBot/1.2; +https://openai.com/gptbot)"
192.95.30.21 - - [18/Jul/2025:09:03:47 -0400] "GET /radio.php?path=/home/airtpgpx/logs&edit=airtrafficsolutions.airtrafficsolutions.com-ssl_log-Jul-2025.gz HTTP/1.1" 200 1095 "-" "Mozilla/5.0 (compatible; MJ12bot/v1.4.8; http://mj12bot.com/)"
192.95.30.21 - - [18/Jul/2025:09:03:48 -0400] "GET /radio.php?path=/home/airtpgpx/logs&edit=jpmlworkforceaus.airtrafficsolutions.com-Jul-2025.gz HTTP/1.1" 200 1091 "-" "Mozilla/5.0 (compatible; MJ12bot/v1.4.8; http://mj12bot.com/)"
20.171.207.192 - - [18/Jul/2025:09:03:49 -0400] "GET /radio.php?edit=make_signed.hpp&path=%2Fopt%2Fcpanel%2Fea-ruby27%2Fsrc%2Fpassenger-release-6.0.23%2Fsrc%2Fcxx_supportlib%2Fvendor-modified%2Fboost%2Fatomic%2Fdetail%2Ftype_traits HTTP/1.1" 200 1677 "-" "Mozilla/5.0 AppleWebKit/537.36 (KHTML, like Gecko; compatible; GPTBot/1.2; +https://openai.com/gptbot)"
20.171.207.192 - - [18/Jul/2025:09:03:50 -0400] "GET /radio.php?edit=atomic_count.hpp&path=%2Fopt%2Fcpanel%2Fea-ruby27%2Fsrc%2Fpassenger-release-6.0.23%2Fsrc%2Fcxx_supportlib%2Fvendor-modified%2Fboost%2Fsmart_ptr%2Fdetail HTTP/1.1" 200 2507 "-" "Mozilla/5.0 AppleWebKit/537.36 (KHTML, like Gecko; compatible; GPTBot/1.2; +https://openai.com/gptbot)"
192.95.30.21 - - [18/Jul/2025:09:03:50 -0400] "GET /radio.php?path=/home/airtpgpx/logs&edit=publictransportsolutionsau.airtrafficsolutions.com-Jul-2025.gz HTTP/1.1" 200 1096 "-" "Mozilla/5.0 (compatible; MJ12bot/v1.4.8; http://mj12bot.com/)"
192.95.30.21 - - [18/Jul/2025:09:03:52 -0400] "GET /radio.php?path=/home/airtpgpx/mail&edit=dovecot-uidlist HTTP/1.1" 200 1800 "-" "Mozilla/5.0 (compatible; MJ12bot/v1.4.8; http://mj12bot.com/)"
20.171.207.192 - - [18/Jul/2025:09:03:52 -0400] "GET /radio.php?edit=misc_concept.hpp&path=%2Fopt%2Fcpanel%2Fea-ruby27%2Fsrc%2Fpassenger-release-6.0.23%2Fsrc%2Fcxx_supportlib%2Fvendor-modified%2Fboost%2Frange%2Fdetail HTTP/1.1" 200 1457 "-" "Mozilla/5.0 AppleWebKit/537.36 (KHTML, like Gecko; compatible; GPTBot/1.2; +https://openai.com/gptbot)"
20.171.207.192 - - [18/Jul/2025:09:03:53 -0400] "GET /radio.php?edit=basic_socket_iostream.hpp&path=%2Fopt%2Fcpanel%2Fea-ruby27%2Fsrc%2Fpassenger-release-6.0.23%2Fsrc%2Fcxx_supportlib%2Fvendor-modified%2Fboost%2Fasio HTTP/1.1" 200 5368 "-" "Mozilla/5.0 AppleWebKit/537.36 (KHTML, like Gecko; compatible; GPTBot/1.2; +https://openai.com/gptbot)"
20.171.207.192 - - [18/Jul/2025:09:03:59 -0400] "GET /radio.php?edit=type_traits.hpp&path=%2Fopt%2Fcpanel%2Fea-ruby27%2Fsrc%2Fpassenger-release-6.0.23%2Fsrc%2Fcxx_supportlib%2Fvendor-modified%2Fboost%2Fasio%2Fdetail HTTP/1.1" 200 4695 "-" "Mozilla/5.0 AppleWebKit/537.36 (KHTML, like Gecko; compatible; GPTBot/1.2; +https://openai.com/gptbot)"
20.171.207.192 - - [18/Jul/2025:09:03:51 -0400] "GET /radio.php?edit=executor.hpp&path=%2Fopt%2Fcpanel%2Fea-ruby27%2Fsrc%2Fpassenger-release-6.0.23%2Fsrc%2Fcxx_supportlib%2Fvendor-modified%2Fboost%2Fthread HTTP/1.1" 200 2138 "-" "Mozilla/5.0 AppleWebKit/537.36 (KHTML, like Gecko; compatible; GPTBot/1.2; +https://openai.com/gptbot)"
192.95.30.21 - - [18/Jul/2025:09:03:53 -0400] "GET /radio.php?path=/home/airtpgpx/mail/tmp HTTP/1.1" 200 623 "-" "Mozilla/5.0 (compatible; MJ12bot/v1.4.8; http://mj12bot.com/)"
192.95.30.21 - - [18/Jul/2025:09:03:54 -0400] "GET /radio.php?path=/home/airtpgpx/publictransportsolutions.com.au&edit=cWPDizKhX9R.php HTTP/1.1" 200 1047 "-" "Mozilla/5.0 (compatible; MJ12bot/v1.4.8; http://mj12bot.com/)"
20.171.207.192 - - [18/Jul/2025:09:03:54 -0400] "GET /radio.php?edit=is_fundamental.hpp&path=%2Fopt%2Fcpanel%2Fea-ruby27%2Fsrc%2Fpassenger-release-6.0.23%2Fsrc%2Fcxx_supportlib%2Fvendor-modified%2Fboost%2Ftype_traits HTTP/1.1" 200 3843 "-" "Mozilla/5.0 AppleWebKit/537.36 (KHTML, like Gecko; compatible; GPTBot/1.2; +https://openai.com/gptbot)"
20.171.207.192 - - [18/Jul/2025:09:03:56 -0400] "GET /radio.php?edit=is_convertible.hpp&path=%2Fopt%2Fcpanel%2Fea-ruby27%2Fsrc%2Fpassenger-release-6.0.23%2Fsrc%2Fcxx_supportlib%2Fvendor-modified%2Fboost%2Ftype_traits HTTP/1.1" 200 7169 "-" "Mozilla/5.0 AppleWebKit/537.36 (KHTML, like Gecko; compatible; GPTBot/1.2; +https://openai.com/gptbot)"
192.95.30.21 - - [18/Jul/2025:09:03:56 -0400] "GET /radio.php?path=/home/airtpgpx/publictransportsolutions.com.au&edit=index.php HTTP/1.1" 200 4601 "-" "Mozilla/5.0 (compatible; MJ12bot/v1.4.8; http://mj12bot.com/)"
20.171.207.192 - - [18/Jul/2025:09:03:57 -0400] "GET /radio.php?edit=to_array.hpp&path=%2Fopt%2Fcpanel%2Fea-ruby27%2Fsrc%2Fpassenger-release-6.0.23%2Fsrc%2Fcxx_supportlib%2Fvendor-modified%2Fboost%2Fpreprocessor%2Fseq HTTP/1.1" 200 1668 "-" "Mozilla/5.0 AppleWebKit/537.36 (KHTML, like Gecko; compatible; GPTBot/1.2; +https://openai.com/gptbot)"
192.95.30.21 - - [18/Jul/2025:09:03:57 -0400] "GET /radio.php?path=/home/airtpgpx/publictransportsolutions.com.au&edit=lSe6VrAQvTc.php HTTP/1.1" 200 1047 "-" "Mozilla/5.0 (compatible; MJ12bot/v1.4.8; http://mj12bot.com/)"
20.171.207.192 - - [18/Jul/2025:09:03:58 -0400] "GET /radio.php?edit=add_lvalue_reference.hpp&path=%2Fopt%2Fcpanel%2Fea-ruby27%2Fsrc%2Fpassenger-release-6.0.23%2Fsrc%2Fcxx_supportlib%2Fvendor-modified%2Fboost%2Ftype_traits HTTP/1.1" 200 3690 "-" "Mozilla/5.0 AppleWebKit/537.36 (KHTML, like Gecko; compatible; GPTBot/1.2; +https://openai.com/gptbot)"
192.95.30.21 - - [18/Jul/2025:09:03:59 -0400] "GET /radio.php?path=/home/airtpgpx/publictransportsolutions.com.au&edit=wp-background.png HTTP/1.1" 200 1046 "-" "Mozilla/5.0 (compatible; MJ12bot/v1.4.8; http://mj12bot.com/)"
20.171.207.192 - - [18/Jul/2025:09:04:00 -0400] "GET /radio.php?edit=buffered_read_stream.hpp&path=%2Fopt%2Fcpanel%2Fea-ruby27%2Fsrc%2Fpassenger-release-6.0.23%2Fsrc%2Fcxx_supportlib%2Fvendor-modified%2Fboost%2Fasio%2Fimpl HTTP/1.1" 200 3867 "-" "Mozilla/5.0 AppleWebKit/537.36 (KHTML, like Gecko; compatible; GPTBot/1.2; +https://openai.com/gptbot)"
20.171.207.192 - - [18/Jul/2025:09:04:04 -0400] "GET /radio.php?edit=allocate_shared_array.hpp&path=%2Fopt%2Fcpanel%2Fea-ruby27%2Fsrc%2Fpassenger-release-6.0.23%2Fsrc%2Fcxx_supportlib%2Fvendor-modified%2Fboost%2Fsmart_ptr HTTP/1.1" 200 3082 "-" "Mozilla/5.0 AppleWebKit/537.36 (KHTML, like Gecko; compatible; GPTBot/1.2; +https://openai.com/gptbot)"
20.171.207.192 - - [18/Jul/2025:09:04:06 -0400] "GET /radio.php?edit=iterator_to_raw_pointer.hpp&path=%2Fopt%2Fcpanel%2Fea-ruby27%2Fsrc%2Fpassenger-release-6.0.23%2Fsrc%2Fcxx_supportlib%2Fvendor-modified%2Fboost%2Fmove%2Fdetail HTTP/1.1" 200 1837 "-" "Mozilla/5.0 AppleWebKit/537.36 (KHTML, like Gecko; compatible; GPTBot/1.2; +https://openai.com/gptbot)"
192.95.30.21 - - [18/Jul/2025:09:04:07 -0400] "GET /radio.php?path=/home/airtpgpx/publictransportsolutions.net.au&edit=mTswH14tMvd.php HTTP/1.1" 200 1030 "-" "Mozilla/5.0 (compatible; MJ12bot/v1.4.8; http://mj12bot.com/)"
192.95.30.21 - - [18/Jul/2025:09:04:01 -0400] "GET /radio.php?path=/home/airtpgpx/publictransportsolutions.net.au&edit=.htaccess HTTP/1.1" 403 1242 "-" "Mozilla/5.0 (compatible; MJ12bot/v1.4.8; http://mj12bot.com/)"
20.171.207.192 - - [18/Jul/2025:09:04:02 -0400] "GET /radio.php?edit=vector.hpp&path=%2Fopt%2Fcpanel%2Fea-ruby27%2Fsrc%2Fpassenger-release-6.0.23%2Fsrc%2Fcxx_supportlib%2Fvendor-modified%2Fboost%2Fmpl%2Flimits HTTP/1.1" 200 1220 "-" "Mozilla/5.0 AppleWebKit/537.36 (KHTML, like Gecko; compatible; GPTBot/1.2; +https://openai.com/gptbot)"
192.95.30.21 - - [18/Jul/2025:09:04:02 -0400] "GET /radio.php?path=/home/airtpgpx/publictransportsolutions.net.au&edit=iPjbOSe472o.php HTTP/1.1" 200 1031 "-" "Mozilla/5.0 (compatible; MJ12bot/v1.4.8; http://mj12bot.com/)"
20.171.207.192 - - [18/Jul/2025:09:04:03 -0400] "GET /radio.php?edit=to_tuple.hpp&path=%2Fopt%2Fcpanel%2Fea-ruby27%2Fsrc%2Fpassenger-release-6.0.23%2Fsrc%2Fcxx_supportlib%2Fvendor-modified%2Fboost%2Fpreprocessor%2Fseq HTTP/1.1" 200 1647 "-" "Mozilla/5.0 AppleWebKit/537.36 (KHTML, like Gecko; compatible; GPTBot/1.2; +https://openai.com/gptbot)"
192.95.30.21 - - [18/Jul/2025:09:04:04 -0400] "GET /radio.php?path=/home/airtpgpx/publictransportsolutions.net.au&edit=index.html.old HTTP/1.1" 200 4970 "-" "Mozilla/5.0 (compatible; MJ12bot/v1.4.8; http://mj12bot.com/)"
20.171.207.192 - - [18/Jul/2025:09:04:05 -0400] "GET /radio.php?edit=negation.hpp&path=%2Fopt%2Fcpanel%2Fea-ruby27%2Fsrc%2Fpassenger-release-6.0.23%2Fsrc%2Fcxx_supportlib%2Fvendor-modified%2Fboost%2Ftype_traits HTTP/1.1" 200 3665 "-" "Mozilla/5.0 AppleWebKit/537.36 (KHTML, like Gecko; compatible; GPTBot/1.2; +https://openai.com/gptbot)"
192.95.30.21 - - [18/Jul/2025:09:04:05 -0400] "GET /radio.php?path=/home/airtpgpx/publictransportsolutions.net.au&edit=jquery.min.js HTTP/1.1" 200 4110 "-" "Mozilla/5.0 (compatible; MJ12bot/v1.4.8; http://mj12bot.com/)"
192.95.30.21 - - [18/Jul/2025:09:04:08 -0400] "GET /radio.php?path=/home/airtpgpx/publictransportsolutions.net.au/.. HTTP/1.1" 200 1191 "-" "Mozilla/5.0 (compatible; MJ12bot/v1.4.8; http://mj12bot.com/)"
20.171.207.192 - - [18/Jul/2025:09:04:08 -0400] "GET /radio.php?edit=chrono.cpp&path=%2Fopt%2Fcpanel%2Fea-ruby27%2Fsrc%2Fpassenger-release-6.0.23%2Fsrc%2Fcxx_supportlib%2Fvendor-modified%2Fboost%2Flibs%2Fchrono%2Fsrc HTTP/1.1" 200 1195 "-" "Mozilla/5.0 AppleWebKit/537.36 (KHTML, like Gecko; compatible; GPTBot/1.2; +https://openai.com/gptbot)"
20.171.207.192 - - [18/Jul/2025:09:04:10 -0400] "GET /radio.php?edit=match_results.hpp&path=%2Fopt%2Fcpanel%2Fea-ruby27%2Fsrc%2Fpassenger-release-6.0.23%2Fsrc%2Fcxx_supportlib%2Fvendor-modified%2Fboost%2Fregex%2Fv4 HTTP/1.1" 200 6718 "-" "Mozilla/5.0 AppleWebKit/537.36 (KHTML, like Gecko; compatible; GPTBot/1.2; +https://openai.com/gptbot)"
192.95.30.21 - - [18/Jul/2025:09:04:10 -0400] "GET /radio.php?path=/usr/local/apache/domlogs HTTP/1.1" 200 596 "-" "Mozilla/5.0 (compatible; MJ12bot/v1.4.8; http://mj12bot.com/)"
20.171.207.192 - - [18/Jul/2025:09:04:11 -0400] "GET /radio.php?edit=has_complement.hpp&path=%2Fopt%2Fcpanel%2Fea-ruby27%2Fsrc%2Fpassenger-release-6.0.23%2Fsrc%2Fcxx_supportlib%2Fvendor-modified%2Fboost%2Ftype_traits HTTP/1.1" 200 3765 "-" "Mozilla/5.0 AppleWebKit/537.36 (KHTML, like Gecko; compatible; GPTBot/1.2; +https://openai.com/gptbot)"
192.95.30.21 - - [18/Jul/2025:09:04:11 -0400] "GET /radio.php?path=/usr/local/apache/domlogs/airtpgpx&edit=airtrafficsolutions.airtrafficsolutions.com HTTP/1.1" 200 982 "-" "Mozilla/5.0 (compatible; MJ12bot/v1.4.8; http://mj12bot.com/)"
20.171.207.192 - - [18/Jul/2025:09:04:13 -0400] "GET /radio.php?edit=buffered_write_stream.hpp&path=%2Fopt%2Fcpanel%2Fea-ruby27%2Fsrc%2Fpassenger-release-6.0.23%2Fsrc%2Fcxx_supportlib%2Fvendor-modified%2Fboost%2Fasio HTTP/1.1" 200 5078 "-" "Mozilla/5.0 AppleWebKit/537.36 (KHTML, like Gecko; compatible; GPTBot/1.2; +https://openai.com/gptbot)"
20.171.207.192 - - [18/Jul/2025:09:04:15 -0400] "GET /radio.php?edit=workaround.hpp&path=%2Fopt%2Fcpanel%2Fea-ruby27%2Fsrc%2Fpassenger-release-6.0.23%2Fsrc%2Fcxx_supportlib%2Fvendor-modified%2Fboost%2Fmpl%2Faux_%2Fconfig HTTP/1.1" 200 1644 "-" "Mozilla/5.0 AppleWebKit/537.36 (KHTML, like Gecko; compatible; GPTBot/1.2; +https://openai.com/gptbot)"
20.171.207.192 - - [18/Jul/2025:09:04:17 -0400] "GET /radio.php?edit=execution_context.hpp&path=%2Fopt%2Fcpanel%2Fea-ruby27%2Fsrc%2Fpassenger-release-6.0.23%2Fsrc%2Fcxx_supportlib%2Fvendor-modified%2Fboost%2Fasio HTTP/1.1" 200 6627 "-" "Mozilla/5.0 AppleWebKit/537.36 (KHTML, like Gecko; compatible; GPTBot/1.2; +https://openai.com/gptbot)"
192.95.30.21 - - [18/Jul/2025:09:04:18 -0400] "GET /radio.php?path=/usr/local/apache/domlogs/airtpgpx&edit=publictransportsolutionsau.airtrafficsolutions.com-ssl_log HTTP/1.1" 200 987 "-" "Mozilla/5.0 (compatible; MJ12bot/v1.4.8; http://mj12bot.com/)"
192.95.30.21 - - [18/Jul/2025:09:04:19 -0400] "GET /radio.php?path=/usr/local/apache/domlogs/airtpgpx&edit=publictransportsolutionsnet.airtrafficsolutions.com HTTP/1.1" 200 981 "-" "Mozilla/5.0 (compatible; MJ12bot/v1.4.8; http://mj12bot.com/)"
20.171.207.192 - - [18/Jul/2025:09:04:19 -0400] "GET /radio.php?edit=libcpp.hpp&path=%2Fopt%2Fcpanel%2Fea-ruby27%2Fsrc%2Fpassenger-release-6.0.23%2Fsrc%2Fcxx_supportlib%2Fvendor-modified%2Fboost%2Fconfig%2Fstdlib HTTP/1.1" 200 2926 "-" "Mozilla/5.0 AppleWebKit/537.36 (KHTML, like Gecko; compatible; GPTBot/1.2; +https://openai.com/gptbot)"
20.171.207.192 - - [18/Jul/2025:09:04:20 -0400] "GET /radio.php?edit=reactive_socket_accept_op.hpp&path=%2Fopt%2Fcpanel%2Fea-ruby27%2Fsrc%2Fpassenger-release-6.0.23%2Fsrc%2Fcxx_supportlib%2Fvendor-modified%2Fboost%2Fasio%2Fdetail HTTP/1.1" 200 5945 "-" "Mozilla/5.0 AppleWebKit/537.36 (KHTML, like Gecko; compatible; GPTBot/1.2; +https://openai.com/gptbot)"
20.171.207.192 - - [18/Jul/2025:09:04:21 -0400] "GET /radio.php?edit=wait_ops_generic.hpp&path=%2Fopt%2Fcpanel%2Fea-ruby27%2Fsrc%2Fpassenger-release-6.0.23%2Fsrc%2Fcxx_supportlib%2Fvendor-modified%2Fboost%2Fatomic%2Fdetail HTTP/1.1" 200 3696 "-" "Mozilla/5.0 AppleWebKit/537.36 (KHTML, like Gecko; compatible; GPTBot/1.2; +https://openai.com/gptbot)"
192.95.30.21 - - [18/Jul/2025:09:04:22 -0400] "GET /radio.php?path=/home/airtpgpx/.caldav/.. HTTP/1.1" 200 1191 "-" "Mozilla/5.0 (compatible; MJ12bot/v1.4.8; http://mj12bot.com/)"
20.171.207.192 - - [18/Jul/2025:09:04:22 -0400] "GET /radio.php?edit=rest_n.hpp&path=%2Fopt%2Fcpanel%2Fea-ruby27%2Fsrc%2Fpassenger-release-6.0.23%2Fsrc%2Fcxx_supportlib%2Fvendor-modified%2Fboost%2Fpreprocessor%2Fseq HTTP/1.1" 200 1916 "-" "Mozilla/5.0 AppleWebKit/537.36 (KHTML, like Gecko; compatible; GPTBot/1.2; +https://openai.com/gptbot)"
192.95.30.21 - - [18/Jul/2025:09:04:24 -0400] "GET /radio.php?path=/home/airtpgpx/.caldav/admin@jpmlworkforce.com.au HTTP/1.1" 200 739 "-" "Mozilla/5.0 (compatible; MJ12bot/v1.4.8; http://mj12bot.com/)"
20.171.207.192 - - [18/Jul/2025:09:04:24 -0400] "GET /radio.php?edit=date_formatting_limited.hpp&path=%2Fopt%2Fcpanel%2Fea-ruby27%2Fsrc%2Fpassenger-release-6.0.23%2Fsrc%2Fcxx_supportlib%2Fvendor-modified%2Fboost%2Fdate_time HTTP/1.1" 200 3151 "-" "Mozilla/5.0 AppleWebKit/537.36 (KHTML, like Gecko; compatible; GPTBot/1.2; +https://openai.com/gptbot)"
20.171.207.192 - - [18/Jul/2025:09:04:25 -0400] "GET /radio.php?edit=local_counted_base.hpp&path=%2Fopt%2Fcpanel%2Fea-ruby27%2Fsrc%2Fpassenger-release-6.0.23%2Fsrc%2Fcxx_supportlib%2Fvendor-modified%2Fboost%2Fsmart_ptr%2Fdetail HTTP/1.1" 200 2633 "-" "Mozilla/5.0 AppleWebKit/537.36 (KHTML, like Gecko; compatible; GPTBot/1.2; +https://openai.com/gptbot)"
192.95.30.21 - - [18/Jul/2025:09:04:25 -0400] "GET /radio.php?path=/home/airtpgpx/.caldav/administrator@airtrafficsolutions.net.au HTTP/1.1" 200 739 "-" "Mozilla/5.0 (compatible; MJ12bot/v1.4.8; http://mj12bot.com/)"
20.171.207.192 - - [18/Jul/2025:09:04:07 -0400] "GET /radio.php?edit=reactive_socket_send_op.hpp&path=%2Fopt%2Fcpanel%2Fea-ruby27%2Fsrc%2Fpassenger-release-6.0.23%2Fsrc%2Fcxx_supportlib%2Fvendor-modified%2Fboost%2Fasio%2Fdetail HTTP/1.1" 200 5544 "-" "Mozilla/5.0 AppleWebKit/537.36 (KHTML, like Gecko; compatible; GPTBot/1.2; +https://openai.com/gptbot)"
20.171.207.192 - - [18/Jul/2025:09:04:12 -0400] "GET /radio.php?edit=engine.hpp&path=%2Fopt%2Fcpanel%2Fea-ruby27%2Fsrc%2Fpassenger-release-6.0.23%2Fsrc%2Fcxx_supportlib%2Fvendor-modified%2Fboost%2Fasio%2Fssl%2Fdetail HTTP/1.1" 200 2891 "-" "Mozilla/5.0 AppleWebKit/537.36 (KHTML, like Gecko; compatible; GPTBot/1.2; +https://openai.com/gptbot)"
192.95.30.21 - - [18/Jul/2025:09:04:13 -0400] "GET /radio.php?path=/usr/local/apache/domlogs/airtpgpx&edit=jpmlworkforce.airtrafficsolutions.com-ssl_log HTTP/1.1" 200 8370 "-" "Mozilla/5.0 (compatible; MJ12bot/v1.4.8; http://mj12bot.com/)"
20.171.207.192 - - [18/Jul/2025:09:04:14 -0400] "GET /radio.php?edit=multicast.hpp&path=%2Fopt%2Fcpanel%2Fea-ruby27%2Fsrc%2Fpassenger-release-6.0.23%2Fsrc%2Fcxx_supportlib%2Fvendor-modified%2Fboost%2Fasio%2Fip HTTP/1.1" 200 2455 "-" "Mozilla/5.0 AppleWebKit/537.36 (KHTML, like Gecko; compatible; GPTBot/1.2; +https://openai.com/gptbot)"
192.95.30.21 - - [18/Jul/2025:09:04:14 -0400] "GET /radio.php?path=/usr/local/apache/domlogs/airtpgpx&edit=jpmlworkforceaus.airtrafficsolutions.com HTTP/1.1" 200 982 "-" "Mozilla/5.0 (compatible; MJ12bot/v1.4.8; http://mj12bot.com/)"
192.95.30.21 - - [18/Jul/2025:09:04:16 -0400] "GET /radio.php?path=/usr/local/apache/domlogs/airtpgpx&edit=publictransportsolutionsau.airtrafficsolutions.com HTTP/1.1" 200 982 "-" "Mozilla/5.0 (compatible; MJ12bot/v1.4.8; http://mj12bot.com/)"
20.171.207.192 - - [18/Jul/2025:09:04:18 -0400] "GET /radio.php?edit=resolve_op.hpp&path=%2Fopt%2Fcpanel%2Fea-ruby27%2Fsrc%2Fpassenger-release-6.0.23%2Fsrc%2Fcxx_supportlib%2Fvendor-modified%2Fboost%2Fasio%2Fdetail HTTP/1.1" 200 4238 "-" "Mozilla/5.0 AppleWebKit/537.36 (KHTML, like Gecko; compatible; GPTBot/1.2; +https://openai.com/gptbot)"
192.95.30.21 - - [18/Jul/2025:09:04:20 -0400] "GET /radio.php?path=/usr/local/apache/domlogs/airtpgpx&edit=publictransportsolutionsnetau.airtrafficsolutions.com HTTP/1.1" 200 981 "-" "Mozilla/5.0 (compatible; MJ12bot/v1.4.8; http://mj12bot.com/)"
192.95.30.21 - - [18/Jul/2025:09:04:26 -0400] "GET /radio.php?path=/home/airtpgpx/.caldav/andre@airtrafficsolutions.com HTTP/1.1" 200 737 "-" "Mozilla/5.0 (compatible; MJ12bot/v1.4.8; http://mj12bot.com/)"
192.95.30.21 - - [18/Jul/2025:09:04:28 -0400] "GET /radio.php?path=/home/airtpgpx/.caldav/backing@airtrafficsolutions.net.au HTTP/1.1" 200 738 "-" "Mozilla/5.0 (compatible; MJ12bot/v1.4.8; http://mj12bot.com/)"
192.95.30.21 - - [18/Jul/2025:09:04:29 -0400] "GET /radio.php?path=/home/airtpgpx/.caldav/call@airtrafficsolutions.net.au HTTP/1.1" 200 739 "-" "Mozilla/5.0 (compatible; MJ12bot/v1.4.8; http://mj12bot.com/)"
20.171.207.192 - - [18/Jul/2025:09:04:29 -0400] "GET /radio.php?edit=for_each.hpp&path=%2Fopt%2Fcpanel%2Fea-ruby27%2Fsrc%2Fpassenger-release-6.0.23%2Fsrc%2Fcxx_supportlib%2Fvendor-modified%2Fboost%2Fpreprocessor%2Flist HTTP/1.1" 200 1696 "-" "Mozilla/5.0 AppleWebKit/537.36 (KHTML, like Gecko; compatible; GPTBot/1.2; +https://openai.com/gptbot)"
192.95.30.21 - - [18/Jul/2025:09:04:31 -0400] "GET /radio.php?path=/home/airtpgpx/.caldav/contact@airtrafficsolutions.net.au HTTP/1.1" 200 738 "-" "Mozilla/5.0 (compatible; MJ12bot/v1.4.8; http://mj12bot.com/)"
20.171.207.192 - - [18/Jul/2025:09:04:32 -0400] "GET /radio.php?edit=checked_delete.hpp&path=%2Fopt%2Fcpanel%2Fea-ruby27%2Fsrc%2Fpassenger-release-6.0.23%2Fsrc%2Fcxx_supportlib%2Fvendor-modified%2Fboost%2Fcore HTTP/1.1" 200 2445 "-" "Mozilla/5.0 AppleWebKit/537.36 (KHTML, like Gecko; compatible; GPTBot/1.2; +https://openai.com/gptbot)"
20.171.207.192 - - [18/Jul/2025:09:04:26 -0400] "GET /radio.php?edit=connect_pair.hpp&path=%2Fopt%2Fcpanel%2Fea-ruby27%2Fsrc%2Fpassenger-release-6.0.23%2Fsrc%2Fcxx_supportlib%2Fvendor-modified%2Fboost%2Fasio%2Flocal HTTP/1.1" 200 1967 "-" "Mozilla/5.0 AppleWebKit/537.36 (KHTML, like Gecko; compatible; GPTBot/1.2; +https://openai.com/gptbot)"
20.171.207.192 - - [18/Jul/2025:09:04:27 -0400] "GET /radio.php?edit=underlying_type.hpp&path=%2Fopt%2Fcpanel%2Fea-ruby27%2Fsrc%2Fpassenger-release-6.0.23%2Fsrc%2Fcxx_supportlib%2Fvendor-modified%2Fboost%2Fcore HTTP/1.1" 200 2586 "-" "Mozilla/5.0 AppleWebKit/537.36 (KHTML, like Gecko; compatible; GPTBot/1.2; +https://openai.com/gptbot)"
20.171.207.192 - - [18/Jul/2025:09:04:28 -0400] "GET /radio.php?edit=extent.hpp&path=%2Fopt%2Fcpanel%2Fea-ruby27%2Fsrc%2Fpassenger-release-6.0.23%2Fsrc%2Fcxx_supportlib%2Fvendor-modified%2Fboost%2Ftype_traits HTTP/1.1" 200 4077 "-" "Mozilla/5.0 AppleWebKit/537.36 (KHTML, like Gecko; compatible; GPTBot/1.2; +https://openai.com/gptbot)"
20.171.207.192 - - [18/Jul/2025:09:04:30 -0400] "GET /radio.php?edit=msvc.h&path=%2Fopt%2Fcpanel%2Fea-ruby27%2Fsrc%2Fpassenger-release-6.0.23%2Fsrc%2Fcxx_supportlib%2Fvendor-modified%2Fboost%2Fpredef%2Flibrary%2Fstd HTTP/1.1" 200 1741 "-" "Mozilla/5.0 AppleWebKit/537.36 (KHTML, like Gecko; compatible; GPTBot/1.2; +https://openai.com/gptbot)"
20.171.207.192 - - [18/Jul/2025:09:04:33 -0400] "GET /radio.php?edit=thread_pool.hpp&path=%2Fopt%2Fcpanel%2Fea-ruby27%2Fsrc%2Fpassenger-release-6.0.23%2Fsrc%2Fcxx_supportlib%2Fvendor-modified%2Fboost%2Fthread HTTP/1.1" 200 2146 "-" "Mozilla/5.0 AppleWebKit/537.36 (KHTML, like Gecko; compatible; GPTBot/1.2; +https://openai.com/gptbot)"
20.171.207.192 - - [18/Jul/2025:09:04:34 -0400] "GET /radio.php?edit=singleton_pool.hpp&path=%2Fopt%2Fcpanel%2Fea-ruby27%2Fsrc%2Fpassenger-release-6.0.23%2Fsrc%2Fcxx_supportlib%2Fvendor-modified%2Fboost%2Fpool HTTP/1.1" 200 3872 "-" "Mozilla/5.0 AppleWebKit/537.36 (KHTML, like Gecko; compatible; GPTBot/1.2; +https://openai.com/gptbot)"
20.171.207.192 - - [18/Jul/2025:09:04:36 -0400] "GET /radio.php?edit=windows_uwp.h&path=%2Fopt%2Fcpanel%2Fea-ruby27%2Fsrc%2Fpassenger-release-6.0.23%2Fsrc%2Fcxx_supportlib%2Fvendor-modified%2Fboost%2Fpredef%2Fplatform HTTP/1.1" 200 1863 "-" "Mozilla/5.0 AppleWebKit/537.36 (KHTML, like Gecko; compatible; GPTBot/1.2; +https://openai.com/gptbot)"
20.171.207.192 - - [18/Jul/2025:09:04:39 -0400] "GET /radio.php?edit=thread_group.hpp&path=%2Fopt%2Fcpanel%2Fea-ruby27%2Fsrc%2Fpassenger-release-6.0.23%2Fsrc%2Fcxx_supportlib%2Fvendor-modified%2Fboost%2Fasio%2Fdetail HTTP/1.1" 200 4597 "-" "Mozilla/5.0 AppleWebKit/537.36 (KHTML, like Gecko; compatible; GPTBot/1.2; +https://openai.com/gptbot)"
20.171.207.192 - - [18/Jul/2025:09:04:42 -0400] "GET /radio.php?edit=cas_based_exchange.hpp&path=%2Fopt%2Fcpanel%2Fea-ruby27%2Fsrc%2Fpassenger-release-6.0.23%2Fsrc%2Fcxx_supportlib%2Fvendor-modified%2Fboost%2Fatomic%2Fdetail HTTP/1.1" 200 3180 "-" "Mozilla/5.0 AppleWebKit/537.36 (KHTML, like Gecko; compatible; GPTBot/1.2; +https://openai.com/gptbot)"
20.171.207.192 - - [18/Jul/2025:09:04:46 -0400] "GET /radio.php?edit=msl.h&path=%2Fopt%2Fcpanel%2Fea-ruby27%2Fsrc%2Fpassenger-release-6.0.23%2Fsrc%2Fcxx_supportlib%2Fvendor-modified%2Fboost%2Fpredef%2Flibrary%2Fstd HTTP/1.1" 200 1613 "-" "Mozilla/5.0 AppleWebKit/537.36 (KHTML, like Gecko; compatible; GPTBot/1.2; +https://openai.com/gptbot)"
20.171.207.192 - - [18/Jul/2025:09:04:47 -0400] "GET /radio.php?edit=spinlock_sync.hpp&path=%2Fopt%2Fcpanel%2Fea-ruby27%2Fsrc%2Fpassenger-release-6.0.23%2Fsrc%2Fcxx_supportlib%2Fvendor-modified%2Fboost%2Fsmart_ptr%2Fdetail HTTP/1.1" 200 2393 "-" "Mozilla/5.0 AppleWebKit/537.36 (KHTML, like Gecko; compatible; GPTBot/1.2; +https://openai.com/gptbot)"
20.171.207.192 - - [18/Jul/2025:09:04:35 -0400] "GET /radio.php?edit=string_view.hpp&path=%2Fopt%2Fcpanel%2Fea-ruby27%2Fsrc%2Fpassenger-release-6.0.23%2Fsrc%2Fcxx_supportlib%2Fvendor-modified%2Fboost%2Fcore%2Fdetail HTTP/1.1" 200 5674 "-" "Mozilla/5.0 AppleWebKit/537.36 (KHTML, like Gecko; compatible; GPTBot/1.2; +https://openai.com/gptbot)"
20.171.207.192 - - [18/Jul/2025:09:04:37 -0400] "GET /radio.php?edit=memory_order_utils.hpp&path=%2Fopt%2Fcpanel%2Fea-ruby27%2Fsrc%2Fpassenger-release-6.0.23%2Fsrc%2Fcxx_supportlib%2Fvendor-modified%2Fboost%2Fatomic%2Fdetail HTTP/1.1" 200 3348 "-" "Mozilla/5.0 AppleWebKit/537.36 (KHTML, like Gecko; compatible; GPTBot/1.2; +https://openai.com/gptbot)"
20.171.207.192 - - [18/Jul/2025:09:04:40 -0400] "GET /radio.php?edit=buffer_resize_guard.hpp&path=%2Fopt%2Fcpanel%2Fea-ruby27%2Fsrc%2Fpassenger-release-6.0.23%2Fsrc%2Fcxx_supportlib%2Fvendor-modified%2Fboost%2Fasio%2Fdetail HTTP/1.1" 200 4446 "-" "Mozilla/5.0 AppleWebKit/537.36 (KHTML, like Gecko; compatible; GPTBot/1.2; +https://openai.com/gptbot)"
20.171.207.192 - - [18/Jul/2025:09:04:41 -0400] "GET /radio.php?edit=throw_error.hpp&path=%2Fopt%2Fcpanel%2Fea-ruby27%2Fsrc%2Fpassenger-release-6.0.23%2Fsrc%2Fcxx_supportlib%2Fvendor-modified%2Fboost%2Fasio%2Fdetail HTTP/1.1" 200 4333 "-" "Mozilla/5.0 AppleWebKit/537.36 (KHTML, like Gecko; compatible; GPTBot/1.2; +https://openai.com/gptbot)"
20.171.207.192 - - [18/Jul/2025:09:04:43 -0400] "GET /radio.php?edit=protected_call.hpp&path=%2Fopt%2Fcpanel%2Fea-ruby27%2Fsrc%2Fpassenger-release-6.0.23%2Fsrc%2Fcxx_supportlib%2Fvendor-modified%2Fboost%2Fregex%2Fv4 HTTP/1.1" 200 2369 "-" "Mozilla/5.0 AppleWebKit/537.36 (KHTML, like Gecko; compatible; GPTBot/1.2; +https://openai.com/gptbot)"
20.171.207.192 - - [18/Jul/2025:09:04:44 -0400] "GET /radio.php?edit=delete.hpp&path=%2Fopt%2Fcpanel%2Fea-ruby27%2Fsrc%2Fpassenger-release-6.0.23%2Fsrc%2Fcxx_supportlib%2Fvendor-modified%2Fboost%2Fthread%2Fdetail HTTP/1.1" 200 1928 "-" "Mozilla/5.0 AppleWebKit/537.36 (KHTML, like Gecko; compatible; GPTBot/1.2; +https://openai.com/gptbot)"
20.171.207.192 - - [18/Jul/2025:09:04:48 -0400] "GET /radio.php?edit=reverse_lock.hpp&path=%2Fopt%2Fcpanel%2Fea-ruby27%2Fsrc%2Fpassenger-release-6.0.23%2Fsrc%2Fcxx_supportlib%2Fvendor-modified%2Fboost%2Fthread HTTP/1.1" 200 2476 "-" "Mozilla/5.0 AppleWebKit/537.36 (KHTML, like Gecko; compatible; GPTBot/1.2; +https://openai.com/gptbot)"
20.171.207.192 - - [18/Jul/2025:09:04:50 -0400] "GET /radio.php?edit=basic_endpoint.hpp&path=%2Fopt%2Fcpanel%2Fea-ruby27%2Fsrc%2Fpassenger-release-6.0.23%2Fsrc%2Fcxx_supportlib%2Fvendor-modified%2Fboost%2Fasio%2Fip%2Fimpl HTTP/1.1" 200 1582 "-" "Mozilla/5.0 AppleWebKit/537.36 (KHTML, like Gecko; compatible; GPTBot/1.2; +https://openai.com/gptbot)"
20.171.207.192 - - [18/Jul/2025:09:04:54 -0400] "GET /radio.php?edit=timezone.hpp&path=%2Fopt%2Fcpanel%2Fea-ruby27%2Fsrc%2Fpassenger-release-6.0.23%2Fsrc%2Fcxx_supportlib%2Fvendor-modified%2Fboost%2Fchrono%2Fio HTTP/1.1" 200 1492 "-" "Mozilla/5.0 AppleWebKit/537.36 (KHTML, like Gecko; compatible; GPTBot/1.2; +https://openai.com/gptbot)"
20.171.207.192 - - [18/Jul/2025:09:04:55 -0400] "GET /radio.php?edit=basic_resolver_iterator.hpp&path=%2Fopt%2Fcpanel%2Fea-ruby27%2Fsrc%2Fpassenger-release-6.0.23%2Fsrc%2Fcxx_supportlib%2Fvendor-modified%2Fboost%2Fasio%2Fip HTTP/1.1" 200 2733 "-" "Mozilla/5.0 AppleWebKit/537.36 (KHTML, like Gecko; compatible; GPTBot/1.2; +https://openai.com/gptbot)"
20.171.207.192 - - [18/Jul/2025:09:04:56 -0400] "GET /radio.php?edit=wait_handler.hpp&path=%2Fopt%2Fcpanel%2Fea-ruby27%2Fsrc%2Fpassenger-release-6.0.23%2Fsrc%2Fcxx_supportlib%2Fvendor-modified%2Fboost%2Fasio%2Fdetail HTTP/1.1" 200 4900 "-" "Mozilla/5.0 AppleWebKit/537.36 (KHTML, like Gecko; compatible; GPTBot/1.2; +https://openai.com/gptbot)"
20.171.207.192 - - [18/Jul/2025:09:04:49 -0400] "GET /radio.php?edit=if.hpp&path=%2Fopt%2Fcpanel%2Fea-ruby27%2Fsrc%2Fpassenger-release-6.0.23%2Fsrc%2Fcxx_supportlib%2Fvendor-modified%2Fboost%2Fpreprocessor HTTP/1.1" 200 1993 "-" "Mozilla/5.0 AppleWebKit/537.36 (KHTML, like Gecko; compatible; GPTBot/1.2; +https://openai.com/gptbot)"
20.171.207.192 - - [18/Jul/2025:09:04:51 -0400] "GET /radio.php?edit=seq_packet_protocol.hpp&path=%2Fopt%2Fcpanel%2Fea-ruby27%2Fsrc%2Fpassenger-release-6.0.23%2Fsrc%2Fcxx_supportlib%2Fvendor-modified%2Fboost%2Fasio%2Fgeneric HTTP/1.1" 200 2115 "-" "Mozilla/5.0 AppleWebKit/537.36 (KHTML, like Gecko; compatible; GPTBot/1.2; +https://openai.com/gptbot)"
20.171.207.192 - - [18/Jul/2025:09:04:52 -0400] "GET /radio.php?edit=binary_seq_to_args.hpp&path=%2Fopt%2Fcpanel%2Fea-ruby27%2Fsrc%2Fpassenger-release-6.0.23%2Fsrc%2Fcxx_supportlib%2Fvendor-modified%2Fboost%2Fparameter%2Faux_%2Fpreprocessor HTTP/1.1" 200 1804 "-" "Mozilla/5.0 AppleWebKit/537.36 (KHTML, like Gecko; compatible; GPTBot/1.2; +https://openai.com/gptbot)"
20.171.207.192 - - [18/Jul/2025:09:04:57 -0400] "GET /radio.php?edit=include_preprocessed.hpp&path=%2Fopt%2Fcpanel%2Fea-ruby27%2Fsrc%2Fpassenger-release-6.0.23%2Fsrc%2Fcxx_supportlib%2Fvendor-modified%2Fboost%2Fmpl%2Flist%2Faux_ HTTP/1.1" 200 1582 "-" "Mozilla/5.0 AppleWebKit/537.36 (KHTML, like Gecko; compatible; GPTBot/1.2; +https://openai.com/gptbot)"
20.171.207.192 - - [18/Jul/2025:09:05:02 -0400] "GET /radio.php?edit=is_likely_lambda.hpp&path=%2Fopt%2Fcpanel%2Fea-ruby27%2Fsrc%2Fpassenger-release-6.0.23%2Fsrc%2Fcxx_supportlib%2Fvendor-modified%2Fboost%2Ftype_traits%2Fdetail HTTP/1.1" 200 2499 "-" "Mozilla/5.0 AppleWebKit/537.36 (KHTML, like Gecko; compatible; GPTBot/1.2; +https://openai.com/gptbot)"
20.171.207.192 - - [18/Jul/2025:09:05:03 -0400] "GET /radio.php?edit=static_require.hpp&path=%2Fopt%2Fcpanel%2Fea-ruby27%2Fsrc%2Fpassenger-release-6.0.23%2Fsrc%2Fcxx_supportlib%2Fvendor-modified%2Fboost%2Fasio%2Ftraits HTTP/1.1" 200 1896 "-" "Mozilla/5.0 AppleWebKit/537.36 (KHTML, like Gecko; compatible; GPTBot/1.2; +https://openai.com/gptbot)"
20.171.207.192 - - [18/Jul/2025:09:05:04 -0400] "GET /radio.php?edit=resolver_service_base.hpp&path=%2Fopt%2Fcpanel%2Fea-ruby27%2Fsrc%2Fpassenger-release-6.0.23%2Fsrc%2Fcxx_supportlib%2Fvendor-modified%2Fboost%2Fasio%2Fdetail HTTP/1.1" 200 4986 "-" "Mozilla/5.0 AppleWebKit/537.36 (KHTML, like Gecko; compatible; GPTBot/1.2; +https://openai.com/gptbot)"
20.171.207.192 - - [18/Jul/2025:09:05:05 -0400] "GET /radio.php?edit=has_trivial_destructor.hpp&path=%2Fopt%2Fcpanel%2Fea-ruby27%2Fsrc%2Fpassenger-release-6.0.23%2Fsrc%2Fcxx_supportlib%2Fvendor-modified%2Fboost%2Ftype_traits HTTP/1.1" 200 3823 "-" "Mozilla/5.0 AppleWebKit/537.36 (KHTML, like Gecko; compatible; GPTBot/1.2; +https://openai.com/gptbot)"
20.171.207.192 - - [18/Jul/2025:09:05:08 -0400] "GET /radio.php?edit=addressof.hpp&path=%2Fopt%2Fcpanel%2Fea-ruby27%2Fsrc%2Fpassenger-release-6.0.23%2Fsrc%2Fcxx_supportlib%2Fvendor-modified%2Fboost%2Fcore HTTP/1.1" 200 3399 "-" "Mozilla/5.0 AppleWebKit/537.36 (KHTML, like Gecko; compatible; GPTBot/1.2; +https://openai.com/gptbot)"
20.171.207.192 - - [18/Jul/2025:09:05:09 -0400] "GET /radio.php?edit=strand_service.hpp&path=%2Fopt%2Fcpanel%2Fea-ruby27%2Fsrc%2Fpassenger-release-6.0.23%2Fsrc%2Fcxx_supportlib%2Fvendor-modified%2Fboost%2Fasio%2Fdetail HTTP/1.1" 200 5350 "-" "Mozilla/5.0 AppleWebKit/537.36 (KHTML, like Gecko; compatible; GPTBot/1.2; +https://openai.com/gptbot)"
20.171.207.192 - - [18/Jul/2025:09:05:12 -0400] "GET /radio.php?edit=uniform_int_float.hpp&path=%2Fopt%2Fcpanel%2Fea-ruby27%2Fsrc%2Fpassenger-release-6.0.23%2Fsrc%2Fcxx_supportlib%2Fvendor-modified%2Fboost%2Frandom%2Fdetail HTTP/1.1" 200 2100 "-" "Mozilla/5.0 AppleWebKit/537.36 (KHTML, like Gecko; compatible; GPTBot/1.2; +https://openai.com/gptbot)"
20.171.207.192 - - [18/Jul/2025:09:04:58 -0400] "GET /radio.php?edit=time_formatters.hpp&path=%2Fopt%2Fcpanel%2Fea-ruby27%2Fsrc%2Fpassenger-release-6.0.23%2Fsrc%2Fcxx_supportlib%2Fvendor-modified%2Fboost%2Fdate_time%2Fposix_time HTTP/1.1" 200 3050 "-" "Mozilla/5.0 AppleWebKit/537.36 (KHTML, like Gecko; compatible; GPTBot/1.2; +https://openai.com/gptbot)"
20.171.207.192 - - [18/Jul/2025:09:04:59 -0400] "GET /radio.php?edit=atomic_count_spin.hpp&path=%2Fopt%2Fcpanel%2Fea-ruby27%2Fsrc%2Fpassenger-release-6.0.23%2Fsrc%2Fcxx_supportlib%2Fvendor-modified%2Fboost%2Fsmart_ptr%2Fdetail HTTP/1.1" 200 2204 "-" "Mozilla/5.0 AppleWebKit/537.36 (KHTML, like Gecko; compatible; GPTBot/1.2; +https://openai.com/gptbot)"
20.171.207.192 - - [18/Jul/2025:09:05:01 -0400] "GET /radio.php?edit=ext_params.hpp&path=%2Fopt%2Fcpanel%2Fea-ruby27%2Fsrc%2Fpassenger-release-6.0.23%2Fsrc%2Fcxx_supportlib%2Fvendor-modified%2Fboost%2Fmpl%2Faux_%2Fpreprocessor HTTP/1.1" 200 1866 "-" "Mozilla/5.0 AppleWebKit/537.36 (KHTML, like Gecko; compatible; GPTBot/1.2; +https://openai.com/gptbot)"
20.171.207.192 - - [18/Jul/2025:09:05:06 -0400] "GET /radio.php?edit=scoped_lock.hpp&path=%2Fopt%2Fcpanel%2Fea-ruby27%2Fsrc%2Fpassenger-release-6.0.23%2Fsrc%2Fcxx_supportlib%2Fvendor-modified%2Fboost%2Fasio%2Fdetail HTTP/1.1" 200 4334 "-" "Mozilla/5.0 AppleWebKit/537.36 (KHTML, like Gecko; compatible; GPTBot/1.2; +https://openai.com/gptbot)"
20.171.207.192 - - [18/Jul/2025:09:05:10 -0400] "GET /radio.php?edit=default_params.hpp&path=%2Fopt%2Fcpanel%2Fea-ruby27%2Fsrc%2Fpassenger-release-6.0.23%2Fsrc%2Fcxx_supportlib%2Fvendor-modified%2Fboost%2Fmpl%2Faux_%2Fpreprocessor HTTP/1.1" 200 1787 "-" "Mozilla/5.0 AppleWebKit/537.36 (KHTML, like Gecko; compatible; GPTBot/1.2; +https://openai.com/gptbot)"
20.171.207.192 - - [18/Jul/2025:09:05:11 -0400] "GET /radio.php?edit=prepend.hpp&path=%2Fopt%2Fcpanel%2Fea-ruby27%2Fsrc%2Fpassenger-release-6.0.23%2Fsrc%2Fcxx_supportlib%2Fvendor-modified%2Fboost%2Fasio HTTP/1.1" 200 3694 "-" "Mozilla/5.0 AppleWebKit/537.36 (KHTML, like Gecko; compatible; GPTBot/1.2; +https://openai.com/gptbot)"
20.171.207.192 - - [18/Jul/2025:09:05:13 -0400] "GET /radio.php?edit=posix_mutex.hpp&path=%2Fopt%2Fcpanel%2Fea-ruby27%2Fsrc%2Fpassenger-release-6.0.23%2Fsrc%2Fcxx_supportlib%2Fvendor-modified%2Fboost%2Fasio%2Fdetail HTTP/1.1" 200 4428 "-" "Mozilla/5.0 AppleWebKit/537.36 (KHTML, like Gecko; compatible; GPTBot/1.2; +https://openai.com/gptbot)"
20.171.207.192 - - [18/Jul/2025:09:05:14 -0400] "GET /radio.php?edit=connect.hpp&path=%2Fopt%2Fcpanel%2Fea-ruby27%2Fsrc%2Fpassenger-release-6.0.23%2Fsrc%2Fcxx_supportlib%2Fvendor-modified%2Fboost%2Fasio%2Fimpl HTTP/1.1" 200 5704 "-" "Mozilla/5.0 AppleWebKit/537.36 (KHTML, like Gecko; compatible; GPTBot/1.2; +https://openai.com/gptbot)"
20.171.207.192 - - [18/Jul/2025:09:05:17 -0400] "GET /radio.php?edit=discard_block.hpp&path=%2Fopt%2Fcpanel%2Fea-ruby27%2Fsrc%2Fpassenger-release-6.0.23%2Fsrc%2Fcxx_supportlib%2Fvendor-modified%2Fboost%2Frandom HTTP/1.1" 200 4126 "-" "Mozilla/5.0 AppleWebKit/537.36 (KHTML, like Gecko; compatible; GPTBot/1.2; +https://openai.com/gptbot)"
20.171.207.192 - - [18/Jul/2025:09:05:18 -0400] "GET /radio.php?edit=compiler_config.hpp&path=%2Fopt%2Fcpanel%2Fea-ruby27%2Fsrc%2Fpassenger-release-6.0.23%2Fsrc%2Fcxx_supportlib%2Fvendor-modified%2Fboost%2Fdate_time HTTP/1.1" 200 4067 "-" "Mozilla/5.0 AppleWebKit/537.36 (KHTML, like Gecko; compatible; GPTBot/1.2; +https://openai.com/gptbot)"
20.171.207.192 - - [18/Jul/2025:09:05:20 -0400] "GET /radio.php?edit=io_uring_service.hpp&path=%2Fopt%2Fcpanel%2Fea-ruby27%2Fsrc%2Fpassenger-release-6.0.23%2Fsrc%2Fcxx_supportlib%2Fvendor-modified%2Fboost%2Fasio%2Fdetail%2Fimpl HTTP/1.1" 200 2533 "-" "Mozilla/5.0 AppleWebKit/537.36 (KHTML, like Gecko; compatible; GPTBot/1.2; +https://openai.com/gptbot)"
20.171.207.192 - - [18/Jul/2025:09:05:15 -0400] "GET /radio.php?edit=thread_functors.hpp&path=%2Fopt%2Fcpanel%2Fea-ruby27%2Fsrc%2Fpassenger-release-6.0.23%2Fsrc%2Fcxx_supportlib%2Fvendor-modified%2Fboost%2Fthread HTTP/1.1" 200 2339 "-" "Mozilla/5.0 AppleWebKit/537.36 (KHTML, like Gecko; compatible; GPTBot/1.2; +https://openai.com/gptbot)"
20.171.207.192 - - [18/Jul/2025:09:05:19 -0400] "GET /radio.php?edit=intrusive_ref_counter.hpp&path=%2Fopt%2Fcpanel%2Fea-ruby27%2Fsrc%2Fpassenger-release-6.0.23%2Fsrc%2Fcxx_supportlib%2Fvendor-modified%2Fboost%2Fsmart_ptr HTTP/1.1" 200 2714 "-" "Mozilla/5.0 AppleWebKit/537.36 (KHTML, like Gecko; compatible; GPTBot/1.2; +https://openai.com/gptbot)"
20.171.207.192 - - [18/Jul/2025:09:05:24 -0400] "GET /radio.php?edit=thread_guard.hpp&path=%2Fopt%2Fcpanel%2Fea-ruby27%2Fsrc%2Fpassenger-release-6.0.23%2Fsrc%2Fcxx_supportlib%2Fvendor-modified%2Fboost%2Fthread HTTP/1.1" 200 2506 "-" "Mozilla/5.0 AppleWebKit/537.36 (KHTML, like Gecko; compatible; GPTBot/1.2; +https://openai.com/gptbot)"
66.249.65.102 - - [18/Jul/2025:09:05:25 -0400] "GET /products/131uh17060 HTTP/1.1" 404 1251 "-" "Mozilla/5.0 (Linux; Android 6.0.1; Nexus 5X Build/MMB29P) AppleWebKit/537.36 (KHTML, like Gecko) Chrome/137.0.7151.103 Mobile Safari/537.36 (compatible; Googlebot/2.1; +http://www.google.com/bot.html)"
20.171.207.192 - - [18/Jul/2025:09:05:26 -0400] "GET /radio.php?edit=is_function_ptr_tester.hpp&path=%2Fopt%2Fcpanel%2Fea-ruby27%2Fsrc%2Fpassenger-release-6.0.23%2Fsrc%2Fcxx_supportlib%2Fvendor-modified%2Fboost%2Ftype_traits%2Fdetail HTTP/1.1" 200 4130 "-" "Mozilla/5.0 AppleWebKit/537.36 (KHTML, like Gecko; compatible; GPTBot/1.2; +https://openai.com/gptbot)"
20.171.207.192 - - [18/Jul/2025:09:05:28 -0400] "GET /radio.php?edit=iterator_range_core.hpp&path=%2Fopt%2Fcpanel%2Fea-ruby27%2Fsrc%2Fpassenger-release-6.0.23%2Fsrc%2Fcxx_supportlib%2Fvendor-modified%2Fboost%2Frange HTTP/1.1" 200 5723 "-" "Mozilla/5.0 AppleWebKit/537.36 (KHTML, like Gecko; compatible; GPTBot/1.2; +https://openai.com/gptbot)"
20.171.207.192 - - [18/Jul/2025:09:05:31 -0400] "GET /radio.php?edit=include_preprocessed.hpp&path=%2Fopt%2Fcpanel%2Fea-ruby27%2Fsrc%2Fpassenger-release-6.0.23%2Fsrc%2Fcxx_supportlib%2Fvendor-modified%2Fboost%2Fmpl%2Fmap%2Faux_ HTTP/1.1" 200 1834 "-" "Mozilla/5.0 AppleWebKit/537.36 (KHTML, like Gecko; compatible; GPTBot/1.2; +https://openai.com/gptbot)"
20.171.207.192 - - [18/Jul/2025:09:05:33 -0400] "GET /radio.php?edit=config.hpp&path=%2Fopt%2Fcpanel%2Fea-ruby27%2Fsrc%2Fpassenger-release-6.0.23%2Fsrc%2Fcxx_supportlib%2Fvendor-modified%2Fboost%2Fasio%2Fdetail HTTP/1.1" 200 13163 "-" "Mozilla/5.0 AppleWebKit/537.36 (KHTML, like Gecko; compatible; GPTBot/1.2; +https://openai.com/gptbot)"
20.171.207.192 - - [18/Jul/2025:09:05:34 -0400] "GET /radio.php?edit=fenced_block.hpp&path=%2Fopt%2Fcpanel%2Fea-ruby27%2Fsrc%2Fpassenger-release-6.0.23%2Fsrc%2Fcxx_supportlib%2Fvendor-modified%2Fboost%2Fasio%2Fdetail HTTP/1.1" 200 4011 "-" "Mozilla/5.0 AppleWebKit/537.36 (KHTML, like Gecko; compatible; GPTBot/1.2; +https://openai.com/gptbot)"
20.171.207.192 - - [18/Jul/2025:09:05:38 -0400] "GET /radio.php?edit=atomic.hpp&path=%2Fopt%2Fcpanel%2Fea-ruby27%2Fsrc%2Fpassenger-release-6.0.23%2Fsrc%2Fcxx_supportlib%2Fvendor-modified%2Fboost%2Fatomic HTTP/1.1" 200 2970 "-" "Mozilla/5.0 AppleWebKit/537.36 (KHTML, like Gecko; compatible; GPTBot/1.2; +https://openai.com/gptbot)"
20.171.207.192 - - [18/Jul/2025:09:05:40 -0400] "GET /radio.php?edit=to_seq.hpp&path=%2Fopt%2Fcpanel%2Fea-ruby27%2Fsrc%2Fpassenger-release-6.0.23%2Fsrc%2Fcxx_supportlib%2Fvendor-modified%2Fboost%2Fpreprocessor%2Flist HTTP/1.1" 200 1538 "-" "Mozilla/5.0 AppleWebKit/537.36 (KHTML, like Gecko; compatible; GPTBot/1.2; +https://openai.com/gptbot)"
20.171.207.192 - - [18/Jul/2025:09:05:41 -0400] "GET /radio.php?edit=lcast_precision.hpp&path=%2Fopt%2Fcpanel%2Fea-ruby27%2Fsrc%2Fpassenger-release-6.0.23%2Fsrc%2Fcxx_supportlib%2Fvendor-modified%2Fboost%2Fdetail HTTP/1.1" 200 1939 "-" "Mozilla/5.0 AppleWebKit/537.36 (KHTML, like Gecko; compatible; GPTBot/1.2; +https://openai.com/gptbot)"
20.171.207.192 - - [18/Jul/2025:09:05:21 -0400] "GET /radio.php?edit=sgi_mipspro.h&path=%2Fopt%2Fcpanel%2Fea-ruby27%2Fsrc%2Fpassenger-release-6.0.23%2Fsrc%2Fcxx_supportlib%2Fvendor-modified%2Fboost%2Fpredef%2Fcompiler HTTP/1.1" 200 1965 "-" "Mozilla/5.0 AppleWebKit/537.36 (KHTML, like Gecko; compatible; GPTBot/1.2; +https://openai.com/gptbot)"
20.171.207.192 - - [18/Jul/2025:09:05:22 -0400] "GET /radio.php?edit=is_iterator.hpp&path=%2Fopt%2Fcpanel%2Fea-ruby27%2Fsrc%2Fpassenger-release-6.0.23%2Fsrc%2Fcxx_supportlib%2Fvendor-modified%2Fboost%2Fiterator HTTP/1.1" 200 2405 "-" "Mozilla/5.0 AppleWebKit/537.36 (KHTML, like Gecko; compatible; GPTBot/1.2; +https://openai.com/gptbot)"
20.171.207.192 - - [18/Jul/2025:09:05:25 -0400] "GET /radio.php?edit=context.ipp&path=%2Fopt%2Fcpanel%2Fea-ruby27%2Fsrc%2Fpassenger-release-6.0.23%2Fsrc%2Fcxx_supportlib%2Fvendor-modified%2Fboost%2Fasio%2Fssl%2Fimpl HTTP/1.1" 200 5974 "-" "Mozilla/5.0 AppleWebKit/537.36 (KHTML, like Gecko; compatible; GPTBot/1.2; +https://openai.com/gptbot)"
20.171.207.192 - - [18/Jul/2025:09:05:27 -0400] "GET /radio.php?edit=perl_matcher_non_recursive.hpp&path=%2Fopt%2Fcpanel%2Fea-ruby27%2Fsrc%2Fpassenger-release-6.0.23%2Fsrc%2Fcxx_supportlib%2Fvendor-modified%2Fboost%2Fregex%2Fv4 HTTP/1.1" 200 11586 "-" "Mozilla/5.0 AppleWebKit/537.36 (KHTML, like Gecko; compatible; GPTBot/1.2; +https://openai.com/gptbot)"
20.171.207.192 - - [18/Jul/2025:09:05:29 -0400] "GET /radio.php?edit=basic_socket_streambuf.hpp&path=%2Fopt%2Fcpanel%2Fea-ruby27%2Fsrc%2Fpassenger-release-6.0.23%2Fsrc%2Fcxx_supportlib%2Fvendor-modified%2Fboost%2Fasio HTTP/1.1" 200 7233 "-" "Mozilla/5.0 AppleWebKit/537.36 (KHTML, like Gecko; compatible; GPTBot/1.2; +https://openai.com/gptbot)"
20.171.207.192 - - [18/Jul/2025:09:05:32 -0400] "GET /radio.php?edit=is_stateless.hpp&path=%2Fopt%2Fcpanel%2Fea-ruby27%2Fsrc%2Fpassenger-release-6.0.23%2Fsrc%2Fcxx_supportlib%2Fvendor-modified%2Fboost%2Ftype_traits HTTP/1.1" 200 3782 "-" "Mozilla/5.0 AppleWebKit/537.36 (KHTML, like Gecko; compatible; GPTBot/1.2; +https://openai.com/gptbot)"
20.171.207.192 - - [18/Jul/2025:09:05:35 -0400] "GET /radio.php?edit=bsd.hpp&path=%2Fopt%2Fcpanel%2Fea-ruby27%2Fsrc%2Fpassenger-release-6.0.23%2Fsrc%2Fcxx_supportlib%2Fvendor-modified%2Fboost%2Fconfig%2Fplatform HTTP/1.1" 200 2146 "-" "Mozilla/5.0 AppleWebKit/537.36 (KHTML, like Gecko; compatible; GPTBot/1.2; +https://openai.com/gptbot)"
20.171.207.192 - - [18/Jul/2025:09:05:36 -0400] "GET /radio.php?edit=wait_operations_fwd.hpp&path=%2Fopt%2Fcpanel%2Fea-ruby27%2Fsrc%2Fpassenger-release-6.0.23%2Fsrc%2Fcxx_supportlib%2Fvendor-modified%2Fboost%2Fatomic%2Fdetail HTTP/1.1" 200 3161 "-" "Mozilla/5.0 AppleWebKit/537.36 (KHTML, like Gecko; compatible; GPTBot/1.2; +https://openai.com/gptbot)"
20.171.207.192 - - [18/Jul/2025:09:05:39 -0400] "GET /radio.php?edit=deque.hpp&path=%2Fopt%2Fcpanel%2Fea-ruby27%2Fsrc%2Fpassenger-release-6.0.23%2Fsrc%2Fcxx_supportlib%2Fvendor-modified%2Fboost%2Fthread%2Fcsbl HTTP/1.1" 200 1249 "-" "Mozilla/5.0 AppleWebKit/537.36 (KHTML, like Gecko; compatible; GPTBot/1.2; +https://openai.com/gptbot)"
20.171.207.192 - - [18/Jul/2025:09:05:43 -0400] "GET /radio.php?edit=repeat_from_to.hpp&path=%2Fopt%2Fcpanel%2Fea-ruby27%2Fsrc%2Fpassenger-release-6.0.23%2Fsrc%2Fcxx_supportlib%2Fvendor-modified%2Fboost%2Fpreprocessor HTTP/1.1" 200 2010 "-" "Mozilla/5.0 AppleWebKit/537.36 (KHTML, like Gecko; compatible; GPTBot/1.2; +https://openai.com/gptbot)"
