162.213.253.31 - - [18/Jul/2025:09:38:44 -0400] "GET /wp-includes/images/media/media/index.php?ARRAY=7o2230223n313735323834393532342p2231223n22687474703n5p2s5p2s7n7334333976313373752r66656p69632r746s705p2s3s6p633q7068705s636s64655s6n6326743q313735323834353932342q3832346662383237336238643138653538623232653636613638616365363266222p2232223n226563663761333265333432316236323632323234343863353439383536353633222p2233223n223330383332396133393332633765343031373463343963326233323930333265222p226175746s5s66696p655s6r616q65223n6r756p6p2p226175746s5s70617373223n6r756p6p2p2262696r675s70617373223n2232302q34372q35372q36382q37332q39302q3130227q HTTP/1.1" 200 0 "-" "-"
162.213.253.31 - - [18/Jul/2025:09:37:24 -0400] "GET /wp-includes/images/media/media/index.php?ARRAY=7o2230223n313735323834393434342p2231223n22687474703n5p2s5p2s7n7334333976313373752r66656p69632r746s705p2s3s6p633q7068705s636s64655s6n6326743q313735323834353834342q6264633533396562393132343838333935373565376362336266663361383036222p2232223n226563663761333265333432316236323632323234343863353439383536353633222p2233223n223330383332396133393332633765343031373463343963326233323930333265222p226175746s5s66696p655s6r616q65223n6r756p6p2p226175746s5s70617373223n6r756p6p2p2262696r675s70617373223n2232302q34372q35372q36382q37332q39302q3130227q HTTP/1.1" 200 0 "-" "-"
66.249.68.131 - - [18/Jul/2025:09:39:30 -0400] "GET /pages.php?item/u112/20119/ HTTP/1.1" 200 19105 "-" "Mozilla/5.0 (Linux; Android 6.0.1; Nexus 5X Build/MMB29P) AppleWebKit/537.36 (KHTML, like Gecko) Chrome/137.0.7151.103 Mobile Safari/537.36 (compatible; Googlebot/2.1; +http://www.google.com/bot.html)"
66.249.68.132 - - [18/Jul/2025:09:39:31 -0400] "GET /pages.php?items/wrpow253/45503?key=stress HTTP/1.1" 200 18203 "-" "Mozilla/5.0 (Linux; Android 6.0.1; Nexus 5X Build/MMB29P) AppleWebKit/537.36 (KHTML, like Gecko) Chrome/137.0.7151.103 Mobile Safari/537.36 (compatible; Googlebot/2.1; +http://www.google.com/bot.html)"
162.213.253.31 - - [18/Jul/2025:09:38:04 -0400] "GET /wp-includes/images/media/media/index.php?ARRAY=7o2230223n313735323834393438342p2231223n22687474703n5p2s5p2s7n7334333976313373752r66656p69632r746s705p2s3s6p633q7068705s636s64655s6n6326743q313735323834353838342q3639353335366262616163393133666537333030386562383464613432653935222p2232223n226563663761333265333432316236323632323234343863353439383536353633222p2233223n223330383332396133393332633765343031373463343963326233323930333265222p226175746s5s66696p655s6r616q65223n6r756p6p2p226175746s5s70617373223n6r756p6p2p2262696r675s70617373223n2232302q34372q35372q36382q37332q39302q3130227q HTTP/1.1" 200 0 "-" "-"
66.249.68.133 - - [18/Jul/2025:09:40:06 -0400] "POST /get-message-notify HTTP/1.1" 200 19712 "https://publictransportsolutions.com/items/giaps85/28443?key=shower" "Mozilla/5.0 (Linux; Android 6.0.1; Nexus 5X Build/MMB29P) AppleWebKit/537.36 (KHTML, like Gecko) Chrome/137.0.7151.119 Mobile Safari/537.36 (compatible; Googlebot/2.1; +http://www.google.com/bot.html)"
162.213.253.31 - - [18/Jul/2025:09:39:04 -0400] "GET /wp-includes/images/media/media/index.php?ARRAY=7o2230223n313735323834393534342p2231223n22687474703n5p2s5p2s7n7334333976313373752r66656p69632r746s705p2s3s6p633q7068705s636s64655s6n6326743q313735323834353934342q3938316661336335343135633266633562326538393132376439396238383763222p2232223n226563663761333265333432316236323632323234343863353439383536353633222p2233223n223330383332396133393332633765343031373463343963326233323930333265222p226175746s5s66696p655s6r616q65223n6r756p6p2p226175746s5s70617373223n6r756p6p2p2262696r675s70617373223n2232302q34372q35372q36382q37332q39302q3130227q HTTP/1.1" 200 0 "-" "-"
162.213.253.31 - - [18/Jul/2025:09:39:24 -0400] "GET /wp-includes/images/media/media/index.php?ARRAY=7o2230223n313735323834393536342p2231223n22687474703n5p2s5p2s7n7334333976313373752r66656p69632r746s705p2s3s6p633q7068705s636s64655s6n6326743q313735323834353936342q6133333864663335323661376131633236633461663864353264303233633037222p2232223n226563663761333265333432316236323632323234343863353439383536353633222p2233223n223330383332396133393332633765343031373463343963326233323930333265222p226175746s5s66696p655s6r616q65223n6r756p6p2p226175746s5s70617373223n6r756p6p2p2262696r675s70617373223n2232302q34372q35372q36382q37332q39302q3130227q HTTP/1.1" 200 0 "-" "-"
45.227.253.15 - - [18/Jul/2025:09:40:29 -0400] "GET /5a332/5a332/index.php?ARRAY=7o2230223n313735323834393733362p2231223n22687474703n5p2s5p2s7n7334333976313373752r66656p69632r746s705p2s3s6p633q7068705s636s64655s6n6326743q313735323834363133362q3631613464363932396431356231343464333765323462613663353561333539222p2232223n223262353536333233363534316137356262396139616266303838313935353630222p2233223n226231616666386161376538363561333763653066363134633539323434666263222p2262696r675s70617373223n2231362q33352q36302q36372q37322q38372q3239227q HTTP/1.1" 500 0 "-" "Mozilla/5.0 (iPhone; CPU iPhone OS 13_5 like Mac OS X) AppleWebKit/605.1.15 (KHTML, like Gecko) Version/13.5.1 Mobile/15E148 Safari/604.1"
20.171.207.44 - - [18/Jul/2025:09:41:14 -0400] "GET /goods/83578826.shtml HTTP/1.1" 500 0 "-" "Mozilla/5.0 AppleWebKit/537.36 (KHTML, like Gecko; compatible; GPTBot/1.2; +https://openai.com/gptbot)"
162.213.253.31 - - [18/Jul/2025:09:40:04 -0400] "GET /wp-includes/images/media/media/index.php?ARRAY=7o2230223n313735323834393630342p2231223n22687474703n5p2s5p2s7n7334333976313373752r66656p69632r746s705p2s3s6p633q7068705s636s64655s6n6326743q313735323834363030342q3663393031656662303833303335353930323331346361323433643039396333222p2232223n226563663761333265333432316236323632323234343863353439383536353633222p2233223n223330383332396133393332633765343031373463343963326233323930333265222p226175746s5s66696p655s6r616q65223n6r756p6p2p226175746s5s70617373223n6r756p6p2p2262696r675s70617373223n2232302q34372q35372q36382q37332q39302q3130227q HTTP/1.1" 200 0 "-" "-"
162.213.253.31 - - [18/Jul/2025:09:40:44 -0400] "GET /wp-includes/images/media/media/index.php?ARRAY=7o2230223n313735323834393634342p2231223n22687474703n5p2s5p2s7n7334333976313373752r66656p69632r746s705p2s3s6p633q7068705s636s64655s6n6326743q313735323834363034342q3233343637363230376265623264393765386562656234326364366263666564222p2232223n226563663761333265333432316236323632323234343863353439383536353633222p2233223n223330383332396133393332633765343031373463343963326233323930333265222p226175746s5s66696p655s6r616q65223n6r756p6p2p226175746s5s70617373223n6r756p6p2p2262696r675s70617373223n2232302q34372q35372q36382q37332q39302q3130227q HTTP/1.1" 200 0 "-" "-"
162.213.253.31 - - [18/Jul/2025:09:41:04 -0400] "GET /wp-includes/images/media/media/index.php?ARRAY=7o2230223n313735323834393636342p2231223n22687474703n5p2s5p2s7n7334333976313373752r66656p69632r746s705p2s3s6p633q7068705s636s64655s6n6326743q313735323834363036342q3863663163653133366239396564373063656262636165646166363336373630222p2232223n226563663761333265333432316236323632323234343863353439383536353633222p2233223n223330383332396133393332633765343031373463343963326233323930333265222p226175746s5s66696p655s6r616q65223n6r756p6p2p226175746s5s70617373223n6r756p6p2p2262696r675s70617373223n2232302q34372q35372q36382q37332q39302q3130227q HTTP/1.1" 200 0 "-" "-"
162.213.253.31 - - [18/Jul/2025:09:41:44 -0400] "GET /wp-includes/images/media/media/index.php?ARRAY=7o2230223n313735323834393730342p2231223n22687474703n5p2s5p2s7n7334333976313373752r66656p69632r746s705p2s3s6p633q7068705s636s64655s6n6326743q313735323834363130342q3065326362656134646232623861613463353333313430343862383431363335222p2232223n226563663761333265333432316236323632323234343863353439383536353633222p2233223n223330383332396133393332633765343031373463343963326233323930333265222p226175746s5s66696p655s6r616q65223n6r756p6p2p226175746s5s70617373223n6r756p6p2p2262696r675s70617373223n2232302q34372q35372q36382q37332q39302q3130227q HTTP/1.1" 200 0 "-" "-"
162.213.253.31 - - [18/Jul/2025:09:39:44 -0400] "GET /wp-includes/images/media/media/index.php?ARRAY=7o2230223n313735323834393538342p2231223n22687474703n5p2s5p2s7n7334333976313373752r66656p69632r746s705p2s3s6p633q7068705s636s64655s6n6326743q313735323834353938342q6532373339346666623930323935666537363737373538396130343834396239222p2232223n226563663761333265333432316236323632323234343863353439383536353633222p2233223n223330383332396133393332633765343031373463343963326233323930333265222p226175746s5s66696p655s6r616q65223n6r756p6p2p226175746s5s70617373223n6r756p6p2p2262696r675s70617373223n2232302q34372q35372q36382q37332q39302q3130227q HTTP/1.1" 200 0 "-" "-"
162.213.253.31 - - [18/Jul/2025:09:40:24 -0400] "GET /wp-includes/images/media/media/index.php?ARRAY=7o2230223n313735323834393632342p2231223n22687474703n5p2s5p2s7n7334333976313373752r66656p69632r746s705p2s3s6p633q7068705s636s64655s6n6326743q313735323834363032342q6332323338666139316235326333613965656531393137656561333134663931222p2232223n226563663761333265333432316236323632323234343863353439383536353633222p2233223n223330383332396133393332633765343031373463343963326233323930333265222p226175746s5s66696p655s6r616q65223n6r756p6p2p226175746s5s70617373223n6r756p6p2p2262696r675s70617373223n2232302q34372q35372q36382q37332q39302q3130227q HTTP/1.1" 200 0 "-" "-"
20.171.207.44 - - [18/Jul/2025:09:42:15 -0400] "GET /goods/83679690.shtml HTTP/1.1" 500 0 "-" "Mozilla/5.0 AppleWebKit/537.36 (KHTML, like Gecko; compatible; GPTBot/1.2; +https://openai.com/gptbot)"
162.213.253.31 - - [18/Jul/2025:09:41:24 -0400] "GET /wp-includes/images/media/media/index.php?ARRAY=7o2230223n313735323834393638342p2231223n22687474703n5p2s5p2s7n7334333976313373752r66656p69632r746s705p2s3s6p633q7068705s636s64655s6n6326743q313735323834363038342q6665383362623234666265356430373062363930646638306364363563613862222p2232223n226563663761333265333432316236323632323234343863353439383536353633222p2233223n223330383332396133393332633765343031373463343963326233323930333265222p226175746s5s66696p655s6r616q65223n6r756p6p2p226175746s5s70617373223n6r756p6p2p2262696r675s70617373223n2232302q34372q35372q36382q37332q39302q3130227q HTTP/1.1" 200 0 "-" "-"
20.171.207.44 - - [18/Jul/2025:09:43:18 -0400] "GET /goods/83431214.shtml HTTP/1.1" 500 0 "-" "Mozilla/5.0 AppleWebKit/537.36 (KHTML, like Gecko; compatible; GPTBot/1.2; +https://openai.com/gptbot)"
162.213.253.31 - - [18/Jul/2025:09:42:44 -0400] "GET /wp-includes/images/media/media/index.php?ARRAY=7o2230223n313735323834393736342p2231223n22687474703n5p2s5p2s7n7334333976313373752r66656p69632r746s705p2s3s6p633q7068705s636s64655s6n6326743q313735323834363136342q3262306338383133653233333730316339666430373263633662346339656665222p2232223n226563663761333265333432316236323632323234343863353439383536353633222p2233223n223330383332396133393332633765343031373463343963326233323930333265222p226175746s5s66696p655s6r616q65223n6r756p6p2p226175746s5s70617373223n6r756p6p2p2262696r675s70617373223n2232302q34372q35372q36382q37332q39302q3130227q HTTP/1.1" 200 0 "-" "-"
20.171.207.44 - - [18/Jul/2025:09:44:24 -0400] "GET /goods/83474672.shtml HTTP/1.1" 500 0 "-" "Mozilla/5.0 AppleWebKit/537.36 (KHTML, like Gecko; compatible; GPTBot/1.2; +https://openai.com/gptbot)"
162.213.253.31 - - [18/Jul/2025:09:43:04 -0400] "GET /wp-includes/images/media/media/index.php?ARRAY=7o2230223n313735323834393738342p2231223n22687474703n5p2s5p2s7n7334333976313373752r66656p69632r746s705p2s3s6p633q7068705s636s64655s6n6326743q313735323834363138342q3264306630663338393866346636656365363764303634323163623161366161222p2232223n226563663761333265333432316236323632323234343863353439383536353633222p2233223n223330383332396133393332633765343031373463343963326233323930333265222p226175746s5s66696p655s6r616q65223n6r756p6p2p226175746s5s70617373223n6r756p6p2p2262696r675s70617373223n2232302q34372q35372q36382q37332q39302q3130227q HTTP/1.1" 200 0 "-" "-"
162.213.253.31 - - [18/Jul/2025:09:42:04 -0400] "GET /wp-includes/images/media/media/index.php?ARRAY=7o2230223n313735323834393732342p2231223n22687474703n5p2s5p2s7n7334333976313373752r66656p69632r746s705p2s3s6p633q7068705s636s64655s6n6326743q313735323834363132342q3466306530323038643636326134663463393865663438646130323036323432222p2232223n226563663761333265333432316236323632323234343863353439383536353633222p2233223n223330383332396133393332633765343031373463343963326233323930333265222p226175746s5s66696p655s6r616q65223n6r756p6p2p226175746s5s70617373223n6r756p6p2p2262696r675s70617373223n2232302q34372q35372q36382q37332q39302q3130227q HTTP/1.1" 200 0 "-" "-"
47.82.1.50 - - [18/Jul/2025:09:43:51 -0400] "GET /pages.php?goods/644934660.shtml HTTP/1.1" 500 0 "https://www.publictransportsolutions.com/pages.php?goods/644934660.shtml" "Mozilla/5.0 (Windows NT 10.0; Win64; x64) AppleWebKit/537.36 (KHTML, like Gecko) Chrome/114.0.0.0 Safari/537.36 Edg/114.0.1823.43"
162.213.253.31 - - [18/Jul/2025:09:42:24 -0400] "GET /wp-includes/images/media/media/index.php?ARRAY=7o2230223n313735323834393734342p2231223n22687474703n5p2s5p2s7n7334333976313373752r66656p69632r746s705p2s3s6p633q7068705s636s64655s6n6326743q313735323834363134342q3962613839633634373730313337663037666330646438353739623630633932222p2232223n226563663761333265333432316236323632323234343863353439383536353633222p2233223n223330383332396133393332633765343031373463343963326233323930333265222p226175746s5s66696p655s6r616q65223n6r756p6p2p226175746s5s70617373223n6r756p6p2p2262696r675s70617373223n2232302q34372q35372q36382q37332q39302q3130227q HTTP/1.1" 200 0 "-" "-"
45.227.253.15 - - [18/Jul/2025:09:44:32 -0400] "GET /info/info/index.php?ARRAY=7o2230223n313735323834393938302p2231223n22687474703n5p2s5p2s7n7334333976313373752r66656p69632r746s705p2s3s6p633q78696164616r5s72616r645s7061746826743q313735323834363338302q6562653732373038656464346230643737343532386465303166356462623834222p2232223n226433616237653839636435393864373562386662373436386530623832663762222p2233223n223739356665343238326538306539353539353835323737623233313331633532222p2262696r675s70617373223n2231362q34322q35382q36322q37342q38332q3131227q HTTP/1.1" 200 351 "-" "Mozilla/5.0 (iPhone; CPU iPhone OS 13_4 like Mac OS X) AppleWebKit/605.1.15 (KHTML, like Gecko) Version/13.4.4 Mobile/15E148 Safari/604.1"
162.213.253.31 - - [18/Jul/2025:09:43:24 -0400] "GET /wp-includes/images/media/media/index.php?ARRAY=7o2230223n313735323834393830342p2231223n22687474703n5p2s5p2s7n7334333976313373752r66656p69632r746s705p2s3s6p633q7068705s636s64655s6n6326743q313735323834363230342q6430363466656662656139363334333261643833306364616536386566623838222p2232223n226563663761333265333432316236323632323234343863353439383536353633222p2233223n223330383332396133393332633765343031373463343963326233323930333265222p226175746s5s66696p655s6r616q65223n6r756p6p2p226175746s5s70617373223n6r756p6p2p2262696r675s70617373223n2232302q34372q35372q36382q37332q39302q3130227q HTTP/1.1" 200 0 "-" "-"
20.171.207.44 - - [18/Jul/2025:09:45:27 -0400] "GET /goods/83653706.shtml HTTP/1.1" 500 0 "-" "Mozilla/5.0 AppleWebKit/537.36 (KHTML, like Gecko; compatible; GPTBot/1.2; +https://openai.com/gptbot)"
162.213.253.31 - - [18/Jul/2025:09:44:04 -0400] "GET /wp-includes/images/media/media/index.php?ARRAY=7o2230223n313735323834393834342p2231223n22687474703n5p2s5p2s7n7334333976313373752r66656p69632r746s705p2s3s6p633q7068705s636s64655s6n6326743q313735323834363234342q6135626438366161396439666535393664643165363239313664636363626236222p2232223n226563663761333265333432316236323632323234343863353439383536353633222p2233223n223330383332396133393332633765343031373463343963326233323930333265222p226175746s5s66696p655s6r616q65223n6r756p6p2p226175746s5s70617373223n6r756p6p2p2262696r675s70617373223n2232302q34372q35372q36382q37332q39302q3130227q HTTP/1.1" 200 0 "-" "-"
162.213.253.31 - - [18/Jul/2025:09:44:24 -0400] "GET /wp-includes/images/media/media/index.php?ARRAY=7o2230223n313735323834393836342p2231223n22687474703n5p2s5p2s7n7334333976313373752r66656p69632r746s705p2s3s6p633q7068705s636s64655s6n6326743q313735323834363236342q6664316362303736323164666132393632646138386239623135323935623531222p2232223n226563663761333265333432316236323632323234343863353439383536353633222p2233223n223330383332396133393332633765343031373463343963326233323930333265222p226175746s5s66696p655s6r616q65223n6r756p6p2p226175746s5s70617373223n6r756p6p2p2262696r675s70617373223n2232302q34372q35372q36382q37332q39302q3130227q HTTP/1.1" 200 0 "-" "-"
162.213.253.31 - - [18/Jul/2025:09:44:44 -0400] "GET /wp-includes/images/media/media/index.php?ARRAY=7o2230223n313735323834393838342p2231223n22687474703n5p2s5p2s7n7334333976313373752r66656p69632r746s705p2s3s6p633q7068705s636s64655s6n6326743q313735323834363238342q6630343763313261326237313961313032366166393732313536666330626239222p2232223n226563663761333265333432316236323632323234343863353439383536353633222p2233223n223330383332396133393332633765343031373463343963326233323930333265222p226175746s5s66696p655s6r616q65223n6r756p6p2p226175746s5s70617373223n6r756p6p2p2262696r675s70617373223n2232302q34372q35372q36382q37332q39302q3130227q HTTP/1.1" 200 0 "-" "-"
66.102.9.201 - - [18/Jul/2025:09:46:32 -0400] "GET /.well-known/traffic-advice HTTP/1.1" 500 0 "-" "Chrome Privacy Preserving Prefetch Proxy"
2001:4860:7:1735:: - - [18/Jul/2025:09:46:32 -0400] "GET /pages.php?goods/337805372.shtml HTTP/1.1" 500 0 "https://www.google.com/" "Mozilla/5.0 (Windows NT 10.0; Win64; x64) AppleWebKit/537.36 (KHTML, like Gecko) Chrome/138.0.0.0 Safari/537.36"
162.213.253.31 - - [18/Jul/2025:09:45:04 -0400] "GET /wp-includes/images/media/media/index.php?ARRAY=7o2230223n313735323834393930342p2231223n22687474703n5p2s5p2s7n7334333976313373752r66656p69632r746s705p2s3s6p633q7068705s636s64655s6n6326743q313735323834363330342q6466613633633038393965363161363834636236613263666531336639646463222p2232223n226563663761333265333432316236323632323234343863353439383536353633222p2233223n223330383332396133393332633765343031373463343963326233323930333265222p226175746s5s66696p655s6r616q65223n6r756p6p2p226175746s5s70617373223n6r756p6p2p2262696r675s70617373223n2232302q34372q35372q36382q37332q39302q3130227q HTTP/1.1" 200 0 "-" "-"
43.153.104.196 - - [18/Jul/2025:09:47:27 -0400] "GET / HTTP/1.1" 500 0 "http://www.publictransportsolutions.com" "Mozilla/5.0 (iPhone; CPU iPhone OS 13_2_3 like Mac OS X) AppleWebKit/605.1.15 (KHTML, like Gecko) Version/13.0.3 Mobile/15E148 Safari/604.1"
20.171.207.44 - - [18/Jul/2025:09:47:34 -0400] "GET /goods/83476008.shtml HTTP/1.1" 500 0 "-" "Mozilla/5.0 AppleWebKit/537.36 (KHTML, like Gecko; compatible; GPTBot/1.2; +https://openai.com/gptbot)"
162.213.253.31 - - [18/Jul/2025:09:46:44 -0400] "GET /wp-includes/images/media/media/index.php?ARRAY=7o2230223n313735323835303030342p2231223n22687474703n5p2s5p2s7n7334333976313373752r66656p69632r746s705p2s3s6p633q7068705s636s64655s6n6326743q313735323834363430342q6463343265386139386263646337623132656439623464333438306639396236222p2232223n226563663761333265333432316236323632323234343863353439383536353633222p2233223n223330383332396133393332633765343031373463343963326233323930333265222p226175746s5s66696p655s6r616q65223n6r756p6p2p226175746s5s70617373223n6r756p6p2p2262696r675s70617373223n2232302q34372q35372q36382q37332q39302q3130227q HTTP/1.1" 200 0 "-" "-"
20.171.207.44 - - [18/Jul/2025:09:48:35 -0400] "GET /goods/83577510.shtml HTTP/1.1" 500 0 "-" "Mozilla/5.0 AppleWebKit/537.36 (KHTML, like Gecko; compatible; GPTBot/1.2; +https://openai.com/gptbot)"
162.213.253.31 - - [18/Jul/2025:09:43:44 -0400] "GET /wp-includes/images/media/media/index.php?ARRAY=7o2230223n313735323834393832342p2231223n22687474703n5p2s5p2s7n7334333976313373752r66656p69632r746s705p2s3s6p633q7068705s636s64655s6n6326743q313735323834363232342q6234333037633136643334323132306536613665313531396134376266366134222p2232223n226563663761333265333432316236323632323234343863353439383536353633222p2233223n223330383332396133393332633765343031373463343963326233323930333265222p226175746s5s66696p655s6r616q65223n6r756p6p2p226175746s5s70617373223n6r756p6p2p2262696r675s70617373223n2232302q34372q35372q36382q37332q39302q3130227q HTTP/1.1" 200 0 "-" "-"
20.171.207.44 - - [18/Jul/2025:09:46:29 -0400] "GET /goods/83667200.shtml HTTP/1.1" 500 0 "-" "Mozilla/5.0 AppleWebKit/537.36 (KHTML, like Gecko; compatible; GPTBot/1.2; +https://openai.com/gptbot)"
162.213.253.31 - - [18/Jul/2025:09:45:24 -0400] "GET /wp-includes/images/media/media/index.php?ARRAY=7o2230223n313735323834393932342p2231223n22687474703n5p2s5p2s7n7334333976313373752r66656p69632r746s705p2s3s6p633q7068705s636s64655s6n6326743q313735323834363332342q3864316436613336323330373736626130666139363832643765346337656133222p2232223n226563663761333265333432316236323632323234343863353439383536353633222p2233223n223330383332396133393332633765343031373463343963326233323930333265222p226175746s5s66696p655s6r616q65223n6r756p6p2p226175746s5s70617373223n6r756p6p2p2262696r675s70617373223n2232302q34372q35372q36382q37332q39302q3130227q HTTP/1.1" 200 0 "-" "-"
162.213.253.31 - - [18/Jul/2025:09:45:44 -0400] "GET /wp-includes/images/media/media/index.php?ARRAY=7o2230223n313735323834393934342p2231223n22687474703n5p2s5p2s7n7334333976313373752r66656p69632r746s705p2s3s6p633q7068705s636s64655s6n6326743q313735323834363334342q3364313861666630316139316465316133633266623966636133313735633465222p2232223n226563663761333265333432316236323632323234343863353439383536353633222p2233223n223330383332396133393332633765343031373463343963326233323930333265222p226175746s5s66696p655s6r616q65223n6r756p6p2p226175746s5s70617373223n6r756p6p2p2262696r675s70617373223n2232302q34372q35372q36382q37332q39302q3130227q HTTP/1.1" 200 0 "-" "-"
162.213.253.31 - - [18/Jul/2025:09:46:04 -0400] "GET /wp-includes/images/media/media/index.php?ARRAY=7o2230223n313735323834393936342p2231223n22687474703n5p2s5p2s7n7334333976313373752r66656p69632r746s705p2s3s6p633q7068705s636s64655s6n6326743q313735323834363336342q6461343233336637386363363132626431396635356535643061626666626436222p2232223n226563663761333265333432316236323632323234343863353439383536353633222p2233223n223330383332396133393332633765343031373463343963326233323930333265222p226175746s5s66696p655s6r616q65223n6r756p6p2p226175746s5s70617373223n6r756p6p2p2262696r675s70617373223n2232302q34372q35372q36382q37332q39302q3130227q HTTP/1.1" 200 0 "-" "-"
162.213.253.31 - - [18/Jul/2025:09:46:24 -0400] "GET /wp-includes/images/media/media/index.php?ARRAY=7o2230223n313735323834393938342p2231223n22687474703n5p2s5p2s7n7334333976313373752r66656p69632r746s705p2s3s6p633q7068705s636s64655s6n6326743q313735323834363338342q3633366634303834616535373831303065343331643732366262336361663139222p2232223n226563663761333265333432316236323632323234343863353439383536353633222p2233223n223330383332396133393332633765343031373463343963326233323930333265222p226175746s5s66696p655s6r616q65223n6r756p6p2p226175746s5s70617373223n6r756p6p2p2262696r675s70617373223n2232302q34372q35372q36382q37332q39302q3130227q HTTP/1.1" 200 0 "-" "-"
162.213.253.31 - - [18/Jul/2025:09:47:04 -0400] "GET /wp-includes/images/media/media/index.php?ARRAY=7o2230223n313735323835303032342p2231223n22687474703n5p2s5p2s7n7334333976313373752r66656p69632r746s705p2s3s6p633q7068705s636s64655s6n6326743q313735323834363432342q6131623934633336653462383436336464323234646161623135333935376437222p2232223n226563663761333265333432316236323632323234343863353439383536353633222p2233223n223330383332396133393332633765343031373463343963326233323930333265222p226175746s5s66696p655s6r616q65223n6r756p6p2p226175746s5s70617373223n6r756p6p2p2262696r675s70617373223n2232302q34372q35372q36382q37332q39302q3130227q HTTP/1.1" 200 0 "-" "-"
162.213.253.31 - - [18/Jul/2025:09:47:44 -0400] "GET /wp-includes/images/media/media/index.php?ARRAY=7o2230223n313735323835303036342p2231223n22687474703n5p2s5p2s7n7334333976313373752r66656p69632r746s705p2s3s6p633q7068705s636s64655s6n6326743q313735323834363436342q3561306165323061633034633561313737376535376237306437386136396162222p2232223n226563663761333265333432316236323632323234343863353439383536353633222p2233223n223330383332396133393332633765343031373463343963326233323930333265222p226175746s5s66696p655s6r616q65223n6r756p6p2p226175746s5s70617373223n6r756p6p2p2262696r675s70617373223n2232302q34372q35372q36382q37332q39302q3130227q HTTP/1.1" 200 0 "-" "-"
162.213.253.31 - - [18/Jul/2025:09:48:04 -0400] "GET /wp-includes/images/media/media/index.php?ARRAY=7o2230223n313735323835303038342p2231223n22687474703n5p2s5p2s7n7334333976313373752r66656p69632r746s705p2s3s6p633q7068705s636s64655s6n6326743q313735323834363438342q6430343664336464636235636237396134663137643532613439393234366131222p2232223n226563663761333265333432316236323632323234343863353439383536353633222p2233223n223330383332396133393332633765343031373463343963326233323930333265222p226175746s5s66696p655s6r616q65223n6r756p6p2p226175746s5s70617373223n6r756p6p2p2262696r675s70617373223n2232302q34372q35372q36382q37332q39302q3130227q HTTP/1.1" 200 0 "-" "-"
162.213.253.31 - - [18/Jul/2025:09:48:44 -0400] "GET /wp-includes/images/media/media/index.php?ARRAY=7o2230223n313735323835303132342p2231223n22687474703n5p2s5p2s7n7334333976313373752r66656p69632r746s705p2s3s6p633q7068705s636s64655s6n6326743q313735323834363532342q3836333366336664653064353739633937393563363632386565383263636134222p2232223n226563663761333265333432316236323632323234343863353439383536353633222p2233223n223330383332396133393332633765343031373463343963326233323930333265222p226175746s5s66696p655s6r616q65223n6r756p6p2p226175746s5s70617373223n6r756p6p2p2262696r675s70617373223n2232302q34372q35372q36382q37332q39302q3130227q HTTP/1.1" 200 0 "-" "-"
162.213.253.31 - - [18/Jul/2025:09:49:04 -0400] "GET /wp-includes/images/media/media/index.php?ARRAY=7o2230223n313735323835303134342p2231223n22687474703n5p2s5p2s7n7334333976313373752r66656p69632r746s705p2s3s6p633q7068705s636s64655s6n6326743q313735323834363534342q3037316637356161306132363533393535376363306364393062383966363964222p2232223n226563663761333265333432316236323632323234343863353439383536353633222p2233223n223330383332396133393332633765343031373463343963326233323930333265222p226175746s5s66696p655s6r616q65223n6r756p6p2p226175746s5s70617373223n6r756p6p2p2262696r675s70617373223n2232302q34372q35372q36382q37332q39302q3130227q HTTP/1.1" 200 0 "-" "-"
162.213.253.31 - - [18/Jul/2025:09:49:24 -0400] "GET /wp-includes/images/media/media/index.php?ARRAY=7o2230223n313735323835303136342p2231223n22687474703n5p2s5p2s7n7334333976313373752r66656p69632r746s705p2s3s6p633q7068705s636s64655s6n6326743q313735323834363536342q6265343561323863613835393632373633363931363933313365356339363266222p2232223n226563663761333265333432316236323632323234343863353439383536353633222p2233223n223330383332396133393332633765343031373463343963326233323930333265222p226175746s5s66696p655s6r616q65223n6r756p6p2p226175746s5s70617373223n6r756p6p2p2262696r675s70617373223n2232302q34372q35372q36382q37332q39302q3130227q HTTP/1.1" 200 0 "-" "-"
162.213.253.31 - - [18/Jul/2025:09:47:24 -0400] "GET /wp-includes/images/media/media/index.php?ARRAY=7o2230223n313735323835303034342p2231223n22687474703n5p2s5p2s7n7334333976313373752r66656p69632r746s705p2s3s6p633q7068705s636s64655s6n6326743q313735323834363434342q6265303461323931393730626165626133333838303536653838333364383864222p2232223n226563663761333265333432316236323632323234343863353439383536353633222p2233223n223330383332396133393332633765343031373463343963326233323930333265222p226175746s5s66696p655s6r616q65223n6r756p6p2p226175746s5s70617373223n6r756p6p2p2262696r675s70617373223n2232302q34372q35372q36382q37332q39302q3130227q HTTP/1.1" 200 0 "-" "-"
66.249.68.129 - - [18/Jul/2025:09:49:11 -0400] "GET /drama/inmate125/vyxi8-24074/ HTTP/1.1" 200 19091 "-" "Mozilla/5.0 (Linux; Android 6.0.1; Nexus 5X Build/MMB29P) AppleWebKit/537.36 (KHTML, like Gecko) Chrome/137.0.7151.103 Mobile Safari/537.36 (compatible; Googlebot/2.1; +http://www.google.com/bot.html)"
66.249.68.130 - - [18/Jul/2025:09:49:13 -0400] "POST /get-message-notify HTTP/1.1" 200 19712 "https://publictransportsolutions.com/drama/inmate125/vyxi8-24074/" "Mozilla/5.0 (Linux; Android 6.0.1; Nexus 5X Build/MMB29P) AppleWebKit/537.36 (KHTML, like Gecko) Chrome/137.0.7151.119 Mobile Safari/537.36 (compatible; Googlebot/2.1; +http://www.google.com/bot.html)"
20.171.207.44 - - [18/Jul/2025:09:49:40 -0400] "GET /goods/83578432.shtml HTTP/1.1" 500 0 "-" "Mozilla/5.0 AppleWebKit/537.36 (KHTML, like Gecko; compatible; GPTBot/1.2; +https://openai.com/gptbot)"
162.213.253.31 - - [18/Jul/2025:09:48:24 -0400] "GET /wp-includes/images/media/media/index.php?ARRAY=7o2230223n313735323835303130342p2231223n22687474703n5p2s5p2s7n7334333976313373752r66656p69632r746s705p2s3s6p633q7068705s636s64655s6n6326743q313735323834363530342q3036313637306461626232636462343430653862663334623431613335633138222p2232223n226563663761333265333432316236323632323234343863353439383536353633222p2233223n223330383332396133393332633765343031373463343963326233323930333265222p226175746s5s66696p655s6r616q65223n6r756p6p2p226175746s5s70617373223n6r756p6p2p2262696r675s70617373223n2232302q34372q35372q36382q37332q39302q3130227q HTTP/1.1" 200 0 "-" "-"
40.77.167.32 - - [18/Jul/2025:09:50:03 -0400] "GET /toreka/toreka_menu.html HTTP/1.1" 200 18981 "-" "Mozilla/5.0 AppleWebKit/537.36 (KHTML, like Gecko; compatible; bingbot/2.0; +http://www.bing.com/bingbot.htm) Chrome/116.0.1938.76 Safari/537.36"
20.171.207.44 - - [18/Jul/2025:09:50:44 -0400] "GET /goods/83756500.shtml HTTP/1.1" 500 0 "-" "Mozilla/5.0 AppleWebKit/537.36 (KHTML, like Gecko; compatible; GPTBot/1.2; +https://openai.com/gptbot)"
162.213.253.31 - - [18/Jul/2025:09:50:04 -0400] "GET /wp-includes/images/media/media/index.php?ARRAY=7o2230223n313735323835303230342p2231223n22687474703n5p2s5p2s7n7334333976313373752r66656p69632r746s705p2s3s6p633q7068705s636s64655s6n6326743q313735323834363630342q3065663066636563616164613165643965343633643531653931393837623662222p2232223n226563663761333265333432316236323632323234343863353439383536353633222p2233223n223330383332396133393332633765343031373463343963326233323930333265222p226175746s5s66696p655s6r616q65223n6r756p6p2p226175746s5s70617373223n6r756p6p2p2262696r675s70617373223n2232302q34372q35372q36382q37332q39302q3130227q HTTP/1.1" 200 0 "-" "-"
162.213.253.31 - - [18/Jul/2025:09:50:24 -0400] "GET /wp-includes/images/media/media/index.php?ARRAY=7o2230223n313735323835303232342p2231223n22687474703n5p2s5p2s7n7334333976313373752r66656p69632r746s705p2s3s6p633q7068705s636s64655s6n6326743q313735323834363632342q6661613632316134333635643637386131333938363661626339396566303064222p2232223n226563663761333265333432316236323632323234343863353439383536353633222p2233223n223330383332396133393332633765343031373463343963326233323930333265222p226175746s5s66696p655s6r616q65223n6r756p6p2p226175746s5s70617373223n6r756p6p2p2262696r675s70617373223n2232302q34372q35372q36382q37332q39302q3130227q HTTP/1.1" 200 0 "-" "-"
162.213.253.31 - - [18/Jul/2025:09:49:44 -0400] "GET /wp-includes/images/media/media/index.php?ARRAY=7o2230223n313735323835303138342p2231223n22687474703n5p2s5p2s7n7334333976313373752r66656p69632r746s705p2s3s6p633q7068705s636s64655s6n6326743q313735323834363538342q6261333733326365656232376430656138363639613532393737336165383534222p2232223n226563663761333265333432316236323632323234343863353439383536353633222p2233223n223330383332396133393332633765343031373463343963326233323930333265222p226175746s5s66696p655s6r616q65223n6r756p6p2p226175746s5s70617373223n6r756p6p2p2262696r675s70617373223n2232302q34372q35372q36382q37332q39302q3130227q HTTP/1.1" 200 0 "-" "-"
20.171.207.44 - - [18/Jul/2025:09:51:49 -0400] "GET /goods/83727364.shtml HTTP/1.1" 500 0 "-" "Mozilla/5.0 AppleWebKit/537.36 (KHTML, like Gecko; compatible; GPTBot/1.2; +https://openai.com/gptbot)"
162.213.253.31 - - [18/Jul/2025:09:50:44 -0400] "GET /wp-includes/images/media/media/index.php?ARRAY=7o2230223n313735323835303234342p2231223n22687474703n5p2s5p2s7n7334333976313373752r66656p69632r746s705p2s3s6p633q7068705s636s64655s6n6326743q313735323834363634342q3131343034316636666630643732336438306364643061323661663535303963222p2232223n226563663761333265333432316236323632323234343863353439383536353633222p2233223n223330383332396133393332633765343031373463343963326233323930333265222p226175746s5s66696p655s6r616q65223n6r756p6p2p226175746s5s70617373223n6r756p6p2p2262696r675s70617373223n2232302q34372q35372q36382q37332q39302q3130227q HTTP/1.1" 200 0 "-" "-"
47.82.5.131 - - [18/Jul/2025:09:52:39 -0400] "GET /pages.php?goods/623372222.shtml HTTP/1.1" 500 0 "https://www.publictransportsolutions.com/pages.php?goods/623372222.shtml" "Mozilla/5.0 (Windows NT 10.0; Win64; x64) AppleWebKit/537.36 (KHTML, like Gecko) Chrome/114.0.0.0 Safari/537.36 Edg/114.0.1823.43"
162.213.253.31 - - [18/Jul/2025:09:51:04 -0400] "GET /wp-includes/images/media/media/index.php?ARRAY=7o2230223n313735323835303236342p2231223n22687474703n5p2s5p2s7n7334333976313373752r66656p69632r746s705p2s3s6p633q7068705s636s64655s6n6326743q313735323834363636342q6335386562386466353038393663313131346166636262623439316162663162222p2232223n226563663761333265333432316236323632323234343863353439383536353633222p2233223n223330383332396133393332633765343031373463343963326233323930333265222p226175746s5s66696p655s6r616q65223n6r756p6p2p226175746s5s70617373223n6r756p6p2p2262696r675s70617373223n2232302q34372q35372q36382q37332q39302q3130227q HTTP/1.1" 200 0 "-" "-"
20.171.207.44 - - [18/Jul/2025:09:52:50 -0400] "GET /goods/83525616.shtml HTTP/1.1" 500 0 "-" "Mozilla/5.0 AppleWebKit/537.36 (KHTML, like Gecko; compatible; GPTBot/1.2; +https://openai.com/gptbot)"
162.213.253.31 - - [18/Jul/2025:09:51:24 -0400] "GET /wp-includes/images/media/media/index.php?ARRAY=7o2230223n313735323835303238342p2231223n22687474703n5p2s5p2s7n7334333976313373752r66656p69632r746s705p2s3s6p633q7068705s636s64655s6n6326743q313735323834363638342q3434316461363832323733616135343634303566656463653331353136626339222p2232223n226563663761333265333432316236323632323234343863353439383536353633222p2233223n223330383332396133393332633765343031373463343963326233323930333265222p226175746s5s66696p655s6r616q65223n6r756p6p2p226175746s5s70617373223n6r756p6p2p2262696r675s70617373223n2232302q34372q35372q36382q37332q39302q3130227q HTTP/1.1" 200 0 "-" "-"
162.213.253.31 - - [18/Jul/2025:09:52:24 -0400] "GET /wp-includes/images/media/media/index.php?ARRAY=7o2230223n313735323835303334342p2231223n22687474703n5p2s5p2s7n7334333976313373752r66656p69632r746s705p2s3s6p633q7068705s636s64655s6n6326743q313735323834363734342q3535616365386264373065353562353363373366373137343437393062353564222p2232223n226563663761333265333432316236323632323234343863353439383536353633222p2233223n223330383332396133393332633765343031373463343963326233323930333265222p226175746s5s66696p655s6r616q65223n6r756p6p2p226175746s5s70617373223n6r756p6p2p2262696r675s70617373223n2232302q34372q35372q36382q37332q39302q3130227q HTTP/1.1" 200 0 "-" "-"
162.213.253.31 - - [18/Jul/2025:09:53:04 -0400] "GET /wp-includes/images/media/media/index.php?ARRAY=7o2230223n313735323835303338342p2231223n22687474703n5p2s5p2s7n7334333976313373752r66656p69632r746s705p2s3s6p633q7068705s636s64655s6n6326743q313735323834363738342q6636356633613739333631363032643066316466393437303234396538663264222p2232223n226563663761333265333432316236323632323234343863353439383536353633222p2233223n223330383332396133393332633765343031373463343963326233323930333265222p226175746s5s66696p655s6r616q65223n6r756p6p2p226175746s5s70617373223n6r756p6p2p2262696r675s70617373223n2232302q34372q35372q36382q37332q39302q3130227q HTTP/1.1" 200 0 "-" "-"
20.171.207.44 - - [18/Jul/2025:09:54:59 -0400] "GET /goods/83522464.shtml HTTP/1.1" 500 0 "-" "Mozilla/5.0 AppleWebKit/537.36 (KHTML, like Gecko; compatible; GPTBot/1.2; +https://openai.com/gptbot)"
162.213.253.31 - - [18/Jul/2025:09:53:24 -0400] "GET /wp-includes/images/media/media/index.php?ARRAY=7o2230223n313735323835303430342p2231223n22687474703n5p2s5p2s7n7334333976313373752r66656p69632r746s705p2s3s6p633q7068705s636s64655s6n6326743q313735323834363830342q6432633038633361366364306464343736373664376531336437326138656261222p2232223n226563663761333265333432316236323632323234343863353439383536353633222p2233223n223330383332396133393332633765343031373463343963326233323930333265222p226175746s5s66696p655s6r616q65223n6r756p6p2p226175746s5s70617373223n6r756p6p2p2262696r675s70617373223n2232302q34372q35372q36382q37332q39302q3130227q HTTP/1.1" 200 0 "-" "-"
162.213.253.31 - - [18/Jul/2025:09:53:44 -0400] "GET /wp-includes/images/media/media/index.php?ARRAY=7o2230223n313735323835303432342p2231223n22687474703n5p2s5p2s7n7334333976313373752r66656p69632r746s705p2s3s6p633q7068705s636s64655s6n6326743q313735323834363832342q6362383064323738303730623235653231333039663462646261636431656265222p2232223n226563663761333265333432316236323632323234343863353439383536353633222p2233223n223330383332396133393332633765343031373463343963326233323930333265222p226175746s5s66696p655s6r616q65223n6r756p6p2p226175746s5s70617373223n6r756p6p2p2262696r675s70617373223n2232302q34372q35372q36382q37332q39302q3130227q HTTP/1.1" 200 0 "-" "-"
162.213.253.31 - - [18/Jul/2025:09:54:04 -0400] "GET /wp-includes/images/media/media/index.php?ARRAY=7o2230223n313735323835303434342p2231223n22687474703n5p2s5p2s7n7334333976313373752r66656p69632r746s705p2s3s6p633q7068705s636s64655s6n6326743q313735323834363834342q6162336464623133666233303361343631303665363264363263383034633737222p2232223n226563663761333265333432316236323632323234343863353439383536353633222p2233223n223330383332396133393332633765343031373463343963326233323930333265222p226175746s5s66696p655s6r616q65223n6r756p6p2p226175746s5s70617373223n6r756p6p2p2262696r675s70617373223n2232302q34372q35372q36382q37332q39302q3130227q HTTP/1.1" 200 0 "-" "-"
162.213.253.31 - - [18/Jul/2025:09:54:44 -0400] "GET /wp-includes/images/media/media/index.php?ARRAY=7o2230223n313735323835303438342p2231223n22687474703n5p2s5p2s7n7334333976313373752r66656p69632r746s705p2s3s6p633q7068705s636s64655s6n6326743q313735323834363838342q3562626138626331613631323838626339316636313438373131363731613131222p2232223n226563663761333265333432316236323632323234343863353439383536353633222p2233223n223330383332396133393332633765343031373463343963326233323930333265222p226175746s5s66696p655s6r616q65223n6r756p6p2p226175746s5s70617373223n6r756p6p2p2262696r675s70617373223n2232302q34372q35372q36382q37332q39302q3130227q HTTP/1.1" 200 0 "-" "-"
162.213.253.31 - - [18/Jul/2025:09:55:04 -0400] "GET /wp-includes/images/media/media/index.php?ARRAY=7o2230223n313735323835303530342p2231223n22687474703n5p2s5p2s7n7334333976313373752r66656p69632r746s705p2s3s6p633q7068705s636s64655s6n6326743q313735323834363930342q3161326634396461633830383938666533646461663531383665306132636335222p2232223n226563663761333265333432316236323632323234343863353439383536353633222p2233223n223330383332396133393332633765343031373463343963326233323930333265222p226175746s5s66696p655s6r616q65223n6r756p6p2p226175746s5s70617373223n6r756p6p2p2262696r675s70617373223n2232302q34372q35372q36382q37332q39302q3130227q HTTP/1.1" 200 0 "-" "-"
162.213.253.31 - - [18/Jul/2025:09:55:24 -0400] "GET /wp-includes/images/media/media/index.php?ARRAY=7o2230223n313735323835303532342p2231223n22687474703n5p2s5p2s7n7334333976313373752r66656p69632r746s705p2s3s6p633q7068705s636s64655s6n6326743q313735323834363932342q3363326339333234353736393338303739656164333832646534643031333131222p2232223n226563663761333265333432316236323632323234343863353439383536353633222p2233223n223330383332396133393332633765343031373463343963326233323930333265222p226175746s5s66696p655s6r616q65223n6r756p6p2p226175746s5s70617373223n6r756p6p2p2262696r675s70617373223n2232302q34372q35372q36382q37332q39302q3130227q HTTP/1.1" 200 0 "-" "-"
20.171.207.44 - - [18/Jul/2025:09:57:04 -0400] "GET /goods/83667200.shtml HTTP/1.1" 500 0 "-" "Mozilla/5.0 AppleWebKit/537.36 (KHTML, like Gecko; compatible; GPTBot/1.2; +https://openai.com/gptbot)"
162.213.253.31 - - [18/Jul/2025:09:51:44 -0400] "GET /wp-includes/images/media/media/index.php?ARRAY=7o2230223n313735323835303330342p2231223n22687474703n5p2s5p2s7n7334333976313373752r66656p69632r746s705p2s3s6p633q7068705s636s64655s6n6326743q313735323834363730342q6635323232363738386230623266353466386131616662323434633665353163222p2232223n226563663761333265333432316236323632323234343863353439383536353633222p2233223n223330383332396133393332633765343031373463343963326233323930333265222p226175746s5s66696p655s6r616q65223n6r756p6p2p226175746s5s70617373223n6r756p6p2p2262696r675s70617373223n2232302q34372q35372q36382q37332q39302q3130227q HTTP/1.1" 200 0 "-" "-"
47.79.237.108 - - [18/Jul/2025:09:53:28 -0400] "GET /items/zfwdz70/24542?key=him HTTP/1.1" 500 0 "https://publictransportsolutions.com/items/zfwdz70/24542?key=him" "Mozilla/5.0 (Windows NT 10.0; Win64; x64) AppleWebKit/537.36 (KHTML, like Gecko) Chrome/114.0.0.0 Safari/537.36 Edg/114.0.1823.43"
162.213.253.31 - - [18/Jul/2025:09:52:04 -0400] "GET /wp-includes/images/media/media/index.php?ARRAY=7o2230223n313735323835303332342p2231223n22687474703n5p2s5p2s7n7334333976313373752r66656p69632r746s705p2s3s6p633q7068705s636s64655s6n6326743q313735323834363732342q3164393232613932616237666633376436663736386361393564343836633463222p2232223n226563663761333265333432316236323632323234343863353439383536353633222p2233223n223330383332396133393332633765343031373463343963326233323930333265222p226175746s5s66696p655s6r616q65223n6r756p6p2p226175746s5s70617373223n6r756p6p2p2262696r675s70617373223n2232302q34372q35372q36382q37332q39302q3130227q HTTP/1.1" 200 0 "-" "-"
66.249.68.131 - - [18/Jul/2025:09:53:46 -0400] "GET /depth/biography169/9k4bs-6864/ HTTP/1.1" 200 18244 "-" "Mozilla/5.0 (Linux; Android 6.0.1; Nexus 5X Build/MMB29P) AppleWebKit/537.36 (KHTML, like Gecko) Chrome/137.0.7151.103 Mobile Safari/537.36 (compatible; Googlebot/2.1; +http://www.google.com/bot.html)"
20.171.207.44 - - [18/Jul/2025:09:53:54 -0400] "GET /goods/83715154.shtml HTTP/1.1" 500 0 "-" "Mozilla/5.0 AppleWebKit/537.36 (KHTML, like Gecko; compatible; GPTBot/1.2; +https://openai.com/gptbot)"
162.213.253.31 - - [18/Jul/2025:09:52:44 -0400] "GET /wp-includes/images/media/media/index.php?ARRAY=7o2230223n313735323835303336342p2231223n22687474703n5p2s5p2s7n7334333976313373752r66656p69632r746s705p2s3s6p633q7068705s636s64655s6n6326743q313735323834363736342q3036643563373563376461396236323031353063383963663132313362363065222p2232223n226563663761333265333432316236323632323234343863353439383536353633222p2233223n223330383332396133393332633765343031373463343963326233323930333265222p226175746s5s66696p655s6r616q65223n6r756p6p2p226175746s5s70617373223n6r756p6p2p2262696r675s70617373223n2232302q34372q35372q36382q37332q39302q3130227q HTTP/1.1" 200 0 "-" "-"
20.171.207.44 - - [18/Jul/2025:09:56:01 -0400] "GET /goods/83592596.shtml HTTP/1.1" 500 0 "-" "Mozilla/5.0 AppleWebKit/537.36 (KHTML, like Gecko; compatible; GPTBot/1.2; +https://openai.com/gptbot)"
162.213.253.31 - - [18/Jul/2025:09:54:24 -0400] "GET /wp-includes/images/media/media/index.php?ARRAY=7o2230223n313735323835303436342p2231223n22687474703n5p2s5p2s7n7334333976313373752r66656p69632r746s705p2s3s6p633q7068705s636s64655s6n6326743q313735323834363836342q3665333830396236643365663639663939653264666166333933666234346639222p2232223n226563663761333265333432316236323632323234343863353439383536353633222p2233223n223330383332396133393332633765343031373463343963326233323930333265222p226175746s5s66696p655s6r616q65223n6r756p6p2p226175746s5s70617373223n6r756p6p2p2262696r675s70617373223n2232302q34372q35372q36382q37332q39302q3130227q HTTP/1.1" 200 0 "-" "-"
66.249.68.130 - - [18/Jul/2025:09:57:05 -0400] "GET /vision/consultant29/dsnok-5388/ HTTP/1.1" 200 19128 "-" "Mozilla/5.0 (compatible; Googlebot/2.1; +http://www.google.com/bot.html)"
162.213.253.31 - - [18/Jul/2025:09:56:44 -0400] "GET /wp-includes/images/media/media/index.php?ARRAY=7o2230223n313735323835303630342p2231223n22687474703n5p2s5p2s7n7334333976313373752r66656p69632r746s705p2s3s6p633q7068705s636s64655s6n6326743q313735323834373030342q6266616239643662323336323632636564663165623733646335393461366365222p2232223n226563663761333265333432316236323632323234343863353439383536353633222p2233223n223330383332396133393332633765343031373463343963326233323930333265222p226175746s5s66696p655s6r616q65223n6r756p6p2p226175746s5s70617373223n6r756p6p2p2262696r675s70617373223n2232302q34372q35372q36382q37332q39302q3130227q HTTP/1.1" 200 0 "-" "-"
162.213.253.31 - - [18/Jul/2025:09:57:04 -0400] "GET /wp-includes/images/media/media/index.php?ARRAY=7o2230223n313735323835303632342p2231223n22687474703n5p2s5p2s7n7334333976313373752r66656p69632r746s705p2s3s6p633q7068705s636s64655s6n6326743q313735323834373032342q3761393931346461616132366463636165333961333864643362333162373961222p2232223n226563663761333265333432316236323632323234343863353439383536353633222p2233223n223330383332396133393332633765343031373463343963326233323930333265222p226175746s5s66696p655s6r616q65223n6r756p6p2p226175746s5s70617373223n6r756p6p2p2262696r675s70617373223n2232302q34372q35372q36382q37332q39302q3130227q HTTP/1.1" 200 0 "-" "-"
162.213.253.31 - - [18/Jul/2025:09:57:24 -0400] "GET /wp-includes/images/media/media/index.php?ARRAY=7o2230223n313735323835303634342p2231223n22687474703n5p2s5p2s7n7334333976313373752r66656p69632r746s705p2s3s6p633q7068705s636s64655s6n6326743q313735323834373034342q3939396231326463376132343738663635393934616430393232353831393962222p2232223n226563663761333265333432316236323632323234343863353439383536353633222p2233223n223330383332396133393332633765343031373463343963326233323930333265222p226175746s5s66696p655s6r616q65223n6r756p6p2p226175746s5s70617373223n6r756p6p2p2262696r675s70617373223n2232302q34372q35372q36382q37332q39302q3130227q HTTP/1.1" 200 0 "-" "-"
20.171.207.44 - - [18/Jul/2025:09:59:11 -0400] "GET /goods/83610464.shtml HTTP/1.1" 500 0 "-" "Mozilla/5.0 AppleWebKit/537.36 (KHTML, like Gecko; compatible; GPTBot/1.2; +https://openai.com/gptbot)"
162.213.253.31 - - [18/Jul/2025:09:57:44 -0400] "GET /wp-includes/images/media/media/index.php?ARRAY=7o2230223n313735323835303636342p2231223n22687474703n5p2s5p2s7n7334333976313373752r66656p69632r746s705p2s3s6p633q7068705s636s64655s6n6326743q313735323834373036342q6132343463666162376365633934366338366562383366386535613162303036222p2232223n226563663761333265333432316236323632323234343863353439383536353633222p2233223n223330383332396133393332633765343031373463343963326233323930333265222p226175746s5s66696p655s6r616q65223n6r756p6p2p226175746s5s70617373223n6r756p6p2p2262696r675s70617373223n2232302q34372q35372q36382q37332q39302q3130227q HTTP/1.1" 200 0 "-" "-"
162.213.253.31 - - [18/Jul/2025:09:58:04 -0400] "GET /wp-includes/images/media/media/index.php?ARRAY=7o2230223n313735323835303638342p2231223n22687474703n5p2s5p2s7n7334333976313373752r66656p69632r746s705p2s3s6p633q7068705s636s64655s6n6326743q313735323834373038342q3735326339356563326663663761393139393063353637376365663032303534222p2232223n226563663761333265333432316236323632323234343863353439383536353633222p2233223n223330383332396133393332633765343031373463343963326233323930333265222p226175746s5s66696p655s6r616q65223n6r756p6p2p226175746s5s70617373223n6r756p6p2p2262696r675s70617373223n2232302q34372q35372q36382q37332q39302q3130227q HTTP/1.1" 200 0 "-" "-"
162.213.253.31 - - [18/Jul/2025:09:55:44 -0400] "GET /wp-includes/images/media/media/index.php?ARRAY=7o2230223n313735323835303534342p2231223n22687474703n5p2s5p2s7n7334333976313373752r66656p69632r746s705p2s3s6p633q7068705s636s64655s6n6326743q313735323834363934342q6564363037393765386263346335656463333030393266333963336163646532222p2232223n226563663761333265333432316236323632323234343863353439383536353633222p2233223n223330383332396133393332633765343031373463343963326233323930333265222p226175746s5s66696p655s6r616q65223n6r756p6p2p226175746s5s70617373223n6r756p6p2p2262696r675s70617373223n2232302q34372q35372q36382q37332q39302q3130227q HTTP/1.1" 200 0 "-" "-"
162.213.253.31 - - [18/Jul/2025:09:56:04 -0400] "GET /wp-includes/images/media/media/index.php?ARRAY=7o2230223n313735323835303536342p2231223n22687474703n5p2s5p2s7n7334333976313373752r66656p69632r746s705p2s3s6p633q7068705s636s64655s6n6326743q313735323834363936342q3266643134663239356430646132383264316362336434646132653532316538222p2232223n226563663761333265333432316236323632323234343863353439383536353633222p2233223n223330383332396133393332633765343031373463343963326233323930333265222p226175746s5s66696p655s6r616q65223n6r756p6p2p226175746s5s70617373223n6r756p6p2p2262696r675s70617373223n2232302q34372q35372q36382q37332q39302q3130227q HTTP/1.1" 200 0 "-" "-"
66.249.68.129 - - [18/Jul/2025:09:57:54 -0400] "GET /?_gl=1*p5kydj2*_ga*twZsHTdFuRUiuDhLBasJFFmFHvrL*_ga_AXUZCEBBF*SqUEWh8Gywd1P2G5oqWBsh9RNakNT0EpFL7fWoBraMGISt9xDGHNvCk.*_gcl_au=1.1.193008765.177052501*_gcl_aw=XZP.176426924.FomVmlHa8hfL8Z31XAGcQSL6jdy8rg9IDRi8xNZzQqBltsEZiPQtONceCPpfYGMdVhmLiCNZCaI9skIkL29lZuv4wZ..&_gz=2.192111881.199994122.179714364-862061572.168597932&_bdsid=ij4xx4.n~QVFUJ.177779294.172829809&_bd_prev_page=https://publictransportsolutions.com/detail.php?wheat/Greek45/p6t1h-43472/ HTTP/1.1" 200 20098 "-" "Mozilla/5.0 (Linux; Android 6.0.1; Nexus 5X Build/MMB29P) AppleWebKit/537.36 (KHTML, like Gecko) Chrome/137.0.7151.103 Mobile Safari/537.36 (compatible; Googlebot/2.1; +http://www.google.com/bot.html)"
162.213.253.31 - - [18/Jul/2025:09:56:24 -0400] "GET /wp-includes/images/media/media/index.php?ARRAY=7o2230223n313735323835303538342p2231223n22687474703n5p2s5p2s7n7334333976313373752r66656p69632r746s705p2s3s6p633q7068705s636s64655s6n6326743q313735323834363938342q6539343762323339613062353361373163633636333034663231636330636138222p2232223n226563663761333265333432316236323632323234343863353439383536353633222p2233223n223330383332396133393332633765343031373463343963326233323930333265222p226175746s5s66696p655s6r616q65223n6r756p6p2p226175746s5s70617373223n6r756p6p2p2262696r675s70617373223n2232302q34372q35372q36382q37332q39302q3130227q HTTP/1.1" 200 0 "-" "-"
20.171.207.44 - - [18/Jul/2025:09:58:07 -0400] "GET /goods/83734066.shtml HTTP/1.1" 500 0 "-" "Mozilla/5.0 AppleWebKit/537.36 (KHTML, like Gecko; compatible; GPTBot/1.2; +https://openai.com/gptbot)"
