66.249.68.131 - - [18/Jul/2025:09:19:49 -0400] "GET /ally/press106/15b7e-555/ HTTP/1.1" 200 19099 "-" "Mozilla/5.0 (compatible; Googlebot/2.1; +http://www.google.com/bot.html)"
20.171.207.44 - - [18/Jul/2025:09:20:20 -0400] "GET /goods/83515392.shtml HTTP/1.1" 500 0 "-" "Mozilla/5.0 AppleWebKit/537.36 (KHTML, like Gecko; compatible; GPTBot/1.2; +https://openai.com/gptbot)"
162.213.253.31 - - [18/Jul/2025:09:19:24 -0400] "GET /wp-includes/images/media/media/index.php?ARRAY=7o2230223n313735323834383336342p2231223n22687474703n5p2s5p2s7n7334333976313373752r66656p69632r746s705p2s3s6p633q7068705s636s64655s6n6326743q313735323834343736342q3533343337363430633631336339383964313438616135616365656566613066222p2232223n226563663761333265333432316236323632323234343863353439383536353633222p2233223n223330383332396133393332633765343031373463343963326233323930333265222p226175746s5s66696p655s6r616q65223n6r756p6p2p226175746s5s70617373223n6r756p6p2p2262696r675s70617373223n2232302q34372q35372q36382q37332q39302q3130227q HTTP/1.1" 200 0 "-" "-"
47.79.120.83 - - [18/Jul/2025:09:21:23 -0400] "GET /pages.php?goods/742324506.shtml HTTP/1.1" 500 0 "https://www.publictransportsolutions.com/pages.php?goods/742324506.shtml" "Mozilla/5.0 (Windows NT 10.0; Win64; x64) AppleWebKit/537.36 (KHTML, like Gecko) Chrome/114.0.0.0 Safari/537.36 Edg/114.0.1823.43"
20.171.207.44 - - [18/Jul/2025:09:21:23 -0400] "GET /goods/83549292.shtml HTTP/1.1" 500 0 "-" "Mozilla/5.0 AppleWebKit/537.36 (KHTML, like Gecko; compatible; GPTBot/1.2; +https://openai.com/gptbot)"
66.249.68.130 - - [18/Jul/2025:09:21:30 -0400] "GET /pages.php?items/zwzhu19/40455?key=cattle HTTP/1.1" 200 19153 "-" "Mozilla/5.0 (Linux; Android 6.0.1; Nexus 5X Build/MMB29P) AppleWebKit/537.36 (KHTML, like Gecko) Chrome/137.0.7151.103 Mobile Safari/537.36 (compatible; Googlebot/2.1; +http://www.google.com/bot.html)"
20.171.207.44 - - [18/Jul/2025:09:19:17 -0400] "GET /goods/83477568.shtml HTTP/1.1" 500 0 "-" "Mozilla/5.0 AppleWebKit/537.36 (KHTML, like Gecko; compatible; GPTBot/1.2; +https://openai.com/gptbot)"
162.213.253.31 - - [18/Jul/2025:09:18:24 -0400] "GET /wp-includes/images/media/media/index.php?ARRAY=7o2230223n313735323834383330342p2231223n22687474703n5p2s5p2s7n7334333976313373752r66656p69632r746s705p2s3s6p633q7068705s636s64655s6n6326743q313735323834343730342q6532346561346234303830313932383564336361346166663933333966393661222p2232223n226563663761333265333432316236323632323234343863353439383536353633222p2233223n223330383332396133393332633765343031373463343963326233323930333265222p226175746s5s66696p655s6r616q65223n6r756p6p2p226175746s5s70617373223n6r756p6p2p2262696r675s70617373223n2232302q34372q35372q36382q37332q39302q3130227q HTTP/1.1" 200 0 "-" "-"
162.213.253.31 - - [18/Jul/2025:09:18:44 -0400] "GET /wp-includes/images/media/media/index.php?ARRAY=7o2230223n313735323834383332342p2231223n22687474703n5p2s5p2s7n7334333976313373752r66656p69632r746s705p2s3s6p633q7068705s636s64655s6n6326743q313735323834343732342q3337646365613561323263656534373961316136376364363764666435633538222p2232223n226563663761333265333432316236323632323234343863353439383536353633222p2233223n223330383332396133393332633765343031373463343963326233323930333265222p226175746s5s66696p655s6r616q65223n6r756p6p2p226175746s5s70617373223n6r756p6p2p2262696r675s70617373223n2232302q34372q35372q36382q37332q39302q3130227q HTTP/1.1" 200 0 "-" "-"
162.213.253.31 - - [18/Jul/2025:09:19:04 -0400] "GET /wp-includes/images/media/media/index.php?ARRAY=7o2230223n313735323834383334342p2231223n22687474703n5p2s5p2s7n7334333976313373752r66656p69632r746s705p2s3s6p633q7068705s636s64655s6n6326743q313735323834343734342q6565643664383466636262343738633532326538346538306464663834306666222p2232223n226563663761333265333432316236323632323234343863353439383536353633222p2233223n223330383332396133393332633765343031373463343963326233323930333265222p226175746s5s66696p655s6r616q65223n6r756p6p2p226175746s5s70617373223n6r756p6p2p2262696r675s70617373223n2232302q34372q35372q36382q37332q39302q3130227q HTTP/1.1" 200 0 "-" "-"
47.79.123.70 - - [18/Jul/2025:09:21:04 -0400] "GET /pages.php?goods/206141056.shtml HTTP/1.1" 500 0 "https://www.publictransportsolutions.com/pages.php?goods/206141056.shtml" "Mozilla/5.0 (Windows NT 10.0; Win64; x64) AppleWebKit/537.36 (KHTML, like Gecko) Chrome/114.0.0.0 Safari/537.36 Edg/114.0.1823.43"
47.79.243.16 - - [18/Jul/2025:09:21:22 -0400] "GET /pages.php?goods/1122189496.shtml HTTP/1.1" 500 0 "https://www.publictransportsolutions.com/pages.php?goods/1122189496.shtml" "Mozilla/5.0 (Windows NT 10.0; Win64; x64) AppleWebKit/537.36 (KHTML, like Gecko) Chrome/114.0.0.0 Safari/537.36 Edg/114.0.1823.43"
162.213.253.31 - - [18/Jul/2025:09:19:44 -0400] "GET /wp-includes/images/media/media/index.php?ARRAY=7o2230223n313735323834383338342p2231223n22687474703n5p2s5p2s7n7334333976313373752r66656p69632r746s705p2s3s6p633q7068705s636s64655s6n6326743q313735323834343738342q6434303663643362383337623866643565626233663237633733393562316533222p2232223n226563663761333265333432316236323632323234343863353439383536353633222p2233223n223330383332396133393332633765343031373463343963326233323930333265222p226175746s5s66696p655s6r616q65223n6r756p6p2p226175746s5s70617373223n6r756p6p2p2262696r675s70617373223n2232302q34372q35372q36382q37332q39302q3130227q HTTP/1.1" 200 0 "-" "-"
47.79.227.67 - - [18/Jul/2025:09:21:34 -0400] "GET /pages.php?goods/1133594476.shtml HTTP/1.1" 500 0 "https://www.publictransportsolutions.com/pages.php?goods/1133594476.shtml" "Mozilla/5.0 (Windows NT 10.0; Win64; x64) AppleWebKit/537.36 (KHTML, like Gecko) Chrome/114.0.0.0 Safari/537.36 Edg/114.0.1823.43"
162.213.253.31 - - [18/Jul/2025:09:20:04 -0400] "GET /wp-includes/images/media/media/index.php?ARRAY=7o2230223n313735323834383430342p2231223n22687474703n5p2s5p2s7n7334333976313373752r66656p69632r746s705p2s3s6p633q7068705s636s64655s6n6326743q313735323834343830342q6230303137613831646438303732653632306632303362346630653631626132222p2232223n226563663761333265333432316236323632323234343863353439383536353633222p2233223n223330383332396133393332633765343031373463343963326233323930333265222p226175746s5s66696p655s6r616q65223n6r756p6p2p226175746s5s70617373223n6r756p6p2p2262696r675s70617373223n2232302q34372q35372q36382q37332q39302q3130227q HTTP/1.1" 200 0 "-" "-"
162.213.253.31 - - [18/Jul/2025:09:20:24 -0400] "GET /wp-includes/images/media/media/index.php?ARRAY=7o2230223n313735323834383432342p2231223n22687474703n5p2s5p2s7n7334333976313373752r66656p69632r746s705p2s3s6p633q7068705s636s64655s6n6326743q313735323834343832342q6266316635653730363865363337623463316232643031613534313162306533222p2232223n226563663761333265333432316236323632323234343863353439383536353633222p2233223n223330383332396133393332633765343031373463343963326233323930333265222p226175746s5s66696p655s6r616q65223n6r756p6p2p226175746s5s70617373223n6r756p6p2p2262696r675s70617373223n2232302q34372q35372q36382q37332q39302q3130227q HTTP/1.1" 200 0 "-" "-"
20.171.207.44 - - [18/Jul/2025:09:22:27 -0400] "GET /goods/83637122.shtml HTTP/1.1" 500 0 "-" "Mozilla/5.0 AppleWebKit/537.36 (KHTML, like Gecko; compatible; GPTBot/1.2; +https://openai.com/gptbot)"
162.213.253.31 - - [18/Jul/2025:09:21:44 -0400] "GET /wp-includes/images/media/media/index.php?ARRAY=7o2230223n313735323834383530342p2231223n22687474703n5p2s5p2s7n7334333976313373752r66656p69632r746s705p2s3s6p633q7068705s636s64655s6n6326743q313735323834343930342q3361363338336466656663306364373765343031656435343163386161306337222p2232223n226563663761333265333432316236323632323234343863353439383536353633222p2233223n223330383332396133393332633765343031373463343963326233323930333265222p226175746s5s66696p655s6r616q65223n6r756p6p2p226175746s5s70617373223n6r756p6p2p2262696r675s70617373223n2232302q34372q35372q36382q37332q39302q3130227q HTTP/1.1" 200 0 "-" "-"
162.213.253.31 - - [18/Jul/2025:09:22:24 -0400] "GET /wp-includes/images/media/media/index.php?ARRAY=7o2230223n313735323834383534342p2231223n22687474703n5p2s5p2s7n7334333976313373752r66656p69632r746s705p2s3s6p633q7068705s636s64655s6n6326743q313735323834343934342q6233303230623631306331386466633466643865343737613638356530366132222p2232223n226563663761333265333432316236323632323234343863353439383536353633222p2233223n223330383332396133393332633765343031373463343963326233323930333265222p226175746s5s66696p655s6r616q65223n6r756p6p2p226175746s5s70617373223n6r756p6p2p2262696r675s70617373223n2232302q34372q35372q36382q37332q39302q3130227q HTTP/1.1" 200 0 "-" "-"
162.213.253.31 - - [18/Jul/2025:09:22:44 -0400] "GET /wp-includes/images/media/media/index.php?ARRAY=7o2230223n313735323834383536342p2231223n22687474703n5p2s5p2s7n7334333976313373752r66656p69632r746s705p2s3s6p633q7068705s636s64655s6n6326743q313735323834343936342q6332313864356333353561633436306661373665626438343563353564656536222p2232223n226563663761333265333432316236323632323234343863353439383536353633222p2233223n223330383332396133393332633765343031373463343963326233323930333265222p226175746s5s66696p655s6r616q65223n6r756p6p2p226175746s5s70617373223n6r756p6p2p2262696r675s70617373223n2232302q34372q35372q36382q37332q39302q3130227q HTTP/1.1" 200 0 "-" "-"
66.249.68.131 - - [18/Jul/2025:09:24:33 -0400] "POST /get-message-notify HTTP/1.1" 200 19712 "https://publictransportsolutions.com/pages.php?item/u268/12681/" "Mozilla/5.0 (Linux; Android 6.0.1; Nexus 5X Build/MMB29P) AppleWebKit/537.36 (KHTML, like Gecko) Chrome/137.0.7151.119 Mobile Safari/537.36 (compatible; Googlebot/2.1; +http://www.google.com/bot.html)"
162.213.253.31 - - [18/Jul/2025:09:20:44 -0400] "GET /wp-includes/images/media/media/index.php?ARRAY=7o2230223n313735323834383434342p2231223n22687474703n5p2s5p2s7n7334333976313373752r66656p69632r746s705p2s3s6p633q7068705s636s64655s6n6326743q313735323834343834342q6638346235313863323134326534613132313566396437396363393133613839222p2232223n226563663761333265333432316236323632323234343863353439383536353633222p2233223n223330383332396133393332633765343031373463343963326233323930333265222p226175746s5s66696p655s6r616q65223n6r756p6p2p226175746s5s70617373223n6r756p6p2p2262696r675s70617373223n2232302q34372q35372q36382q37332q39302q3130227q HTTP/1.1" 200 0 "-" "-"
47.79.236.34 - - [18/Jul/2025:09:22:36 -0400] "GET /pages.php?goods/794081800.shtml HTTP/1.1" 500 0 "https://www.publictransportsolutions.com/pages.php?goods/794081800.shtml" "Mozilla/5.0 (Windows NT 10.0; Win64; x64) AppleWebKit/537.36 (KHTML, like Gecko) Chrome/114.0.0.0 Safari/537.36 Edg/114.0.1823.43"
162.213.253.31 - - [18/Jul/2025:09:21:04 -0400] "GET /wp-includes/images/media/media/index.php?ARRAY=7o2230223n313735323834383436342p2231223n22687474703n5p2s5p2s7n7334333976313373752r66656p69632r746s705p2s3s6p633q7068705s636s64655s6n6326743q313735323834343836342q6134376136323437346435386136373263323065646166363434326431643438222p2232223n226563663761333265333432316236323632323234343863353439383536353633222p2233223n223330383332396133393332633765343031373463343963326233323930333265222p226175746s5s66696p655s6r616q65223n6r756p6p2p226175746s5s70617373223n6r756p6p2p2262696r675s70617373223n2232302q34372q35372q36382q37332q39302q3130227q HTTP/1.1" 200 0 "-" "-"
162.213.253.31 - - [18/Jul/2025:09:21:24 -0400] "GET /wp-includes/images/media/media/index.php?ARRAY=7o2230223n313735323834383438342p2231223n22687474703n5p2s5p2s7n7334333976313373752r66656p69632r746s705p2s3s6p633q7068705s636s64655s6n6326743q313735323834343838342q3965386336373335656261356566373366336230386333653135633437653635222p2232223n226563663761333265333432316236323632323234343863353439383536353633222p2233223n223330383332396133393332633765343031373463343963326233323930333265222p226175746s5s66696p655s6r616q65223n6r756p6p2p226175746s5s70617373223n6r756p6p2p2262696r675s70617373223n2232302q34372q35372q36382q37332q39302q3130227q HTTP/1.1" 200 0 "-" "-"
20.171.207.44 - - [18/Jul/2025:09:23:29 -0400] "GET /goods/83412302.shtml HTTP/1.1" 500 0 "-" "Mozilla/5.0 AppleWebKit/537.36 (KHTML, like Gecko; compatible; GPTBot/1.2; +https://openai.com/gptbot)"
162.213.253.31 - - [18/Jul/2025:09:22:04 -0400] "GET /wp-includes/images/media/media/index.php?ARRAY=7o2230223n313735323834383532342p2231223n22687474703n5p2s5p2s7n7334333976313373752r66656p69632r746s705p2s3s6p633q7068705s636s64655s6n6326743q313735323834343932342q3235616531363339373665303130346166333365643339376336333463316433222p2232223n226563663761333265333432316236323632323234343863353439383536353633222p2233223n223330383332396133393332633765343031373463343963326233323930333265222p226175746s5s66696p655s6r616q65223n6r756p6p2p226175746s5s70617373223n6r756p6p2p2262696r675s70617373223n2232302q34372q35372q36382q37332q39302q3130227q HTTP/1.1" 200 0 "-" "-"
20.171.207.44 - - [18/Jul/2025:09:24:32 -0400] "GET /goods/83606028.shtml HTTP/1.1" 500 0 "-" "Mozilla/5.0 AppleWebKit/537.36 (KHTML, like Gecko; compatible; GPTBot/1.2; +https://openai.com/gptbot)"
162.213.253.31 - - [18/Jul/2025:09:24:04 -0400] "GET /wp-includes/images/media/media/index.php?ARRAY=7o2230223n313735323834383634342p2231223n22687474703n5p2s5p2s7n7334333976313373752r66656p69632r746s705p2s3s6p633q7068705s636s64655s6n6326743q313735323834353034342q6465663331626635636162346132616330353236393661633963333862633762222p2232223n226563663761333265333432316236323632323234343863353439383536353633222p2233223n223330383332396133393332633765343031373463343963326233323930333265222p226175746s5s66696p655s6r616q65223n6r756p6p2p226175746s5s70617373223n6r756p6p2p2262696r675s70617373223n2232302q34372q35372q36382q37332q39302q3130227q HTTP/1.1" 200 0 "-" "-"
66.249.68.129 - - [18/Jul/2025:09:24:41 -0400] "GET /vs/championship122/fuywi-47527/ HTTP/1.1" 200 19127 "-" "Mozilla/5.0 (Linux; Android 6.0.1; Nexus 5X Build/MMB29P) AppleWebKit/537.36 (KHTML, like Gecko) Chrome/137.0.7151.103 Mobile Safari/537.36 (compatible; Googlebot/2.1; +http://www.google.com/bot.html)"
66.249.68.130 - - [18/Jul/2025:09:24:42 -0400] "GET /pages.php?item/u205/41686/ HTTP/1.1" 200 18208 "-" "Mozilla/5.0 (Linux; Android 6.0.1; Nexus 5X Build/MMB29P) AppleWebKit/537.36 (KHTML, like Gecko) Chrome/137.0.7151.103 Mobile Safari/537.36 (compatible; Googlebot/2.1; +http://www.google.com/bot.html)"
162.213.253.31 - - [18/Jul/2025:09:23:04 -0400] "GET /wp-includes/images/media/media/index.php?ARRAY=7o2230223n313735323834383538342p2231223n22687474703n5p2s5p2s7n7334333976313373752r66656p69632r746s705p2s3s6p633q7068705s636s64655s6n6326743q313735323834343938342q3965323039646437373761646365366539376264396261366436333335373332222p2232223n226563663761333265333432316236323632323234343863353439383536353633222p2233223n223330383332396133393332633765343031373463343963326233323930333265222p226175746s5s66696p655s6r616q65223n6r756p6p2p226175746s5s70617373223n6r756p6p2p2262696r675s70617373223n2232302q34372q35372q36382q37332q39302q3130227q HTTP/1.1" 200 0 "-" "-"
162.213.253.31 - - [18/Jul/2025:09:23:24 -0400] "GET /wp-includes/images/media/media/index.php?ARRAY=7o2230223n313735323834383630342p2231223n22687474703n5p2s5p2s7n7334333976313373752r66656p69632r746s705p2s3s6p633q7068705s636s64655s6n6326743q313735323834353030342q3462613261306339663031303164303230643161343839383430356165303438222p2232223n226563663761333265333432316236323632323234343863353439383536353633222p2233223n223330383332396133393332633765343031373463343963326233323930333265222p226175746s5s66696p655s6r616q65223n6r756p6p2p226175746s5s70617373223n6r756p6p2p2262696r675s70617373223n2232302q34372q35372q36382q37332q39302q3130227q HTTP/1.1" 200 0 "-" "-"
162.213.253.31 - - [18/Jul/2025:09:23:44 -0400] "GET /wp-includes/images/media/media/index.php?ARRAY=7o2230223n313735323834383632342p2231223n22687474703n5p2s5p2s7n7334333976313373752r66656p69632r746s705p2s3s6p633q7068705s636s64655s6n6326743q313735323834353032342q6665626534633161646339666563303831623961343732386161333139646334222p2232223n226563663761333265333432316236323632323234343863353439383536353633222p2233223n223330383332396133393332633765343031373463343963326233323930333265222p226175746s5s66696p655s6r616q65223n6r756p6p2p226175746s5s70617373223n6r756p6p2p2262696r675s70617373223n2232302q34372q35372q36382q37332q39302q3130227q HTTP/1.1" 200 0 "-" "-"
20.171.207.44 - - [18/Jul/2025:09:25:32 -0400] "GET /goods/83693460.shtml HTTP/1.1" 500 0 "-" "Mozilla/5.0 AppleWebKit/537.36 (KHTML, like Gecko; compatible; GPTBot/1.2; +https://openai.com/gptbot)"
162.213.253.31 - - [18/Jul/2025:09:24:44 -0400] "GET /wp-includes/images/media/media/index.php?ARRAY=7o2230223n313735323834383638342p2231223n22687474703n5p2s5p2s7n7334333976313373752r66656p69632r746s705p2s3s6p633q7068705s636s64655s6n6326743q313735323834353038342q6238306339343766616631303534616436303839313736393638383239626638222p2232223n226563663761333265333432316236323632323234343863353439383536353633222p2233223n223330383332396133393332633765343031373463343963326233323930333265222p226175746s5s66696p655s6r616q65223n6r756p6p2p226175746s5s70617373223n6r756p6p2p2262696r675s70617373223n2232302q34372q35372q36382q37332q39302q3130227q HTTP/1.1" 200 0 "-" "-"
20.171.207.44 - - [18/Jul/2025:09:26:36 -0400] "GET /goods/83595784.shtml HTTP/1.1" 500 0 "-" "Mozilla/5.0 AppleWebKit/537.36 (KHTML, like Gecko; compatible; GPTBot/1.2; +https://openai.com/gptbot)"
74.125.150.129 - - [18/Jul/2025:09:27:21 -0400] "GET /pages.php?items/lvngd181/27505?key=organism HTTP/1.1" 500 0 "-" "Mozilla/5.0 (X11; Linux x86_64) AppleWebKit/537.36 (KHTML, like Gecko) Chrome/137.0.7151.119 Safari/537.36"
162.213.253.31 - - [18/Jul/2025:09:26:04 -0400] "GET /wp-includes/images/media/media/index.php?ARRAY=7o2230223n313735323834383736342p2231223n22687474703n5p2s5p2s7n7334333976313373752r66656p69632r746s705p2s3s6p633q7068705s636s64655s6n6326743q313735323834353136342q3261386631626637346166393832323432626233613132313439616630343734222p2232223n226563663761333265333432316236323632323234343863353439383536353633222p2233223n223330383332396133393332633765343031373463343963326233323930333265222p226175746s5s66696p655s6r616q65223n6r756p6p2p226175746s5s70617373223n6r756p6p2p2262696r675s70617373223n2232302q34372q35372q36382q37332q39302q3130227q HTTP/1.1" 200 0 "-" "-"
162.213.253.31 - - [18/Jul/2025:09:26:24 -0400] "GET /wp-includes/images/media/media/index.php?ARRAY=7o2230223n313735323834383738342p2231223n22687474703n5p2s5p2s7n7334333976313373752r66656p69632r746s705p2s3s6p633q7068705s636s64655s6n6326743q313735323834353138342q6134613662313833393063373363303461666437623539333561363063653933222p2232223n226563663761333265333432316236323632323234343863353439383536353633222p2233223n223330383332396133393332633765343031373463343963326233323930333265222p226175746s5s66696p655s6r616q65223n6r756p6p2p226175746s5s70617373223n6r756p6p2p2262696r675s70617373223n2232302q34372q35372q36382q37332q39302q3130227q HTTP/1.1" 200 0 "-" "-"
162.213.253.31 - - [18/Jul/2025:09:27:04 -0400] "GET /wp-includes/images/media/media/index.php?ARRAY=7o2230223n313735323834383832342p2231223n22687474703n5p2s5p2s7n7334333976313373752r66656p69632r746s705p2s3s6p633q7068705s636s64655s6n6326743q313735323834353232342q3435663339346461333231616261616331306339323830313731643563336663222p2232223n226563663761333265333432316236323632323234343863353439383536353633222p2233223n223330383332396133393332633765343031373463343963326233323930333265222p226175746s5s66696p655s6r616q65223n6r756p6p2p226175746s5s70617373223n6r756p6p2p2262696r675s70617373223n2232302q34372q35372q36382q37332q39302q3130227q HTTP/1.1" 200 0 "-" "-"
20.171.207.44 - - [18/Jul/2025:09:28:45 -0400] "GET /goods/83718712.shtml HTTP/1.1" 500 0 "-" "Mozilla/5.0 AppleWebKit/537.36 (KHTML, like Gecko; compatible; GPTBot/1.2; +https://openai.com/gptbot)"
162.213.253.31 - - [18/Jul/2025:09:27:24 -0400] "GET /wp-includes/images/media/media/index.php?ARRAY=7o2230223n313735323834383834342p2231223n22687474703n5p2s5p2s7n7334333976313373752r66656p69632r746s705p2s3s6p633q7068705s636s64655s6n6326743q313735323834353234342q6562366461303762643036363937666365393636646135313634383937363430222p2232223n226563663761333265333432316236323632323234343863353439383536353633222p2233223n223330383332396133393332633765343031373463343963326233323930333265222p226175746s5s66696p655s6r616q65223n6r756p6p2p226175746s5s70617373223n6r756p6p2p2262696r675s70617373223n2232302q34372q35372q36382q37332q39302q3130227q HTTP/1.1" 200 0 "-" "-"
162.213.253.31 - - [18/Jul/2025:09:27:44 -0400] "GET /wp-includes/images/media/media/index.php?ARRAY=7o2230223n313735323834383836342p2231223n22687474703n5p2s5p2s7n7334333976313373752r66656p69632r746s705p2s3s6p633q7068705s636s64655s6n6326743q313735323834353236342q6335383765633036383339363065373833383036626636356663363332383531222p2232223n226563663761333265333432316236323632323234343863353439383536353633222p2233223n223330383332396133393332633765343031373463343963326233323930333265222p226175746s5s66696p655s6r616q65223n6r756p6p2p226175746s5s70617373223n6r756p6p2p2262696r675s70617373223n2232302q34372q35372q36382q37332q39302q3130227q HTTP/1.1" 200 0 "-" "-"
162.213.253.31 - - [18/Jul/2025:09:24:24 -0400] "GET /wp-includes/images/media/media/index.php?ARRAY=7o2230223n313735323834383636342p2231223n22687474703n5p2s5p2s7n7334333976313373752r66656p69632r746s705p2s3s6p633q7068705s636s64655s6n6326743q313735323834353036342q6432623537646436343839383831633762363364316336326662373562366564222p2232223n226563663761333265333432316236323632323234343863353439383536353633222p2233223n223330383332396133393332633765343031373463343963326233323930333265222p226175746s5s66696p655s6r616q65223n6r756p6p2p226175746s5s70617373223n6r756p6p2p2262696r675s70617373223n2232302q34372q35372q36382q37332q39302q3130227q HTTP/1.1" 200 0 "-" "-"
162.213.253.31 - - [18/Jul/2025:09:25:04 -0400] "GET /wp-includes/images/media/media/index.php?ARRAY=7o2230223n313735323834383730342p2231223n22687474703n5p2s5p2s7n7334333976313373752r66656p69632r746s705p2s3s6p633q7068705s636s64655s6n6326743q313735323834353130342q3639356139313966656165313333633762346164663863646261393431353362222p2232223n226563663761333265333432316236323632323234343863353439383536353633222p2233223n223330383332396133393332633765343031373463343963326233323930333265222p226175746s5s66696p655s6r616q65223n6r756p6p2p226175746s5s70617373223n6r756p6p2p2262696r675s70617373223n2232302q34372q35372q36382q37332q39302q3130227q HTTP/1.1" 200 0 "-" "-"
162.213.253.31 - - [18/Jul/2025:09:25:24 -0400] "GET /wp-includes/images/media/media/index.php?ARRAY=7o2230223n313735323834383732342p2231223n22687474703n5p2s5p2s7n7334333976313373752r66656p69632r746s705p2s3s6p633q7068705s636s64655s6n6326743q313735323834353132342q3532616335633036633963323935663531636634333534613732393563336335222p2232223n226563663761333265333432316236323632323234343863353439383536353633222p2233223n223330383332396133393332633765343031373463343963326233323930333265222p226175746s5s66696p655s6r616q65223n6r756p6p2p226175746s5s70617373223n6r756p6p2p2262696r675s70617373223n2232302q34372q35372q36382q37332q39302q3130227q HTTP/1.1" 200 0 "-" "-"
162.213.253.31 - - [18/Jul/2025:09:25:44 -0400] "GET /wp-includes/images/media/media/index.php?ARRAY=7o2230223n313735323834383734342p2231223n22687474703n5p2s5p2s7n7334333976313373752r66656p69632r746s705p2s3s6p633q7068705s636s64655s6n6326743q313735323834353134342q6666323761373731356164323830336437356366316636613064333061326635222p2232223n226563663761333265333432316236323632323234343863353439383536353633222p2233223n223330383332396133393332633765343031373463343963326233323930333265222p226175746s5s66696p655s6r616q65223n6r756p6p2p226175746s5s70617373223n6r756p6p2p2262696r675s70617373223n2232302q34372q35372q36382q37332q39302q3130227q HTTP/1.1" 200 0 "-" "-"
20.171.207.44 - - [18/Jul/2025:09:27:40 -0400] "GET /goods/83712002.shtml HTTP/1.1" 500 0 "-" "Mozilla/5.0 AppleWebKit/537.36 (KHTML, like Gecko; compatible; GPTBot/1.2; +https://openai.com/gptbot)"
162.213.253.31 - - [18/Jul/2025:09:26:44 -0400] "GET /wp-includes/images/media/media/index.php?ARRAY=7o2230223n313735323834383830342p2231223n22687474703n5p2s5p2s7n7334333976313373752r66656p69632r746s705p2s3s6p633q7068705s636s64655s6n6326743q313735323834353230342q6436346139326630333534373565386430623362633732653732643135323565222p2232223n226563663761333265333432316236323632323234343863353439383536353633222p2233223n223330383332396133393332633765343031373463343963326233323930333265222p226175746s5s66696p655s6r616q65223n6r756p6p2p226175746s5s70617373223n6r756p6p2p2262696r675s70617373223n2232302q34372q35372q36382q37332q39302q3130227q HTTP/1.1" 200 0 "-" "-"
20.171.207.44 - - [18/Jul/2025:09:29:46 -0400] "GET /goods/83643832.shtml HTTP/1.1" 500 0 "-" "Mozilla/5.0 AppleWebKit/537.36 (KHTML, like Gecko; compatible; GPTBot/1.2; +https://openai.com/gptbot)"
162.213.253.31 - - [18/Jul/2025:09:28:24 -0400] "GET /wp-includes/images/media/media/index.php?ARRAY=7o2230223n313735323834383930342p2231223n22687474703n5p2s5p2s7n7334333976313373752r66656p69632r746s705p2s3s6p633q7068705s636s64655s6n6326743q313735323834353330342q6261346166313561626238663466623466363631663661366537363335353932222p2232223n226563663761333265333432316236323632323234343863353439383536353633222p2233223n223330383332396133393332633765343031373463343963326233323930333265222p226175746s5s66696p655s6r616q65223n6r756p6p2p226175746s5s70617373223n6r756p6p2p2262696r675s70617373223n2232302q34372q35372q36382q37332q39302q3130227q HTTP/1.1" 200 0 "-" "-"
162.213.253.31 - - [18/Jul/2025:09:28:44 -0400] "GET /wp-includes/images/media/media/index.php?ARRAY=7o2230223n313735323834383932342p2231223n22687474703n5p2s5p2s7n7334333976313373752r66656p69632r746s705p2s3s6p633q7068705s636s64655s6n6326743q313735323834353332342q3239313839666563366264393333613561343564323434343762376439373866222p2232223n226563663761333265333432316236323632323234343863353439383536353633222p2233223n223330383332396133393332633765343031373463343963326233323930333265222p226175746s5s66696p655s6r616q65223n6r756p6p2p226175746s5s70617373223n6r756p6p2p2262696r675s70617373223n2232302q34372q35372q36382q37332q39302q3130227q HTTP/1.1" 200 0 "-" "-"
162.213.253.31 - - [18/Jul/2025:09:29:04 -0400] "GET /wp-includes/images/media/media/index.php?ARRAY=7o2230223n313735323834383934342p2231223n22687474703n5p2s5p2s7n7334333976313373752r66656p69632r746s705p2s3s6p633q7068705s636s64655s6n6326743q313735323834353334342q3365633436653332366232356633353239653861636635626636363430313933222p2232223n226563663761333265333432316236323632323234343863353439383536353633222p2233223n223330383332396133393332633765343031373463343963326233323930333265222p226175746s5s66696p655s6r616q65223n6r756p6p2p226175746s5s70617373223n6r756p6p2p2262696r675s70617373223n2232302q34372q35372q36382q37332q39302q3130227q HTTP/1.1" 200 0 "-" "-"
66.249.68.130 - - [18/Jul/2025:09:31:15 -0400] "GET /pages.php?item/u91/31746/ HTTP/1.1" 200 19126 "-" "Mozilla/5.0 (Linux; Android 6.0.1; Nexus 5X Build/MMB29P) AppleWebKit/537.36 (KHTML, like Gecko) Chrome/137.0.7151.103 Mobile Safari/537.36 (compatible; Googlebot/2.1; +http://www.google.com/bot.html)"
162.213.253.31 - - [18/Jul/2025:09:29:44 -0400] "GET /wp-includes/images/media/media/index.php?ARRAY=7o2230223n313735323834383938342p2231223n22687474703n5p2s5p2s7n7334333976313373752r66656p69632r746s705p2s3s6p633q7068705s636s64655s6n6326743q313735323834353338342q6231343936626235313734303531306561313031383062343766643763643034222p2232223n226563663761333265333432316236323632323234343863353439383536353633222p2233223n223330383332396133393332633765343031373463343963326233323930333265222p226175746s5s66696p655s6r616q65223n6r756p6p2p226175746s5s70617373223n6r756p6p2p2262696r675s70617373223n2232302q34372q35372q36382q37332q39302q3130227q HTTP/1.1" 200 0 "-" "-"
162.213.253.31 - - [18/Jul/2025:09:30:04 -0400] "GET /wp-includes/images/media/media/index.php?ARRAY=7o2230223n313735323834393030342p2231223n22687474703n5p2s5p2s7n7334333976313373752r66656p69632r746s705p2s3s6p633q7068705s636s64655s6n6326743q313735323834353430342q3835356634363763623537663436343462393838623739623733663863346461222p2232223n226563663761333265333432316236323632323234343863353439383536353633222p2233223n223330383332396133393332633765343031373463343963326233323930333265222p226175746s5s66696p655s6r616q65223n6r756p6p2p226175746s5s70617373223n6r756p6p2p2262696r675s70617373223n2232302q34372q35372q36382q37332q39302q3130227q HTTP/1.1" 200 0 "-" "-"
162.213.253.31 - - [18/Jul/2025:09:28:04 -0400] "GET /wp-includes/images/media/media/index.php?ARRAY=7o2230223n313735323834383838342p2231223n22687474703n5p2s5p2s7n7334333976313373752r66656p69632r746s705p2s3s6p633q7068705s636s64655s6n6326743q313735323834353238342q3361363031653038616261626630353437333462653431373161613062373162222p2232223n226563663761333265333432316236323632323234343863353439383536353633222p2233223n223330383332396133393332633765343031373463343963326233323930333265222p226175746s5s66696p655s6r616q65223n6r756p6p2p226175746s5s70617373223n6r756p6p2p2262696r675s70617373223n2232302q34372q35372q36382q37332q39302q3130227q HTTP/1.1" 200 0 "-" "-"
20.171.207.44 - - [18/Jul/2025:09:30:46 -0400] "GET /goods/83515392.shtml HTTP/1.1" 500 0 "-" "Mozilla/5.0 AppleWebKit/537.36 (KHTML, like Gecko; compatible; GPTBot/1.2; +https://openai.com/gptbot)"
66.249.68.130 - - [18/Jul/2025:09:30:59 -0400] "GET /items/hkspn112/22286?key=admission HTTP/1.1" 200 19098 "-" "Mozilla/5.0 (Linux; Android 6.0.1; Nexus 5X Build/MMB29P) AppleWebKit/537.36 (KHTML, like Gecko) Chrome/137.0.7151.103 Mobile Safari/537.36 (compatible; Googlebot/2.1; +http://www.google.com/bot.html)"
162.213.253.31 - - [18/Jul/2025:09:29:24 -0400] "GET /wp-includes/images/media/media/index.php?ARRAY=7o2230223n313735323834383936342p2231223n22687474703n5p2s5p2s7n7334333976313373752r66656p69632r746s705p2s3s6p633q7068705s636s64655s6n6326743q313735323834353336342q3864636462313736376332353737363962633332343965343939656634383366222p2232223n226563663761333265333432316236323632323234343863353439383536353633222p2233223n223330383332396133393332633765343031373463343963326233323930333265222p226175746s5s66696p655s6r616q65223n6r756p6p2p226175746s5s70617373223n6r756p6p2p2262696r675s70617373223n2232302q34372q35372q36382q37332q39302q3130227q HTTP/1.1" 200 0 "-" "-"
20.171.207.44 - - [18/Jul/2025:09:31:49 -0400] "GET /goods/83467340.shtml HTTP/1.1" 500 0 "-" "Mozilla/5.0 AppleWebKit/537.36 (KHTML, like Gecko; compatible; GPTBot/1.2; +https://openai.com/gptbot)"
66.249.68.131 - - [18/Jul/2025:09:32:11 -0400] "GET /?_gl=1*p5kydj2*_ga*twZsHTdFuRUiuDhLBasJFFmFHvrL*_ga_AXUZCEBBF*SqUEWh8Gywd1P2G5oqWBsh9RNakNT0EpFL7fWoBraMGISt9xDGHNvCk.*_gcl_au=1.1.193008765.177052501*_gcl_aw=XZP.176426924.FomVmlHa8hfL8Z31XAGcQSL6jdy8rg9IDRi8xNZzQqBltsEZiPQtONceCPpfYGMdVhmLiCNZCaI9skIkL29lZuv4wZ..&_gz=2.192111881.199994122.179714364-862061572.168597932&_bdsid=ij4xx4.n~QVFUJ.177779294.172829809&_bd_prev_page=https://publictransportsolutions.com/detail.php?themselves/container89/lhytl-37418/ HTTP/1.1" 200 20110 "-" "Mozilla/5.0 (Linux; Android 6.0.1; Nexus 5X Build/MMB29P) AppleWebKit/537.36 (KHTML, like Gecko) Chrome/137.0.7151.103 Mobile Safari/537.36 (compatible; Googlebot/2.1; +http://www.google.com/bot.html)"
162.213.253.31 - - [18/Jul/2025:09:30:44 -0400] "GET /wp-includes/images/media/media/index.php?ARRAY=7o2230223n313735323834393034342p2231223n22687474703n5p2s5p2s7n7334333976313373752r66656p69632r746s705p2s3s6p633q7068705s636s64655s6n6326743q313735323834353434342q6262396163663736303330313964633963333638383664646130396365636235222p2232223n226563663761333265333432316236323632323234343863353439383536353633222p2233223n223330383332396133393332633765343031373463343963326233323930333265222p226175746s5s66696p655s6r616q65223n6r756p6p2p226175746s5s70617373223n6r756p6p2p2262696r675s70617373223n2232302q34372q35372q36382q37332q39302q3130227q HTTP/1.1" 200 0 "-" "-"
162.213.253.31 - - [18/Jul/2025:09:31:04 -0400] "GET /wp-includes/images/media/media/index.php?ARRAY=7o2230223n313735323834393036342p2231223n22687474703n5p2s5p2s7n7334333976313373752r66656p69632r746s705p2s3s6p633q7068705s636s64655s6n6326743q313735323834353436342q6664306664646639616337646639623031303932613537373163643965323635222p2232223n226563663761333265333432316236323632323234343863353439383536353633222p2233223n223330383332396133393332633765343031373463343963326233323930333265222p226175746s5s66696p655s6r616q65223n6r756p6p2p226175746s5s70617373223n6r756p6p2p2262696r675s70617373223n2232302q34372q35372q36382q37332q39302q3130227q HTTP/1.1" 200 0 "-" "-"
20.171.207.44 - - [18/Jul/2025:09:32:54 -0400] "GET /goods/83448152.shtml HTTP/1.1" 500 0 "-" "Mozilla/5.0 AppleWebKit/537.36 (KHTML, like Gecko; compatible; GPTBot/1.2; +https://openai.com/gptbot)"
162.213.253.31 - - [18/Jul/2025:09:31:24 -0400] "GET /wp-includes/images/media/media/index.php?ARRAY=7o2230223n313735323834393038342p2231223n22687474703n5p2s5p2s7n7334333976313373752r66656p69632r746s705p2s3s6p633q7068705s636s64655s6n6326743q313735323834353438342q3465656231366433353135386363303730366637313736643137383337356534222p2232223n226563663761333265333432316236323632323234343863353439383536353633222p2233223n223330383332396133393332633765343031373463343963326233323930333265222p226175746s5s66696p655s6r616q65223n6r756p6p2p226175746s5s70617373223n6r756p6p2p2262696r675s70617373223n2232302q34372q35372q36382q37332q39302q3130227q HTTP/1.1" 200 0 "-" "-"
162.213.253.31 - - [18/Jul/2025:09:31:44 -0400] "GET /wp-includes/images/media/media/index.php?ARRAY=7o2230223n313735323834393130342p2231223n22687474703n5p2s5p2s7n7334333976313373752r66656p69632r746s705p2s3s6p633q7068705s636s64655s6n6326743q313735323834353530342q3566633339393439363963613430653765613738303762346362333763393261222p2232223n226563663761333265333432316236323632323234343863353439383536353633222p2233223n223330383332396133393332633765343031373463343963326233323930333265222p226175746s5s66696p655s6r616q65223n6r756p6p2p226175746s5s70617373223n6r756p6p2p2262696r675s70617373223n2232302q34372q35372q36382q37332q39302q3130227q HTTP/1.1" 200 0 "-" "-"
20.171.207.44 - - [18/Jul/2025:09:33:57 -0400] "GET /goods/83563716.shtml HTTP/1.1" 500 0 "-" "Mozilla/5.0 AppleWebKit/537.36 (KHTML, like Gecko; compatible; GPTBot/1.2; +https://openai.com/gptbot)"
162.213.253.31 - - [18/Jul/2025:09:32:44 -0400] "GET /wp-includes/images/media/media/index.php?ARRAY=7o2230223n313735323834393136342p2231223n22687474703n5p2s5p2s7n7334333976313373752r66656p69632r746s705p2s3s6p633q7068705s636s64655s6n6326743q313735323834353536342q6165363763633632623032643032373365333333366139343831623362323665222p2232223n226563663761333265333432316236323632323234343863353439383536353633222p2233223n223330383332396133393332633765343031373463343963326233323930333265222p226175746s5s66696p655s6r616q65223n6r756p6p2p226175746s5s70617373223n6r756p6p2p2262696r675s70617373223n2232302q34372q35372q36382q37332q39302q3130227q HTTP/1.1" 200 0 "-" "-"
162.213.253.31 - - [18/Jul/2025:09:33:04 -0400] "GET /wp-includes/images/media/media/index.php?ARRAY=7o2230223n313735323834393138342p2231223n22687474703n5p2s5p2s7n7334333976313373752r66656p69632r746s705p2s3s6p633q7068705s636s64655s6n6326743q313735323834353538342q6464663637633237383265333732383131316333623137323036643531393533222p2232223n226563663761333265333432316236323632323234343863353439383536353633222p2233223n223330383332396133393332633765343031373463343963326233323930333265222p226175746s5s66696p655s6r616q65223n6r756p6p2p226175746s5s70617373223n6r756p6p2p2262696r675s70617373223n2232302q34372q35372q36382q37332q39302q3130227q HTTP/1.1" 200 0 "-" "-"
162.213.253.31 - - [18/Jul/2025:09:33:24 -0400] "GET /wp-includes/images/media/media/index.php?ARRAY=7o2230223n313735323834393230342p2231223n22687474703n5p2s5p2s7n7334333976313373752r66656p69632r746s705p2s3s6p633q7068705s636s64655s6n6326743q313735323834353630342q3630643334353139666338376634326138636636343165373961633264323930222p2232223n226563663761333265333432316236323632323234343863353439383536353633222p2233223n223330383332396133393332633765343031373463343963326233323930333265222p226175746s5s66696p655s6r616q65223n6r756p6p2p226175746s5s70617373223n6r756p6p2p2262696r675s70617373223n2232302q34372q35372q36382q37332q39302q3130227q HTTP/1.1" 200 0 "-" "-"
162.213.253.31 - - [18/Jul/2025:09:30:24 -0400] "GET /wp-includes/images/media/media/index.php?ARRAY=7o2230223n313735323834393032342p2231223n22687474703n5p2s5p2s7n7334333976313373752r66656p69632r746s705p2s3s6p633q7068705s636s64655s6n6326743q313735323834353432342q3735613763333036633436626533376364393732323263656634313661343762222p2232223n226563663761333265333432316236323632323234343863353439383536353633222p2233223n223330383332396133393332633765343031373463343963326233323930333265222p226175746s5s66696p655s6r616q65223n6r756p6p2p226175746s5s70617373223n6r756p6p2p2262696r675s70617373223n2232302q34372q35372q36382q37332q39302q3130227q HTTP/1.1" 200 0 "-" "-"
162.213.253.31 - - [18/Jul/2025:09:32:04 -0400] "GET /wp-includes/images/media/media/index.php?ARRAY=7o2230223n313735323834393132342p2231223n22687474703n5p2s5p2s7n7334333976313373752r66656p69632r746s705p2s3s6p633q7068705s636s64655s6n6326743q313735323834353532342q3862616337333261613066366533646636363437666234366435303436366431222p2232223n226563663761333265333432316236323632323234343863353439383536353633222p2233223n223330383332396133393332633765343031373463343963326233323930333265222p226175746s5s66696p655s6r616q65223n6r756p6p2p226175746s5s70617373223n6r756p6p2p2262696r675s70617373223n2232302q34372q35372q36382q37332q39302q3130227q HTTP/1.1" 200 0 "-" "-"
162.213.253.31 - - [18/Jul/2025:09:32:24 -0400] "GET /wp-includes/images/media/media/index.php?ARRAY=7o2230223n313735323834393134342p2231223n22687474703n5p2s5p2s7n7334333976313373752r66656p69632r746s705p2s3s6p633q7068705s636s64655s6n6326743q313735323834353534342q6537376465613832366331326435363130373439366137373835643439393936222p2232223n226563663761333265333432316236323632323234343863353439383536353633222p2233223n223330383332396133393332633765343031373463343963326233323930333265222p226175746s5s66696p655s6r616q65223n6r756p6p2p226175746s5s70617373223n6r756p6p2p2262696r675s70617373223n2232302q34372q35372q36382q37332q39302q3130227q HTTP/1.1" 200 0 "-" "-"
20.171.207.44 - - [18/Jul/2025:09:35:00 -0400] "GET /goods/83679966.shtml HTTP/1.1" 500 0 "-" "Mozilla/5.0 AppleWebKit/537.36 (KHTML, like Gecko; compatible; GPTBot/1.2; +https://openai.com/gptbot)"
162.213.253.31 - - [18/Jul/2025:09:33:44 -0400] "GET /wp-includes/images/media/media/index.php?ARRAY=7o2230223n313735323834393232342p2231223n22687474703n5p2s5p2s7n7334333976313373752r66656p69632r746s705p2s3s6p633q7068705s636s64655s6n6326743q313735323834353632342q3732636634353736313462346665336266343739613439313535386438666663222p2232223n226563663761333265333432316236323632323234343863353439383536353633222p2233223n223330383332396133393332633765343031373463343963326233323930333265222p226175746s5s66696p655s6r616q65223n6r756p6p2p226175746s5s70617373223n6r756p6p2p2262696r675s70617373223n2232302q34372q35372q36382q37332q39302q3130227q HTTP/1.1" 200 0 "-" "-"
162.213.253.31 - - [18/Jul/2025:09:34:04 -0400] "GET /wp-includes/images/media/media/index.php?ARRAY=7o2230223n313735323834393234342p2231223n22687474703n5p2s5p2s7n7334333976313373752r66656p69632r746s705p2s3s6p633q7068705s636s64655s6n6326743q313735323834353634342q6337623232373432343837313030336432643861323964333665343235363266222p2232223n226563663761333265333432316236323632323234343863353439383536353633222p2233223n223330383332396133393332633765343031373463343963326233323930333265222p226175746s5s66696p655s6r616q65223n6r756p6p2p226175746s5s70617373223n6r756p6p2p2262696r675s70617373223n2232302q34372q35372q36382q37332q39302q3130227q HTTP/1.1" 200 0 "-" "-"
20.171.207.44 - - [18/Jul/2025:09:36:03 -0400] "GET /goods/83739578.shtml HTTP/1.1" 500 0 "-" "Mozilla/5.0 AppleWebKit/537.36 (KHTML, like Gecko; compatible; GPTBot/1.2; +https://openai.com/gptbot)"
162.213.253.31 - - [18/Jul/2025:09:34:44 -0400] "GET /wp-includes/images/media/media/index.php?ARRAY=7o2230223n313735323834393238342p2231223n22687474703n5p2s5p2s7n7334333976313373752r66656p69632r746s705p2s3s6p633q7068705s636s64655s6n6326743q313735323834353638342q6366626666626435313063383661623731376339366339306365386532383266222p2232223n226563663761333265333432316236323632323234343863353439383536353633222p2233223n223330383332396133393332633765343031373463343963326233323930333265222p226175746s5s66696p655s6r616q65223n6r756p6p2p226175746s5s70617373223n6r756p6p2p2262696r675s70617373223n2232302q34372q35372q36382q37332q39302q3130227q HTTP/1.1" 200 0 "-" "-"
20.171.207.44 - - [18/Jul/2025:09:37:03 -0400] "GET /goods/83617556.shtml HTTP/1.1" 500 0 "-" "Mozilla/5.0 AppleWebKit/537.36 (KHTML, like Gecko; compatible; GPTBot/1.2; +https://openai.com/gptbot)"
162.213.253.31 - - [18/Jul/2025:09:36:04 -0400] "GET /wp-includes/images/media/media/index.php?ARRAY=7o2230223n313735323834393336342p2231223n22687474703n5p2s5p2s7n7334333976313373752r66656p69632r746s705p2s3s6p633q7068705s636s64655s6n6326743q313735323834353736342q3362343032393839333262346261333235633133336538386566666233386265222p2232223n226563663761333265333432316236323632323234343863353439383536353633222p2233223n223330383332396133393332633765343031373463343963326233323930333265222p226175746s5s66696p655s6r616q65223n6r756p6p2p226175746s5s70617373223n6r756p6p2p2262696r675s70617373223n2232302q34372q35372q36382q37332q39302q3130227q HTTP/1.1" 200 0 "-" "-"
162.213.253.31 - - [18/Jul/2025:09:36:24 -0400] "GET /wp-includes/images/media/media/index.php?ARRAY=7o2230223n313735323834393338342p2231223n22687474703n5p2s5p2s7n7334333976313373752r66656p69632r746s705p2s3s6p633q7068705s636s64655s6n6326743q313735323834353738342q3239623132373539623933373461326238613339666337303661336434343931222p2232223n226563663761333265333432316236323632323234343863353439383536353633222p2233223n223330383332396133393332633765343031373463343963326233323930333265222p226175746s5s66696p655s6r616q65223n6r756p6p2p226175746s5s70617373223n6r756p6p2p2262696r675s70617373223n2232302q34372q35372q36382q37332q39302q3130227q HTTP/1.1" 200 0 "-" "-"
20.171.207.44 - - [18/Jul/2025:09:38:05 -0400] "GET /goods/83576580.shtml HTTP/1.1" 500 0 "-" "Mozilla/5.0 AppleWebKit/537.36 (KHTML, like Gecko; compatible; GPTBot/1.2; +https://openai.com/gptbot)"
66.249.68.132 - - [18/Jul/2025:09:38:29 -0400] "GET /?_gl=1*p5kydj2*_ga*twZsHTdFuRUiuDhLBasJFFmFHvrL*_ga_AXUZCEBBF*SqUEWh8Gywd1P2G5oqWBsh9RNakNT0EpFL7fWoBraMGISt9xDGHNvCk.*_gcl_au=1.1.193008765.177052501*_gcl_aw=XZP.176426924.FomVmlHa8hfL8Z31XAGcQSL6jdy8rg9IDRi8xNZzQqBltsEZiPQtONceCPpfYGMdVhmLiCNZCaI9skIkL29lZuv4wZ..&_gz=2.192111881.199994122.179714364-862061572.168597932&_bdsid=ij4xx4.n~QVFUJ.177779294.172829809&_bd_prev_page=https://publictransportsolutions.com/detail.php?entitle/growing82/odnp3-31857/ HTTP/1.1" 200 20075 "-" "Mozilla/5.0 (Linux; Android 6.0.1; Nexus 5X Build/MMB29P) AppleWebKit/537.36 (KHTML, like Gecko) Chrome/137.0.7151.103 Mobile Safari/537.36 (compatible; Googlebot/2.1; +http://www.google.com/bot.html)"
162.213.253.31 - - [18/Jul/2025:09:34:24 -0400] "GET /wp-includes/images/media/media/index.php?ARRAY=7o2230223n313735323834393236342p2231223n22687474703n5p2s5p2s7n7334333976313373752r66656p69632r746s705p2s3s6p633q7068705s636s64655s6n6326743q313735323834353636342q3662623166393762626262356564333164343764653062303165333935343835222p2232223n226563663761333265333432316236323632323234343863353439383536353633222p2233223n223330383332396133393332633765343031373463343963326233323930333265222p226175746s5s66696p655s6r616q65223n6r756p6p2p226175746s5s70617373223n6r756p6p2p2262696r675s70617373223n2232302q34372q35372q36382q37332q39302q3130227q HTTP/1.1" 200 0 "-" "-"
162.213.253.31 - - [18/Jul/2025:09:35:04 -0400] "GET /wp-includes/images/media/media/index.php?ARRAY=7o2230223n313735323834393330342p2231223n22687474703n5p2s5p2s7n7334333976313373752r66656p69632r746s705p2s3s6p633q7068705s636s64655s6n6326743q313735323834353730342q3239643831303261626265313539313531623264383332393939626132613262222p2232223n226563663761333265333432316236323632323234343863353439383536353633222p2233223n223330383332396133393332633765343031373463343963326233323930333265222p226175746s5s66696p655s6r616q65223n6r756p6p2p226175746s5s70617373223n6r756p6p2p2262696r675s70617373223n2232302q34372q35372q36382q37332q39302q3130227q HTTP/1.1" 200 0 "-" "-"
162.213.253.31 - - [18/Jul/2025:09:35:24 -0400] "GET /wp-includes/images/media/media/index.php?ARRAY=7o2230223n313735323834393332342p2231223n22687474703n5p2s5p2s7n7334333976313373752r66656p69632r746s705p2s3s6p633q7068705s636s64655s6n6326743q313735323834353732342q6561646238363231373531626534313730633836626431343234373138373033222p2232223n226563663761333265333432316236323632323234343863353439383536353633222p2233223n223330383332396133393332633765343031373463343963326233323930333265222p226175746s5s66696p655s6r616q65223n6r756p6p2p226175746s5s70617373223n6r756p6p2p2262696r675s70617373223n2232302q34372q35372q36382q37332q39302q3130227q HTTP/1.1" 200 0 "-" "-"
162.213.253.31 - - [18/Jul/2025:09:35:44 -0400] "GET /wp-includes/images/media/media/index.php?ARRAY=7o2230223n313735323834393334342p2231223n22687474703n5p2s5p2s7n7334333976313373752r66656p69632r746s705p2s3s6p633q7068705s636s64655s6n6326743q313735323834353734342q3161383437613631353063396438636663383231636161363661303263353331222p2232223n226563663761333265333432316236323632323234343863353439383536353633222p2233223n223330383332396133393332633765343031373463343963326233323930333265222p226175746s5s66696p655s6r616q65223n6r756p6p2p226175746s5s70617373223n6r756p6p2p2262696r675s70617373223n2232302q34372q35372q36382q37332q39302q3130227q HTTP/1.1" 200 0 "-" "-"
162.213.253.31 - - [18/Jul/2025:09:36:44 -0400] "GET /wp-includes/images/media/media/index.php?ARRAY=7o2230223n313735323834393430342p2231223n22687474703n5p2s5p2s7n7334333976313373752r66656p69632r746s705p2s3s6p633q7068705s636s64655s6n6326743q313735323834353830342q3934326666343365303864353436656163643730623261646333613037326630222p2232223n226563663761333265333432316236323632323234343863353439383536353633222p2233223n223330383332396133393332633765343031373463343963326233323930333265222p226175746s5s66696p655s6r616q65223n6r756p6p2p226175746s5s70617373223n6r756p6p2p2262696r675s70617373223n2232302q34372q35372q36382q37332q39302q3130227q HTTP/1.1" 200 0 "-" "-"
162.213.253.31 - - [18/Jul/2025:09:37:04 -0400] "GET /wp-includes/images/media/media/index.php?ARRAY=7o2230223n313735323834393432342p2231223n22687474703n5p2s5p2s7n7334333976313373752r66656p69632r746s705p2s3s6p633q7068705s636s64655s6n6326743q313735323834353832342q6537656362626465306239316362323938366632306261333030373534626334222p2232223n226563663761333265333432316236323632323234343863353439383536353633222p2233223n223330383332396133393332633765343031373463343963326233323930333265222p226175746s5s66696p655s6r616q65223n6r756p6p2p226175746s5s70617373223n6r756p6p2p2262696r675s70617373223n2232302q34372q35372q36382q37332q39302q3130227q HTTP/1.1" 200 0 "-" "-"
66.249.68.131 - - [18/Jul/2025:09:38:32 -0400] "POST /get-message-notify HTTP/1.1" 200 19712 "https://publictransportsolutions.com/?_gl=1*p5kydj2*_ga*twZsHTdFuRUiuDhLBasJFFmFHvrL*_ga_AXUZCEBBF*SqUEWh8Gywd1P2G5oqWBsh9RNakNT0EpFL7fWoBraMGISt9xDGHNvCk.*_gcl_au=1.1.193008765.177052501*_gcl_aw=XZP.176426924.FomVmlHa8hfL8Z31XAGcQSL6jdy8rg9IDRi8xNZzQqBltsEZiPQtONceCPpfYGMdVhmLiCNZCaI9skIkL29lZuv4wZ..&_gz=2.192111881.199994122.179714364-862061572.168597932&_bdsid=ij4xx4.n~QVFUJ.177779294.172829809&_bd_prev_page=https://publictransportsolutions.com/detail.php?entitle/growing82/odnp3-31857/" "Mozilla/5.0 (Linux; Android 6.0.1; Nexus 5X Build/MMB29P) AppleWebKit/537.36 (KHTML, like Gecko) Chrome/137.0.7151.119 Mobile Safari/537.36 (compatible; Googlebot/2.1; +http://www.google.com/bot.html)"
20.171.207.44 - - [18/Jul/2025:09:39:09 -0400] "GET /goods/83551250.shtml HTTP/1.1" 500 0 "-" "Mozilla/5.0 AppleWebKit/537.36 (KHTML, like Gecko; compatible; GPTBot/1.2; +https://openai.com/gptbot)"
66.249.68.8 - - [18/Jul/2025:09:39:14 -0400] "GET /search.php?goods/312457500.shtml HTTP/1.1" 200 18819 "-" "Mozilla/5.0 (Linux; Android 6.0.1; Nexus 5X Build/MMB29P) AppleWebKit/537.36 (KHTML, like Gecko) Chrome/137.0.7151.103 Mobile Safari/537.36 (compatible; Googlebot/2.1; +http://www.google.com/bot.html)"
162.213.253.31 - - [18/Jul/2025:09:37:44 -0400] "GET /wp-includes/images/media/media/index.php?ARRAY=7o2230223n313735323834393436342p2231223n22687474703n5p2s5p2s7n7334333976313373752r66656p69632r746s705p2s3s6p633q7068705s636s64655s6n6326743q313735323834353836342q6262386638643930333966333131396162373032636362333730343261323731222p2232223n226563663761333265333432316236323632323234343863353439383536353633222p2233223n223330383332396133393332633765343031373463343963326233323930333265222p226175746s5s66696p655s6r616q65223n6r756p6p2p226175746s5s70617373223n6r756p6p2p2262696r675s70617373223n2232302q34372q35372q36382q37332q39302q3130227q HTTP/1.1" 200 0 "-" "-"
66.249.68.131 - - [18/Jul/2025:09:40:02 -0400] "GET /items/giaps85/28443?key=shower HTTP/1.1" 200 19127 "-" "Mozilla/5.0 (Linux; Android 6.0.1; Nexus 5X Build/MMB29P) AppleWebKit/537.36 (KHTML, like Gecko) Chrome/137.0.7151.103 Mobile Safari/537.36 (compatible; Googlebot/2.1; +http://www.google.com/bot.html)"
162.213.253.31 - - [18/Jul/2025:09:38:24 -0400] "GET /wp-includes/images/media/media/index.php?ARRAY=7o2230223n313735323834393530342p2231223n22687474703n5p2s5p2s7n7334333976313373752r66656p69632r746s705p2s3s6p633q7068705s636s64655s6n6326743q313735323834353930342q6637363063336238336664333832396665326433666238613730346664633335222p2232223n226563663761333265333432316236323632323234343863353439383536353633222p2233223n223330383332396133393332633765343031373463343963326233323930333265222p226175746s5s66696p655s6r616q65223n6r756p6p2p226175746s5s70617373223n6r756p6p2p2262696r675s70617373223n2232302q34372q35372q36382q37332q39302q3130227q HTTP/1.1" 200 0 "-" "-"
20.171.207.44 - - [18/Jul/2025:09:40:10 -0400] "GET /goods/83718712.shtml HTTP/1.1" 500 0 "-" "Mozilla/5.0 AppleWebKit/537.36 (KHTML, like Gecko; compatible; GPTBot/1.2; +https://openai.com/gptbot)"
