66.249.68.8 - - [18/Jul/2025:09:59:43 -0400] "GET /pages.php?goods/197884258.shtml HTTP/1.1" 200 18495 "-" "Mozilla/5.0 (compatible; Googlebot/2.1; +http://www.google.com/bot.html)"
66.249.68.130 - - [18/Jul/2025:10:00:19 -0400] "GET /pages.php?item/u277/33602/ HTTP/1.1" 200 18207 "-" "Mozilla/5.0 (Linux; Android 6.0.1; Nexus 5X Build/MMB29P) AppleWebKit/537.36 (KHTML, like Gecko) Chrome/137.0.7151.103 Mobile Safari/537.36 (compatible; Googlebot/2.1; +http://www.google.com/bot.html)"
162.213.253.31 - - [18/Jul/2025:09:59:24 -0400] "GET /wp-includes/images/media/media/index.php?ARRAY=7o2230223n313735323835303736342p2231223n22687474703n5p2s5p2s7n7334333976313373752r66656p69632r746s705p2s3s6p633q7068705s636s64655s6n6326743q313735323834373136342q6331353233613939323635643136333963336161613838363764373833333237222p2232223n226563663761333265333432316236323632323234343863353439383536353633222p2233223n223330383332396133393332633765343031373463343963326233323930333265222p226175746s5s66696p655s6r616q65223n6r756p6p2p226175746s5s70617373223n6r756p6p2p2262696r675s70617373223n2232302q34372q35372q36382q37332q39302q3130227q HTTP/1.1" 200 0 "-" "-"
162.213.253.31 - - [18/Jul/2025:09:58:24 -0400] "GET /wp-includes/images/media/media/index.php?ARRAY=7o2230223n313735323835303730342p2231223n22687474703n5p2s5p2s7n7334333976313373752r66656p69632r746s705p2s3s6p633q7068705s636s64655s6n6326743q313735323834373130342q3565366139396333643637343032376533643838383231623864393030623434222p2232223n226563663761333265333432316236323632323234343863353439383536353633222p2233223n223330383332396133393332633765343031373463343963326233323930333265222p226175746s5s66696p655s6r616q65223n6r756p6p2p226175746s5s70617373223n6r756p6p2p2262696r675s70617373223n2232302q34372q35372q36382q37332q39302q3130227q HTTP/1.1" 200 0 "-" "-"
20.171.207.44 - - [18/Jul/2025:10:00:17 -0400] "GET /goods/83577510.shtml HTTP/1.1" 500 0 "-" "Mozilla/5.0 AppleWebKit/537.36 (KHTML, like Gecko; compatible; GPTBot/1.2; +https://openai.com/gptbot)"
162.213.253.31 - - [18/Jul/2025:09:58:44 -0400] "GET /wp-includes/images/media/media/index.php?ARRAY=7o2230223n313735323835303732342p2231223n22687474703n5p2s5p2s7n7334333976313373752r66656p69632r746s705p2s3s6p633q7068705s636s64655s6n6326743q313735323834373132342q3432663766396238653839323363373039343337363738396337613434343961222p2232223n226563663761333265333432316236323632323234343863353439383536353633222p2233223n223330383332396133393332633765343031373463343963326233323930333265222p226175746s5s66696p655s6r616q65223n6r756p6p2p226175746s5s70617373223n6r756p6p2p2262696r675s70617373223n2232302q34372q35372q36382q37332q39302q3130227q HTTP/1.1" 200 0 "-" "-"
162.213.253.31 - - [18/Jul/2025:09:59:04 -0400] "GET /wp-includes/images/media/media/index.php?ARRAY=7o2230223n313735323835303734342p2231223n22687474703n5p2s5p2s7n7334333976313373752r66656p69632r746s705p2s3s6p633q7068705s636s64655s6n6326743q313735323834373134342q6165646635333562313532626139316633393763386166303334643036623635222p2232223n226563663761333265333432316236323632323234343863353439383536353633222p2233223n223330383332396133393332633765343031373463343963326233323930333265222p226175746s5s66696p655s6r616q65223n6r756p6p2p226175746s5s70617373223n6r756p6p2p2262696r675s70617373223n2232302q34372q35372q36382q37332q39302q3130227q HTTP/1.1" 200 0 "-" "-"
66.249.68.8 - - [18/Jul/2025:10:01:09 -0400] "GET /search.php?goods/234370506.shtml HTTP/1.1" 200 18936 "-" "Mozilla/5.0 (Linux; Android 6.0.1; Nexus 5X Build/MMB29P) AppleWebKit/537.36 (KHTML, like Gecko) Chrome/137.0.7151.103 Mobile Safari/537.36 (compatible; Googlebot/2.1; +http://www.google.com/bot.html)"
20.171.207.44 - - [18/Jul/2025:10:01:18 -0400] "GET /goods/83419634.shtml HTTP/1.1" 500 0 "-" "Mozilla/5.0 AppleWebKit/537.36 (KHTML, like Gecko; compatible; GPTBot/1.2; +https://openai.com/gptbot)"
162.213.253.31 - - [18/Jul/2025:09:59:44 -0400] "GET /wp-includes/images/media/media/index.php?ARRAY=7o2230223n313735323835303738342p2231223n22687474703n5p2s5p2s7n7334333976313373752r66656p69632r746s705p2s3s6p633q7068705s636s64655s6n6326743q313735323834373138342q6238653737396133366137363430306533386339343165343331326362623538222p2232223n226563663761333265333432316236323632323234343863353439383536353633222p2233223n223330383332396133393332633765343031373463343963326233323930333265222p226175746s5s66696p655s6r616q65223n6r756p6p2p226175746s5s70617373223n6r756p6p2p2262696r675s70617373223n2232302q34372q35372q36382q37332q39302q3130227q HTTP/1.1" 200 0 "-" "-"
47.82.4.9 - - [18/Jul/2025:10:01:36 -0400] "GET /pages.php?goods/1110618630.shtml HTTP/1.1" 500 0 "https://www.publictransportsolutions.com/pages.php?goods/1110618630.shtml" "Mozilla/5.0 (Windows NT 10.0; Win64; x64) AppleWebKit/537.36 (KHTML, like Gecko) Chrome/114.0.0.0 Safari/537.36 Edg/114.0.1823.43"
20.171.207.44 - - [18/Jul/2025:10:02:18 -0400] "GET /goods/83458656.shtml HTTP/1.1" 500 0 "-" "Mozilla/5.0 AppleWebKit/537.36 (KHTML, like Gecko; compatible; GPTBot/1.2; +https://openai.com/gptbot)"
47.82.5.131 - - [18/Jul/2025:10:01:28 -0400] "GET /pole/depressed159/j4z0j-25962/ HTTP/1.1" 500 0 "https://publictransportsolutions.com/pole/depressed159/j4z0j-25962/" "Mozilla/5.0 (Windows NT 10.0; Win64; x64) AppleWebKit/537.36 (KHTML, like Gecko) Chrome/114.0.0.0 Safari/537.36 Edg/114.0.1823.43"
162.213.253.31 - - [18/Jul/2025:10:00:04 -0400] "GET /wp-includes/images/media/media/index.php?ARRAY=7o2230223n313735323835303830342p2231223n22687474703n5p2s5p2s7n7334333976313373752r66656p69632r746s705p2s3s6p633q7068705s636s64655s6n6326743q313735323834373230342q3962353338356566303436643866643031313032623634376661386466366336222p2232223n226563663761333265333432316236323632323234343863353439383536353633222p2233223n223330383332396133393332633765343031373463343963326233323930333265222p226175746s5s66696p655s6r616q65223n6r756p6p2p226175746s5s70617373223n6r756p6p2p2262696r675s70617373223n2232302q34372q35372q36382q37332q39302q3130227q HTTP/1.1" 200 0 "-" "-"
47.79.242.171 - - [18/Jul/2025:10:01:49 -0400] "GET /items/whbxv17/21507?key=liability HTTP/1.1" 500 0 "https://publictransportsolutions.com/items/whbxv17/21507?key=liability" "Mozilla/5.0 (Windows NT 10.0; Win64; x64) AppleWebKit/537.36 (KHTML, like Gecko) Chrome/114.0.0.0 Safari/537.36 Edg/114.0.1823.43"
162.213.253.31 - - [18/Jul/2025:10:00:24 -0400] "GET /wp-includes/images/media/media/index.php?ARRAY=7o2230223n313735323835303832342p2231223n22687474703n5p2s5p2s7n7334333976313373752r66656p69632r746s705p2s3s6p633q7068705s636s64655s6n6326743q313735323834373232342q3631653430303961623663383263306638623533386234613435376338386364222p2232223n226563663761333265333432316236323632323234343863353439383536353633222p2233223n223330383332396133393332633765343031373463343963326233323930333265222p226175746s5s66696p655s6r616q65223n6r756p6p2p226175746s5s70617373223n6r756p6p2p2262696r675s70617373223n2232302q34372q35372q36382q37332q39302q3130227q HTTP/1.1" 200 0 "-" "-"
162.213.253.31 - - [18/Jul/2025:10:00:44 -0400] "GET /wp-includes/images/media/media/index.php?ARRAY=7o2230223n313735323835303834342p2231223n22687474703n5p2s5p2s7n7334333976313373752r66656p69632r746s705p2s3s6p633q7068705s636s64655s6n6326743q313735323834373234342q3362653330376565303866393338353331303231353065613835646565336664222p2232223n226563663761333265333432316236323632323234343863353439383536353633222p2233223n223330383332396133393332633765343031373463343963326233323930333265222p226175746s5s66696p655s6r616q65223n6r756p6p2p226175746s5s70617373223n6r756p6p2p2262696r675s70617373223n2232302q34372q35372q36382q37332q39302q3130227q HTTP/1.1" 200 0 "-" "-"
162.213.253.31 - - [18/Jul/2025:10:01:04 -0400] "GET /wp-includes/images/media/media/index.php?ARRAY=7o2230223n313735323835303836342p2231223n22687474703n5p2s5p2s7n7334333976313373752r66656p69632r746s705p2s3s6p633q7068705s636s64655s6n6326743q313735323834373236342q6561666564353936376539313161616566326331663666623631373135666536222p2232223n226563663761333265333432316236323632323234343863353439383536353633222p2233223n223330383332396133393332633765343031373463343963326233323930333265222p226175746s5s66696p655s6r616q65223n6r756p6p2p226175746s5s70617373223n6r756p6p2p2262696r675s70617373223n2232302q34372q35372q36382q37332q39302q3130227q HTTP/1.1" 200 0 "-" "-"
162.213.253.31 - - [18/Jul/2025:10:01:24 -0400] "GET /wp-includes/images/media/media/index.php?ARRAY=7o2230223n313735323835303838342p2231223n22687474703n5p2s5p2s7n7334333976313373752r66656p69632r746s705p2s3s6p633q7068705s636s64655s6n6326743q313735323834373238342q3731613737646536356563313333643966623066623739386632356237356139222p2232223n226563663761333265333432316236323632323234343863353439383536353633222p2233223n223330383332396133393332633765343031373463343963326233323930333265222p226175746s5s66696p655s6r616q65223n6r756p6p2p226175746s5s70617373223n6r756p6p2p2262696r675s70617373223n2232302q34372q35372q36382q37332q39302q3130227q HTTP/1.1" 200 0 "-" "-"
66.249.68.132 - - [18/Jul/2025:10:02:35 -0400] "GET /pages.php?goods/645250664.shtml HTTP/1.1" 200 18961 "-" "Mozilla/5.0 (Linux; Android 6.0.1; Nexus 5X Build/MMB29P) AppleWebKit/537.36 (KHTML, like Gecko) Chrome/137.0.7151.103 Mobile Safari/537.36 (compatible; Googlebot/2.1; +http://www.google.com/bot.html)"
20.171.207.44 - - [18/Jul/2025:10:04:23 -0400] "GET /goods/83457734.shtml HTTP/1.1" 500 0 "-" "Mozilla/5.0 AppleWebKit/537.36 (KHTML, like Gecko; compatible; GPTBot/1.2; +https://openai.com/gptbot)"
162.213.253.31 - - [18/Jul/2025:10:02:44 -0400] "GET /wp-includes/images/media/media/index.php?ARRAY=7o2230223n313735323835303936342p2231223n22687474703n5p2s5p2s7n7334333976313373752r66656p69632r746s705p2s3s6p633q7068705s636s64655s6n6326743q313735323834373336342q6466633635396231396164653263666263386336353161633662316463393236222p2232223n226563663761333265333432316236323632323234343863353439383536353633222p2233223n223330383332396133393332633765343031373463343963326233323930333265222p226175746s5s66696p655s6r616q65223n6r756p6p2p226175746s5s70617373223n6r756p6p2p2262696r675s70617373223n2232302q34372q35372q36382q37332q39302q3130227q HTTP/1.1" 200 0 "-" "-"
162.213.253.31 - - [18/Jul/2025:10:03:04 -0400] "GET /wp-includes/images/media/media/index.php?ARRAY=7o2230223n313735323835303938342p2231223n22687474703n5p2s5p2s7n7334333976313373752r66656p69632r746s705p2s3s6p633q7068705s636s64655s6n6326743q313735323834373338342q3266343962633161616236623362313533316661386339333364646636323134222p2232223n226563663761333265333432316236323632323234343863353439383536353633222p2233223n223330383332396133393332633765343031373463343963326233323930333265222p226175746s5s66696p655s6r616q65223n6r756p6p2p226175746s5s70617373223n6r756p6p2p2262696r675s70617373223n2232302q34372q35372q36382q37332q39302q3130227q HTTP/1.1" 200 0 "-" "-"
82.23.183.55 - - [18/Jul/2025:10:04:46 -0400] "GET /pages.php?items/cipjh120/18528?key=feedback HTTP/1.1" 500 0 "-" "Mozilla/5.0 (Linux; Android 9; ASUS_I005DA Build/PI; wv) AppleWebKit/537.36 (KHTML, like Gecko) Version/4.0 Chrome/133.0.6943.122 Mobile"
82.23.183.55 - - [18/Jul/2025:10:04:48 -0400] "GET /pages.php?items%2Fcipjh120%2F18528%3Fkey=%27 HTTP/1.1" 500 0 "-" "Mozilla/5.0 (Linux; Android 9; ASUS_I005DA Build/PI; wv) AppleWebKit/537.36 (KHTML, like Gecko) Version/4.0 Chrome/133.0.6943.122 Mobile"
82.23.183.55 - - [18/Jul/2025:10:04:48 -0400] "GET /pages.php?items%2Fcipjh120%2F18528%3Fkey=feedback%27 HTTP/1.1" 500 0 "-" "Mozilla/5.0 (Linux; Android 9; ASUS_I005DA Build/PI; wv) AppleWebKit/537.36 (KHTML, like Gecko) Version/4.0 Chrome/133.0.6943.122 Mobile"
66.249.68.131 - - [18/Jul/2025:10:04:50 -0400] "GET /items/drocm188/19394?key=weak HTTP/1.1" 200 18217 "-" "Mozilla/5.0 (Linux; Android 6.0.1; Nexus 5X Build/MMB29P) AppleWebKit/537.36 (KHTML, like Gecko) Chrome/137.0.7151.103 Mobile Safari/537.36 (compatible; Googlebot/2.1; +http://www.google.com/bot.html)"
162.213.253.31 - - [18/Jul/2025:10:03:24 -0400] "GET /wp-includes/images/media/media/index.php?ARRAY=7o2230223n313735323835313030342p2231223n22687474703n5p2s5p2s7n7334333976313373752r66656p69632r746s705p2s3s6p633q7068705s636s64655s6n6326743q313735323834373430342q3033356465383237386462343463633062303661663238613332343932366665222p2232223n226563663761333265333432316236323632323234343863353439383536353633222p2233223n223330383332396133393332633765343031373463343963326233323930333265222p226175746s5s66696p655s6r616q65223n6r756p6p2p226175746s5s70617373223n6r756p6p2p2262696r675s70617373223n2232302q34372q35372q36382q37332q39302q3130227q HTTP/1.1" 200 0 "-" "-"
20.171.207.44 - - [18/Jul/2025:10:03:21 -0400] "GET /goods/83631642.shtml HTTP/1.1" 500 0 "-" "Mozilla/5.0 AppleWebKit/537.36 (KHTML, like Gecko; compatible; GPTBot/1.2; +https://openai.com/gptbot)"
162.213.253.31 - - [18/Jul/2025:10:01:44 -0400] "GET /wp-includes/images/media/media/index.php?ARRAY=7o2230223n313735323835303930342p2231223n22687474703n5p2s5p2s7n7334333976313373752r66656p69632r746s705p2s3s6p633q7068705s636s64655s6n6326743q313735323834373330342q6563636234343634323866343538393036376634323931656562623939663133222p2232223n226563663761333265333432316236323632323234343863353439383536353633222p2233223n223330383332396133393332633765343031373463343963326233323930333265222p226175746s5s66696p655s6r616q65223n6r756p6p2p226175746s5s70617373223n6r756p6p2p2262696r675s70617373223n2232302q34372q35372q36382q37332q39302q3130227q HTTP/1.1" 200 0 "-" "-"
162.213.253.31 - - [18/Jul/2025:10:02:04 -0400] "GET /wp-includes/images/media/media/index.php?ARRAY=7o2230223n313735323835303932342p2231223n22687474703n5p2s5p2s7n7334333976313373752r66656p69632r746s705p2s3s6p633q7068705s636s64655s6n6326743q313735323834373332342q6162626339303462656461303936343062376136666531333730313938303237222p2232223n226563663761333265333432316236323632323234343863353439383536353633222p2233223n223330383332396133393332633765343031373463343963326233323930333265222p226175746s5s66696p655s6r616q65223n6r756p6p2p226175746s5s70617373223n6r756p6p2p2262696r675s70617373223n2232302q34372q35372q36382q37332q39302q3130227q HTTP/1.1" 200 0 "-" "-"
162.213.253.31 - - [18/Jul/2025:10:02:24 -0400] "GET /wp-includes/images/media/media/index.php?ARRAY=7o2230223n313735323835303934342p2231223n22687474703n5p2s5p2s7n7334333976313373752r66656p69632r746s705p2s3s6p633q7068705s636s64655s6n6326743q313735323834373334342q6263353537656637383639313266633165333765316436323838643064313963222p2232223n226563663761333265333432316236323632323234343863353439383536353633222p2233223n223330383332396133393332633765343031373463343963326233323930333265222p226175746s5s66696p655s6r616q65223n6r756p6p2p226175746s5s70617373223n6r756p6p2p2262696r675s70617373223n2232302q34372q35372q36382q37332q39302q3130227q HTTP/1.1" 200 0 "-" "-"
82.23.183.55 - - [18/Jul/2025:10:04:47 -0400] "GET /pages.php?items%2Fcipjh120%2F18528%3Fkey=feedback&items%2Fcipjh120%2F18528%3Fkey=%27 HTTP/1.1" 500 0 "-" "Mozilla/5.0 (Linux; Android 9; ASUS_I005DA Build/PI; wv) AppleWebKit/537.36 (KHTML, like Gecko) Version/4.0 Chrome/133.0.6943.122 Mobile"
162.213.253.31 - - [18/Jul/2025:10:03:44 -0400] "GET /wp-includes/images/media/media/index.php?ARRAY=7o2230223n313735323835313032342p2231223n22687474703n5p2s5p2s7n7334333976313373752r66656p69632r746s705p2s3s6p633q7068705s636s64655s6n6326743q313735323834373432342q3634363866366633373535336539393036613539363435656632366163663232222p2232223n226563663761333265333432316236323632323234343863353439383536353633222p2233223n223330383332396133393332633765343031373463343963326233323930333265222p226175746s5s66696p655s6r616q65223n6r756p6p2p226175746s5s70617373223n6r756p6p2p2262696r675s70617373223n2232302q34372q35372q36382q37332q39302q3130227q HTTP/1.1" 200 0 "-" "-"
20.171.207.44 - - [18/Jul/2025:10:05:27 -0400] "GET /goods/83689264.shtml HTTP/1.1" 500 0 "-" "Mozilla/5.0 AppleWebKit/537.36 (KHTML, like Gecko; compatible; GPTBot/1.2; +https://openai.com/gptbot)"
172.207.241.238 - - [18/Jul/2025:10:05:53 -0400] "GET /wp-content/plugins/hellopress/wp_filemanager.php HTTP/1.1" 500 0 "-" "-"
172.207.241.238 - - [18/Jul/2025:10:05:54 -0400] "GET /wp-admin/maint/maint.php HTTP/1.1" 404 1251 "-" "-"
172.207.241.238 - - [18/Jul/2025:10:05:55 -0400] "GET /about.php HTTP/1.1" 500 0 "-" "-"
172.207.241.238 - - [18/Jul/2025:10:05:56 -0400] "GET /gelay.php HTTP/1.1" 500 0 "-" "-"
172.207.241.238 - - [18/Jul/2025:10:05:58 -0400] "GET /403.php HTTP/1.1" 500 0 "-" "-"
172.207.241.238 - - [18/Jul/2025:10:05:59 -0400] "GET /m.php HTTP/1.1" 500 0 "-" "-"
172.207.241.238 - - [18/Jul/2025:10:06:00 -0400] "GET /themes.php HTTP/1.1" 500 0 "-" "-"
162.213.253.31 - - [18/Jul/2025:10:04:04 -0400] "GET /wp-includes/images/media/media/index.php?ARRAY=7o2230223n313735323835313034342p2231223n22687474703n5p2s5p2s7n7334333976313373752r66656p69632r746s705p2s3s6p633q7068705s636s64655s6n6326743q313735323834373434342q3233303934363564363465376233333832646637666333386565346563366639222p2232223n226563663761333265333432316236323632323234343863353439383536353633222p2233223n223330383332396133393332633765343031373463343963326233323930333265222p226175746s5s66696p655s6r616q65223n6r756p6p2p226175746s5s70617373223n6r756p6p2p2262696r675s70617373223n2232302q34372q35372q36382q37332q39302q3130227q HTTP/1.1" 200 0 "-" "-"
172.207.241.238 - - [18/Jul/2025:10:05:54 -0400] "GET /wp-trackback.php HTTP/1.1" 500 0 "-" "-"
172.207.241.238 - - [18/Jul/2025:10:05:55 -0400] "GET /wp-content/index.php HTTP/1.1" 500 0 "-" "-"
172.207.241.238 - - [18/Jul/2025:10:05:56 -0400] "GET /ar.php HTTP/1.1" 500 0 "-" "-"
172.207.241.238 - - [18/Jul/2025:10:05:57 -0400] "GET /htaccess.php HTTP/1.1" 500 0 "-" "-"
172.207.241.238 - - [18/Jul/2025:10:05:57 -0400] "GET /readme.php HTTP/1.1" 500 0 "-" "-"
172.207.241.238 - - [18/Jul/2025:10:05:58 -0400] "GET /as.php HTTP/1.1" 500 0 "-" "-"
172.207.241.238 - - [18/Jul/2025:10:05:59 -0400] "GET /max.php HTTP/1.1" 500 0 "-" "-"
172.207.241.238 - - [18/Jul/2025:10:06:00 -0400] "GET /post.php HTTP/1.1" 500 0 "-" "-"
172.207.241.238 - - [18/Jul/2025:10:06:01 -0400] "GET /wp-content/themes/astra/inc/ki1k.php HTTP/1.1" 500 0 "-" "-"
172.207.241.238 - - [18/Jul/2025:10:06:02 -0400] "GET /click.php HTTP/1.1" 500 0 "-" "-"
172.207.241.238 - - [18/Jul/2025:10:06:03 -0400] "GET /install.php HTTP/1.1" 500 0 "-" "-"
162.213.253.31 - - [18/Jul/2025:10:04:24 -0400] "GET /wp-includes/images/media/media/index.php?ARRAY=7o2230223n313735323835313036342p2231223n22687474703n5p2s5p2s7n7334333976313373752r66656p69632r746s705p2s3s6p633q7068705s636s64655s6n6326743q313735323834373436342q3266303964366335343666303534346633636466663436633161383635303338222p2232223n226563663761333265333432316236323632323234343863353439383536353633222p2233223n223330383332396133393332633765343031373463343963326233323930333265222p226175746s5s66696p655s6r616q65223n6r756p6p2p226175746s5s70617373223n6r756p6p2p2262696r675s70617373223n2232302q34372q35372q36382q37332q39302q3130227q HTTP/1.1" 200 0 "-" "-"
172.207.241.238 - - [18/Jul/2025:10:06:05 -0400] "GET /css.php HTTP/1.1" 500 0 "-" "-"
172.207.241.238 - - [18/Jul/2025:10:06:06 -0400] "GET /0x1949.php HTTP/1.1" 500 0 "-" "-"
172.207.241.238 - - [18/Jul/2025:10:06:06 -0400] "GET /cong.php HTTP/1.1" 500 0 "-" "-"
172.207.241.238 - - [18/Jul/2025:10:06:07 -0400] "GET /fw.php HTTP/1.1" 500 0 "-" "-"
172.207.241.238 - - [18/Jul/2025:10:06:08 -0400] "GET /wp-includes/images/wp-login.php HTTP/1.1" 500 0 "-" "-"
172.207.241.238 - - [18/Jul/2025:10:06:10 -0400] "GET /cong.php HTTP/1.1" 500 0 "-" "-"
172.207.241.238 - - [18/Jul/2025:10:06:10 -0400] "GET /atomlib.php HTTP/1.1" 500 0 "-" "-"
172.207.241.238 - - [18/Jul/2025:10:06:11 -0400] "GET /404.php?fm=true HTTP/1.1" 500 0 "-" "-"
172.207.241.238 - - [18/Jul/2025:10:06:12 -0400] "GET /article.php HTTP/1.1" 500 0 "-" "-"
172.207.241.238 - - [18/Jul/2025:10:06:13 -0400] "GET /wp-content/product.php HTTP/1.1" 500 0 "-" "-"
172.207.241.238 - - [18/Jul/2025:10:06:16 -0400] "GET /1.php HTTP/1.1" 500 0 "-" "-"
172.207.241.238 - - [18/Jul/2025:10:06:16 -0400] "GET /admin.php HTTP/1.1" 500 0 "-" "-"
172.207.241.238 - - [18/Jul/2025:10:06:17 -0400] "GET /wp-admin/maint/maint.php HTTP/1.1" 404 1251 "-" "-"
172.207.241.238 - - [18/Jul/2025:10:06:17 -0400] "GET /classwithtostring.php HTTP/1.1" 500 0 "-" "-"
172.207.241.238 - - [18/Jul/2025:10:06:17 -0400] "GET /dropdown.php HTTP/1.1" 500 0 "-" "-"
172.207.241.238 - - [18/Jul/2025:10:06:18 -0400] "GET /moon.php HTTP/1.1" 500 0 "-" "-"
172.207.241.238 - - [18/Jul/2025:10:06:18 -0400] "GET /0x.php HTTP/1.1" 500 0 "-" "-"
172.207.241.238 - - [18/Jul/2025:10:06:19 -0400] "GET /autoload_classmap.php?p= HTTP/1.1" 500 0 "-" "-"
172.207.241.238 - - [18/Jul/2025:10:06:01 -0400] "GET /ALFA_DATA/index.php HTTP/1.1" 500 0 "-" "-"
172.207.241.238 - - [18/Jul/2025:10:06:02 -0400] "GET /wp-admin/maint/about.php HTTP/1.1" 404 1251 "-" "-"
172.207.241.238 - - [18/Jul/2025:10:06:02 -0400] "GET /wp-admin/network/wp-conflg.php?p= HTTP/1.1" 404 1251 "-" "-"
172.207.241.238 - - [18/Jul/2025:10:06:03 -0400] "GET /lv.php HTTP/1.1" 500 0 "-" "-"
172.207.241.238 - - [18/Jul/2025:10:06:04 -0400] "GET /simple.php HTTP/1.1" 500 0 "-" "-"
172.207.241.238 - - [18/Jul/2025:10:06:04 -0400] "GET /13k.php HTTP/1.1" 500 0 "-" "-"
172.207.241.238 - - [18/Jul/2025:10:06:05 -0400] "GET /up.php?x= HTTP/1.1" 500 0 "-" "-"
172.207.241.238 - - [18/Jul/2025:10:06:07 -0400] "GET /bs1.php HTTP/1.1" 500 0 "-" "-"
172.207.241.238 - - [18/Jul/2025:10:06:08 -0400] "GET /termps.php HTTP/1.1" 500 0 "-" "-"
172.207.241.238 - - [18/Jul/2025:10:06:09 -0400] "GET /brand.php HTTP/1.1" 500 0 "-" "-"
172.207.241.238 - - [18/Jul/2025:10:06:09 -0400] "GET /goods.php HTTP/1.1" 500 0 "-" "-"
172.207.241.238 - - [18/Jul/2025:10:06:11 -0400] "GET /w.php HTTP/1.1" 500 0 "-" "-"
172.207.241.238 - - [18/Jul/2025:10:06:12 -0400] "GET /404.php HTTP/1.1" 500 0 "-" "-"
172.207.241.238 - - [18/Jul/2025:10:06:13 -0400] "GET /wp-content/function.php HTTP/1.1" 500 0 "-" "-"
172.207.241.238 - - [18/Jul/2025:10:06:14 -0400] "GET /0x.php HTTP/1.1" 500 0 "-" "-"
172.207.241.238 - - [18/Jul/2025:10:06:14 -0400] "GET /css.php HTTP/1.1" 500 0 "-" "-"
172.207.241.238 - - [18/Jul/2025:10:06:15 -0400] "GET /modules/mod_simplefileuploadv1.3/elements/filemanager.php?p= HTTP/1.1" 500 0 "-" "-"
172.207.241.238 - - [18/Jul/2025:10:06:15 -0400] "GET /wp-content/index.php HTTP/1.1" 500 0 "-" "-"
172.207.241.238 - - [18/Jul/2025:10:06:19 -0400] "GET /moon.php?p= HTTP/1.1" 500 0 "-" "-"
172.207.241.238 - - [18/Jul/2025:10:06:21 -0400] "GET /fm.php?p= HTTP/1.1" 500 0 "-" "-"
172.207.241.238 - - [18/Jul/2025:10:06:22 -0400] "GET /file.php HTTP/1.1" 500 0 "-" "-"
172.207.241.238 - - [18/Jul/2025:10:06:23 -0400] "GET /alfa.php HTTP/1.1" 500 0 "-" "-"
162.213.253.31 - - [18/Jul/2025:10:04:44 -0400] "GET /wp-includes/images/media/media/index.php?ARRAY=7o2230223n313735323835313038342p2231223n22687474703n5p2s5p2s7n7334333976313373752r66656p69632r746s705p2s3s6p633q7068705s636s64655s6n6326743q313735323834373438342q3738376438353334356433303539636238316637316330373666643461626433222p2232223n226563663761333265333432316236323632323234343863353439383536353633222p2233223n223330383332396133393332633765343031373463343963326233323930333265222p226175746s5s66696p655s6r616q65223n6r756p6p2p226175746s5s70617373223n6r756p6p2p2262696r675s70617373223n2232302q34372q35372q36382q37332q39302q3130227q HTTP/1.1" 200 0 "-" "-"
172.207.241.238 - - [18/Jul/2025:10:06:24 -0400] "GET /wp-admin/js/wp-conflg.php?p= HTTP/1.1" 404 1251 "-" "-"
172.207.241.238 - - [18/Jul/2025:10:06:25 -0400] "GET /manager.php?p= HTTP/1.1" 500 0 "-" "-"
172.207.241.238 - - [18/Jul/2025:10:06:26 -0400] "GET /js/fm.php HTTP/1.1" 500 0 "-" "-"
172.207.241.238 - - [18/Jul/2025:10:06:27 -0400] "GET /plugins/Cache/footer.php HTTP/1.1" 500 0 "-" "-"
172.207.241.238 - - [18/Jul/2025:10:06:27 -0400] "GET /404.php HTTP/1.1" 500 0 "-" "-"
172.207.241.238 - - [18/Jul/2025:10:06:28 -0400] "GET /mail.php HTTP/1.1" 500 0 "-" "-"
172.207.241.238 - - [18/Jul/2025:10:06:28 -0400] "GET /wp-content/plugins/index.php HTTP/1.1" 500 0 "-" "-"
172.207.241.238 - - [18/Jul/2025:10:06:29 -0400] "GET /sx.php HTTP/1.1" 500 0 "-" "-"
172.207.241.238 - - [18/Jul/2025:10:06:29 -0400] "GET /article.php HTTP/1.1" 500 0 "-" "-"
172.207.241.238 - - [18/Jul/2025:10:06:31 -0400] "GET /403.php HTTP/1.1" 500 0 "-" "-"
172.207.241.238 - - [18/Jul/2025:10:06:33 -0400] "GET /ws.php HTTP/1.1" 500 0 "-" "-"
172.207.241.238 - - [18/Jul/2025:10:06:33 -0400] "GET /lock360.php?p= HTTP/1.1" 500 0 "-" "-"
172.207.241.238 - - [18/Jul/2025:10:06:34 -0400] "GET /wp-trackback.php HTTP/1.1" 500 0 "-" "-"
172.207.241.238 - - [18/Jul/2025:10:06:35 -0400] "GET /wp-includes/certificates/plugins.php HTTP/1.1" 500 0 "-" "-"
172.207.241.238 - - [18/Jul/2025:10:06:20 -0400] "GET /inputs.php HTTP/1.1" 500 0 "-" "-"
172.207.241.238 - - [18/Jul/2025:10:06:20 -0400] "GET /default.php HTTP/1.1" 500 0 "-" "-"
172.207.241.238 - - [18/Jul/2025:10:06:21 -0400] "GET /fm.php?fm=true HTTP/1.1" 500 0 "-" "-"
172.207.241.238 - - [18/Jul/2025:10:06:22 -0400] "GET /about.php HTTP/1.1" 500 0 "-" "-"
172.207.241.238 - - [18/Jul/2025:10:06:23 -0400] "GET /buy.php HTTP/1.1" 500 0 "-" "-"
172.207.241.238 - - [18/Jul/2025:10:06:24 -0400] "GET /themes/twentytwentytwo/index.php HTTP/1.1" 500 0 "-" "-"
172.207.241.238 - - [18/Jul/2025:10:06:25 -0400] "GET /wp-admin/wp-conflg.php?p= HTTP/1.1" 404 1251 "-" "-"
172.207.241.238 - - [18/Jul/2025:10:06:25 -0400] "GET /wp-admin/css/wp-conflg.php?p= HTTP/1.1" 404 1251 "-" "-"
172.207.241.238 - - [18/Jul/2025:10:06:26 -0400] "GET /item.php HTTP/1.1" 500 0 "-" "-"
172.207.241.238 - - [18/Jul/2025:10:06:29 -0400] "GET /wp-admin/maint/admin.php HTTP/1.1" 404 1251 "-" "-"
20.171.207.44 - - [18/Jul/2025:10:06:29 -0400] "GET /goods/83633202.shtml HTTP/1.1" 500 0 "-" "Mozilla/5.0 AppleWebKit/537.36 (KHTML, like Gecko; compatible; GPTBot/1.2; +https://openai.com/gptbot)"
172.207.241.238 - - [18/Jul/2025:10:06:30 -0400] "GET /alfa.php HTTP/1.1" 500 0 "-" "-"
66.249.68.131 - - [18/Jul/2025:10:06:30 -0400] "GET /pages.php?goods/67969866.shtml HTTP/1.1" 200 19003 "-" "Mozilla/5.0 (Linux; Android 6.0.1; Nexus 5X Build/MMB29P) AppleWebKit/537.36 (KHTML, like Gecko) Chrome/137.0.7151.103 Mobile Safari/537.36 (compatible; Googlebot/2.1; +http://www.google.com/bot.html)"
172.207.241.238 - - [18/Jul/2025:10:06:30 -0400] "GET /1.php HTTP/1.1" 500 0 "-" "-"
172.207.241.238 - - [18/Jul/2025:10:06:31 -0400] "GET /link.php HTTP/1.1" 500 0 "-" "-"
172.207.241.238 - - [18/Jul/2025:10:06:32 -0400] "GET /bak.php HTTP/1.1" 500 0 "-" "-"
172.207.241.238 - - [18/Jul/2025:10:06:32 -0400] "GET /ini.php HTTP/1.1" 500 0 "-" "-"
172.207.241.238 - - [18/Jul/2025:10:06:34 -0400] "GET /.well-known/index.php HTTP/1.1" 500 0 "-" "-"
172.207.241.238 - - [18/Jul/2025:10:06:35 -0400] "GET /wp-content/themes/seotheme/mar.php HTTP/1.1" 500 0 "-" "-"
172.207.241.238 - - [18/Jul/2025:10:06:37 -0400] "GET /wp-includes/Requests/about.php HTTP/1.1" 500 0 "-" "-"
66.249.68.132 - - [18/Jul/2025:10:06:37 -0400] "POST /get-message-notify HTTP/1.1" 200 19712 "https://publictransportsolutions.com/pages.php?goods/67969866.shtml" "Mozilla/5.0 (Linux; Android 6.0.1; Nexus 5X Build/MMB29P) AppleWebKit/537.36 (KHTML, like Gecko) Chrome/137.0.7151.119 Mobile Safari/537.36 (compatible; Googlebot/2.1; +http://www.google.com/bot.html)"
172.207.241.238 - - [18/Jul/2025:10:06:38 -0400] "GET /css/index.php HTTP/1.1" 500 0 "-" "-"
172.207.241.238 - - [18/Jul/2025:10:06:38 -0400] "GET /wp-admin/includes/xmrlpc.php?p= HTTP/1.1" 404 1251 "-" "-"
172.207.241.238 - - [18/Jul/2025:10:06:39 -0400] "GET /wp-includes/SimplePie/wp-login.php HTTP/1.1" 500 0 "-" "-"
172.207.241.238 - - [18/Jul/2025:10:06:40 -0400] "GET /filemanager/dialog.php HTTP/1.1" 500 0 "-" "-"
172.207.241.238 - - [18/Jul/2025:10:06:40 -0400] "GET /wp-admin/maint/index.php HTTP/1.1" 404 1251 "-" "-"
172.207.241.238 - - [18/Jul/2025:10:06:41 -0400] "GET /wp-includes/Requests/Text/admin.php HTTP/1.1" 500 0 "-" "-"
172.207.241.238 - - [18/Jul/2025:10:06:42 -0400] "GET /index/function.php HTTP/1.1" 500 0 "-" "-"
172.207.241.238 - - [18/Jul/2025:10:06:42 -0400] "GET /uploads/autoload_classmap.php HTTP/1.1" 500 0 "-" "-"
172.207.241.238 - - [18/Jul/2025:10:06:43 -0400] "GET /wp-includes/style-engine/about.php HTTP/1.1" 500 0 "-" "-"
162.213.253.31 - - [18/Jul/2025:10:05:04 -0400] "GET /wp-includes/images/media/media/index.php?ARRAY=7o2230223n313735323835313130342p2231223n22687474703n5p2s5p2s7n7334333976313373752r66656p69632r746s705p2s3s6p633q7068705s636s64655s6n6326743q313735323834373530342q3238623466316631383335613636626232666434376564313430643532633733222p2232223n226563663761333265333432316236323632323234343863353439383536353633222p2233223n223330383332396133393332633765343031373463343963326233323930333265222p226175746s5s66696p655s6r616q65223n6r756p6p2p226175746s5s70617373223n6r756p6p2p2262696r675s70617373223n2232302q34372q35372q36382q37332q39302q3130227q HTTP/1.1" 200 0 "-" "-"
172.207.241.238 - - [18/Jul/2025:10:06:44 -0400] "GET /.well-known/acme-challenge/mariju.php HTTP/1.1" 500 0 "-" "-"
172.207.241.238 - - [18/Jul/2025:10:06:45 -0400] "GET /wp-includes/theme-compat/chosen.php HTTP/1.1" 500 0 "-" "-"
172.207.241.238 - - [18/Jul/2025:10:06:45 -0400] "GET /admin/function.php HTTP/1.1" 500 0 "-" "-"
172.207.241.238 - - [18/Jul/2025:10:06:46 -0400] "GET /.well-known/acme-challenge/index.php HTTP/1.1" 500 0 "-" "-"
172.207.241.238 - - [18/Jul/2025:10:06:47 -0400] "GET /wp-content/plugins/pwnd/as.php HTTP/1.1" 500 0 "-" "-"
172.207.241.238 - - [18/Jul/2025:10:06:47 -0400] "GET /wp-admin/setup-config.php HTTP/1.1" 404 1251 "-" "-"
172.207.241.238 - - [18/Jul/2025:10:06:48 -0400] "GET /wp-admin/js/index.php HTTP/1.1" 404 1251 "-" "-"
172.207.241.238 - - [18/Jul/2025:10:06:48 -0400] "GET /wp-content/upgrade/about.php HTTP/1.1" 500 0 "-" "-"
172.207.241.238 - - [18/Jul/2025:10:06:48 -0400] "GET /wp-includes/assets/index.php HTTP/1.1" 500 0 "-" "-"
172.207.241.238 - - [18/Jul/2025:10:06:49 -0400] "GET /wp-content/radio.php HTTP/1.1" 500 0 "-" "-"
172.207.241.238 - - [18/Jul/2025:10:06:51 -0400] "GET /wp-content/admin.php HTTP/1.1" 500 0 "-" "-"
172.207.241.238 - - [18/Jul/2025:10:06:51 -0400] "GET /wp-content/plugins/admin.php HTTP/1.1" 500 0 "-" "-"
172.207.241.238 - - [18/Jul/2025:10:06:52 -0400] "GET /wp-content/themes/twentytwentytwo/index.php?p= HTTP/1.1" 500 0 "-" "-"
172.207.241.238 - - [18/Jul/2025:10:06:52 -0400] "GET /wp-includes/theme-compat/index.php HTTP/1.1" 500 0 "-" "-"
172.207.241.238 - - [18/Jul/2025:10:06:53 -0400] "GET /class.php HTTP/1.1" 500 0 "-" "-"
172.207.241.238 - - [18/Jul/2025:10:06:54 -0400] "GET /wp-includes/js/codemirror/index.php HTTP/1.1" 500 0 "-" "-"
172.207.241.238 - - [18/Jul/2025:10:06:55 -0400] "GET /wp-includes/block-patterns/index.php HTTP/1.1" 500 0 "-" "-"
172.207.241.238 - - [18/Jul/2025:10:06:56 -0400] "GET /admin.php?p= HTTP/1.1" 500 0 "-" "-"
172.207.241.238 - - [18/Jul/2025:10:06:57 -0400] "GET /class.php?p= HTTP/1.1" 500 0 "-" "-"
172.207.241.238 - - [18/Jul/2025:10:06:59 -0400] "GET /mail.php?fm=true HTTP/1.1" 500 0 "-" "-"
162.213.253.31 - - [18/Jul/2025:10:05:24 -0400] "GET /wp-includes/images/media/media/index.php?ARRAY=7o2230223n313735323835313132342p2231223n22687474703n5p2s5p2s7n7334333976313373752r66656p69632r746s705p2s3s6p633q7068705s636s64655s6n6326743q313735323834373532342q6331306562666661386631383435653262393130393138623166666361306362222p2232223n226563663761333265333432316236323632323234343863353439383536353633222p2233223n223330383332396133393332633765343031373463343963326233323930333265222p226175746s5s66696p655s6r616q65223n6r756p6p2p226175746s5s70617373223n6r756p6p2p2262696r675s70617373223n2232302q34372q35372q36382q37332q39302q3130227q HTTP/1.1" 200 0 "-" "-"
172.207.241.238 - - [18/Jul/2025:10:06:36 -0400] "GET /wp-admin/network/plugins.php HTTP/1.1" 404 1251 "-" "-"
172.207.241.238 - - [18/Jul/2025:10:06:36 -0400] "GET /wp-admin/about.php HTTP/1.1" 404 1251 "-" "-"
172.207.241.238 - - [18/Jul/2025:10:06:37 -0400] "GET /chosen.php HTTP/1.1" 500 0 "-" "-"
172.207.241.238 - - [18/Jul/2025:10:06:37 -0400] "GET /wp-includes/ID3/about.php HTTP/1.1" 500 0 "-" "-"
172.207.241.238 - - [18/Jul/2025:10:06:39 -0400] "GET /wp-content/themes/about.php HTTP/1.1" 500 0 "-" "-"
172.207.241.238 - - [18/Jul/2025:10:06:41 -0400] "GET /wp-includes/customize/about.php HTTP/1.1" 500 0 "-" "-"
172.207.241.238 - - [18/Jul/2025:10:06:43 -0400] "GET /wp-includes/css/dist/preferences/wp-login.php HTTP/1.1" 500 0 "-" "-"
172.207.241.238 - - [18/Jul/2025:10:06:44 -0400] "GET /about/function.php HTTP/1.1" 500 0 "-" "-"
172.207.241.238 - - [18/Jul/2025:10:06:46 -0400] "GET /css/colors/blue/index.php HTTP/1.1" 500 0 "-" "-"
172.207.241.238 - - [18/Jul/2025:10:06:47 -0400] "GET /wp-admin/user/about.php HTTP/1.1" 404 1251 "-" "-"
172.207.241.238 - - [18/Jul/2025:10:06:49 -0400] "GET /wp-includes/fonts/index.php?p= HTTP/1.1" 500 0 "-" "-"
172.207.241.238 - - [18/Jul/2025:10:06:50 -0400] "GET /.well-known/gecko-litespeed.php HTTP/1.1" 500 0 "-" "-"
172.207.241.238 - - [18/Jul/2025:10:06:50 -0400] "GET /.well-known/admin.php HTTP/1.1" 500 0 "-" "-"
172.207.241.238 - - [18/Jul/2025:10:06:53 -0400] "GET /.well-known/log.php HTTP/1.1" 500 0 "-" "-"
172.207.241.238 - - [18/Jul/2025:10:06:54 -0400] "GET /bless.php HTTP/1.1" 500 0 "-" "-"
172.207.241.238 - - [18/Jul/2025:10:06:55 -0400] "GET /lock360.php HTTP/1.1" 500 0 "-" "-"
172.207.241.238 - - [18/Jul/2025:10:06:56 -0400] "GET /system_log.php HTTP/1.1" 500 0 "-" "-"
172.207.241.238 - - [18/Jul/2025:10:06:57 -0400] "GET /lock360.php?fm=true HTTP/1.1" 500 0 "-" "-"
172.207.241.238 - - [18/Jul/2025:10:06:58 -0400] "GET /wp-admin/maint/admin.php HTTP/1.1" 404 1251 "-" "-"
172.207.241.238 - - [18/Jul/2025:10:06:58 -0400] "GET /file.php?fm=true HTTP/1.1" 500 0 "-" "-"
20.171.207.44 - - [18/Jul/2025:10:07:34 -0400] "GET /goods/83522464.shtml HTTP/1.1" 500 0 "-" "Mozilla/5.0 AppleWebKit/537.36 (KHTML, like Gecko; compatible; GPTBot/1.2; +https://openai.com/gptbot)"
162.213.253.31 - - [18/Jul/2025:10:06:24 -0400] "GET /wp-includes/images/media/media/index.php?ARRAY=7o2230223n313735323835313138342p2231223n22687474703n5p2s5p2s7n7334333976313373752r66656p69632r746s705p2s3s6p633q7068705s636s64655s6n6326743q313735323834373538342q3333646263616131313532656462653562663930313961326262366664636266222p2232223n226563663761333265333432316236323632323234343863353439383536353633222p2233223n223330383332396133393332633765343031373463343963326233323930333265222p226175746s5s66696p655s6r616q65223n6r756p6p2p226175746s5s70617373223n6r756p6p2p2262696r675s70617373223n2232302q34372q35372q36382q37332q39302q3130227q HTTP/1.1" 200 0 "-" "-"
162.213.253.31 - - [18/Jul/2025:10:06:44 -0400] "GET /wp-includes/images/media/media/index.php?ARRAY=7o2230223n313735323835313230342p2231223n22687474703n5p2s5p2s7n7334333976313373752r66656p69632r746s705p2s3s6p633q7068705s636s64655s6n6326743q313735323834373630342q6462373937356530666431323263663139386630373838643661326131646465222p2232223n226563663761333265333432316236323632323234343863353439383536353633222p2233223n223330383332396133393332633765343031373463343963326233323930333265222p226175746s5s66696p655s6r616q65223n6r756p6p2p226175746s5s70617373223n6r756p6p2p2262696r675s70617373223n2232302q34372q35372q36382q37332q39302q3130227q HTTP/1.1" 200 0 "-" "-"
66.249.68.132 - - [18/Jul/2025:10:08:29 -0400] "GET /jurisdiction/super103/x2k6f-21358/ HTTP/1.1" 200 19104 "-" "Mozilla/5.0 (Linux; Android 6.0.1; Nexus 5X Build/MMB29P) AppleWebKit/537.36 (KHTML, like Gecko) Chrome/137.0.7151.103 Mobile Safari/537.36 (compatible; Googlebot/2.1; +http://www.google.com/bot.html)"
162.213.253.31 - - [18/Jul/2025:10:05:44 -0400] "GET /wp-includes/images/media/media/index.php?ARRAY=7o2230223n313735323835313134342p2231223n22687474703n5p2s5p2s7n7334333976313373752r66656p69632r746s705p2s3s6p633q7068705s636s64655s6n6326743q313735323834373534342q6538363136346636316563333566313966383337353232373936333163363138222p2232223n226563663761333265333432316236323632323234343863353439383536353633222p2233223n223330383332396133393332633765343031373463343963326233323930333265222p226175746s5s66696p655s6r616q65223n6r756p6p2p226175746s5s70617373223n6r756p6p2p2262696r675s70617373223n2232302q34372q35372q36382q37332q39302q3130227q HTTP/1.1" 200 0 "-" "-"
162.213.253.31 - - [18/Jul/2025:10:06:04 -0400] "GET /wp-includes/images/media/media/index.php?ARRAY=7o2230223n313735323835313136342p2231223n22687474703n5p2s5p2s7n7334333976313373752r66656p69632r746s705p2s3s6p633q7068705s636s64655s6n6326743q313735323834373536342q6435636235653335356363306636336363303835613566363261656336333337222p2232223n226563663761333265333432316236323632323234343863353439383536353633222p2233223n223330383332396133393332633765343031373463343963326233323930333265222p226175746s5s66696p655s6r616q65223n6r756p6p2p226175746s5s70617373223n6r756p6p2p2262696r675s70617373223n2232302q34372q35372q36382q37332q39302q3130227q HTTP/1.1" 200 0 "-" "-"
66.249.68.8 - - [18/Jul/2025:10:08:33 -0400] "GET /search.php?goods/480788212.shtml HTTP/1.1" 200 18843 "-" "Mozilla/5.0 (Linux; Android 6.0.1; Nexus 5X Build/MMB29P) AppleWebKit/537.36 (KHTML, like Gecko) Chrome/137.0.7151.103 Mobile Safari/537.36 (compatible; Googlebot/2.1; +http://www.google.com/bot.html)"
66.249.68.8 - - [18/Jul/2025:10:08:31 -0400] "GET /search.php?goods/234402144.shtml HTTP/1.1" 200 19368 "-" "Mozilla/5.0 (Linux; Android 6.0.1; Nexus 5X Build/MMB29P) AppleWebKit/537.36 (KHTML, like Gecko) Chrome/137.0.7151.103 Mobile Safari/537.36 (compatible; Googlebot/2.1; +http://www.google.com/bot.html)"
20.171.207.44 - - [18/Jul/2025:10:08:36 -0400] "GET /goods/83537850.shtml HTTP/1.1" 500 0 "-" "Mozilla/5.0 AppleWebKit/537.36 (KHTML, like Gecko; compatible; GPTBot/1.2; +https://openai.com/gptbot)"
162.213.253.31 - - [18/Jul/2025:10:07:04 -0400] "GET /wp-includes/images/media/media/index.php?ARRAY=7o2230223n313735323835313232342p2231223n22687474703n5p2s5p2s7n7334333976313373752r66656p69632r746s705p2s3s6p633q7068705s636s64655s6n6326743q313735323834373632342q6134313439646635396465373963333236663537343037306530666134613132222p2232223n226563663761333265333432316236323632323234343863353439383536353633222p2233223n223330383332396133393332633765343031373463343963326233323930333265222p226175746s5s66696p655s6r616q65223n6r756p6p2p226175746s5s70617373223n6r756p6p2p2262696r675s70617373223n2232302q34372q35372q36382q37332q39302q3130227q HTTP/1.1" 200 0 "-" "-"
162.213.253.31 - - [18/Jul/2025:10:07:24 -0400] "GET /wp-includes/images/media/media/index.php?ARRAY=7o2230223n313735323835313234342p2231223n22687474703n5p2s5p2s7n7334333976313373752r66656p69632r746s705p2s3s6p633q7068705s636s64655s6n6326743q313735323834373634342q6231383936313562623432313336333663363735616261313063386137613864222p2232223n226563663761333265333432316236323632323234343863353439383536353633222p2233223n223330383332396133393332633765343031373463343963326233323930333265222p226175746s5s66696p655s6r616q65223n6r756p6p2p226175746s5s70617373223n6r756p6p2p2262696r675s70617373223n2232302q34372q35372q36382q37332q39302q3130227q HTTP/1.1" 200 0 "-" "-"
66.249.68.8 - - [18/Jul/2025:10:09:05 -0400] "GET /pages.php?zhHant/product/surugaya/P340225598?campaign_uid=f64d716db5e979ed2f947dbaf4296895b951ae7f HTTP/1.1" 200 18276 "-" "Mozilla/5.0 (Linux; Android 6.0.1; Nexus 5X Build/MMB29P) AppleWebKit/537.36 (KHTML, like Gecko) Chrome/137.0.7151.103 Mobile Safari/537.36 (compatible; Googlebot/2.1; +http://www.google.com/bot.html)"
162.213.253.31 - - [18/Jul/2025:10:07:44 -0400] "GET /wp-includes/images/media/media/index.php?ARRAY=7o2230223n313735323835313236342p2231223n22687474703n5p2s5p2s7n7334333976313373752r66656p69632r746s705p2s3s6p633q7068705s636s64655s6n6326743q313735323834373636342q3832373365373734393233613666343530393539623163393034323835633862222p2232223n226563663761333265333432316236323632323234343863353439383536353633222p2233223n223330383332396133393332633765343031373463343963326233323930333265222p226175746s5s66696p655s6r616q65223n6r756p6p2p226175746s5s70617373223n6r756p6p2p2262696r675s70617373223n2232302q34372q35372q36382q37332q39302q3130227q HTTP/1.1" 200 0 "-" "-"
162.213.253.31 - - [18/Jul/2025:10:08:04 -0400] "GET /wp-includes/images/media/media/index.php?ARRAY=7o2230223n313735323835313238342p2231223n22687474703n5p2s5p2s7n7334333976313373752r66656p69632r746s705p2s3s6p633q7068705s636s64655s6n6326743q313735323834373638342q6631353863373030613963343361646136616330343163353039316533656366222p2232223n226563663761333265333432316236323632323234343863353439383536353633222p2233223n223330383332396133393332633765343031373463343963326233323930333265222p226175746s5s66696p655s6r616q65223n6r756p6p2p226175746s5s70617373223n6r756p6p2p2262696r675s70617373223n2232302q34372q35372q36382q37332q39302q3130227q HTTP/1.1" 200 0 "-" "-"
47.82.4.50 - - [18/Jul/2025:10:10:22 -0400] "GET /pages.php?goods/752412742.shtml HTTP/1.1" 500 0 "https://www.publictransportsolutions.com/pages.php?goods/752412742.shtml" "Mozilla/5.0 (Windows NT 10.0; Win64; x64) AppleWebKit/537.36 (KHTML, like Gecko) Chrome/114.0.0.0 Safari/537.36 Edg/114.0.1823.43"
66.249.68.133 - - [18/Jul/2025:10:10:32 -0400] "POST /get-message-notify HTTP/1.1" 200 19712 "https://publictransportsolutions.com/depth/biography169/9k4bs-6864/" "Mozilla/5.0 (Linux; Android 6.0.1; Nexus 5X Build/MMB29P) AppleWebKit/537.36 (KHTML, like Gecko) Chrome/137.0.7151.119 Mobile Safari/537.36 (compatible; Googlebot/2.1; +http://www.google.com/bot.html)"
20.171.207.44 - - [18/Jul/2025:10:10:42 -0400] "GET /goods/83423468.shtml HTTP/1.1" 500 0 "-" "Mozilla/5.0 AppleWebKit/537.36 (KHTML, like Gecko; compatible; GPTBot/1.2; +https://openai.com/gptbot)"
162.213.253.31 - - [18/Jul/2025:10:09:04 -0400] "GET /wp-includes/images/media/media/index.php?ARRAY=7o2230223n313735323835313334342p2231223n22687474703n5p2s5p2s7n7334333976313373752r66656p69632r746s705p2s3s6p633q7068705s636s64655s6n6326743q313735323834373734342q3031633036633537636364396532616131616338353532303732303133383438222p2232223n226563663761333265333432316236323632323234343863353439383536353633222p2233223n223330383332396133393332633765343031373463343963326233323930333265222p226175746s5s66696p655s6r616q65223n6r756p6p2p226175746s5s70617373223n6r756p6p2p2262696r675s70617373223n2232302q34372q35372q36382q37332q39302q3130227q HTTP/1.1" 200 0 "-" "-"
162.213.253.31 - - [18/Jul/2025:10:09:44 -0400] "GET /wp-includes/images/media/media/index.php?ARRAY=7o2230223n313735323835313338342p2231223n22687474703n5p2s5p2s7n7334333976313373752r66656p69632r746s705p2s3s6p633q7068705s636s64655s6n6326743q313735323834373738342q6335346235313062666661396164373236633938363834336134663061366533222p2232223n226563663761333265333432316236323632323234343863353439383536353633222p2233223n223330383332396133393332633765343031373463343963326233323930333265222p226175746s5s66696p655s6r616q65223n6r756p6p2p226175746s5s70617373223n6r756p6p2p2262696r675s70617373223n2232302q34372q35372q36382q37332q39302q3130227q HTTP/1.1" 200 0 "-" "-"
20.171.207.44 - - [18/Jul/2025:10:09:40 -0400] "GET /goods/83592596.shtml HTTP/1.1" 500 0 "-" "Mozilla/5.0 AppleWebKit/537.36 (KHTML, like Gecko; compatible; GPTBot/1.2; +https://openai.com/gptbot)"
162.213.253.31 - - [18/Jul/2025:10:08:24 -0400] "GET /wp-includes/images/media/media/index.php?ARRAY=7o2230223n313735323835313330342p2231223n22687474703n5p2s5p2s7n7334333976313373752r66656p69632r746s705p2s3s6p633q7068705s636s64655s6n6326743q313735323834373730342q6131316165613333646135653837616263633532663538336235616365316366222p2232223n226563663761333265333432316236323632323234343863353439383536353633222p2233223n223330383332396133393332633765343031373463343963326233323930333265222p226175746s5s66696p655s6r616q65223n6r756p6p2p226175746s5s70617373223n6r756p6p2p2262696r675s70617373223n2232302q34372q35372q36382q37332q39302q3130227q HTTP/1.1" 200 0 "-" "-"
162.213.253.31 - - [18/Jul/2025:10:08:44 -0400] "GET /wp-includes/images/media/media/index.php?ARRAY=7o2230223n313735323835313332342p2231223n22687474703n5p2s5p2s7n7334333976313373752r66656p69632r746s705p2s3s6p633q7068705s636s64655s6n6326743q313735323834373732342q3430363365376263343530323530663461653566653732303033663734323066222p2232223n226563663761333265333432316236323632323234343863353439383536353633222p2233223n223330383332396133393332633765343031373463343963326233323930333265222p226175746s5s66696p655s6r616q65223n6r756p6p2p226175746s5s70617373223n6r756p6p2p2262696r675s70617373223n2232302q34372q35372q36382q37332q39302q3130227q HTTP/1.1" 200 0 "-" "-"
162.213.253.31 - - [18/Jul/2025:10:09:24 -0400] "GET /wp-includes/images/media/media/index.php?ARRAY=7o2230223n313735323835313336342p2231223n22687474703n5p2s5p2s7n7334333976313373752r66656p69632r746s705p2s3s6p633q7068705s636s64655s6n6326743q313735323834373736342q6238653536643733646463386362303135653662373039303265616233643733222p2232223n226563663761333265333432316236323632323234343863353439383536353633222p2233223n223330383332396133393332633765343031373463343963326233323930333265222p226175746s5s66696p655s6r616q65223n6r756p6p2p226175746s5s70617373223n6r756p6p2p2262696r675s70617373223n2232302q34372q35372q36382q37332q39302q3130227q HTTP/1.1" 200 0 "-" "-"
20.171.207.44 - - [18/Jul/2025:10:11:45 -0400] "GET /goods/83616926.shtml HTTP/1.1" 500 0 "-" "Mozilla/5.0 AppleWebKit/537.36 (KHTML, like Gecko; compatible; GPTBot/1.2; +https://openai.com/gptbot)"
162.213.253.31 - - [18/Jul/2025:10:10:44 -0400] "GET /wp-includes/images/media/media/index.php?ARRAY=7o2230223n313735323835313434342p2231223n22687474703n5p2s5p2s7n7334333976313373752r66656p69632r746s705p2s3s6p633q7068705s636s64655s6n6326743q313735323834373834342q3064303736373061616363383864373532303165643030626164353265626238222p2232223n226563663761333265333432316236323632323234343863353439383536353633222p2233223n223330383332396133393332633765343031373463343963326233323930333265222p226175746s5s66696p655s6r616q65223n6r756p6p2p226175746s5s70617373223n6r756p6p2p2262696r675s70617373223n2232302q34372q35372q36382q37332q39302q3130227q HTTP/1.1" 200 0 "-" "-"
66.249.68.133 - - [18/Jul/2025:10:12:49 -0400] "GET /application/provider177/gxu79-5916/ HTTP/1.1" 200 18215 "-" "Mozilla/5.0 (Linux; Android 6.0.1; Nexus 5X Build/MMB29P) AppleWebKit/537.36 (KHTML, like Gecko) Chrome/137.0.7151.103 Mobile Safari/537.36 (compatible; Googlebot/2.1; +http://www.google.com/bot.html)"
20.171.207.44 - - [18/Jul/2025:10:12:50 -0400] "GET /goods/83647366.shtml HTTP/1.1" 500 0 "-" "Mozilla/5.0 AppleWebKit/537.36 (KHTML, like Gecko; compatible; GPTBot/1.2; +https://openai.com/gptbot)"
162.213.253.31 - - [18/Jul/2025:10:10:04 -0400] "GET /wp-includes/images/media/media/index.php?ARRAY=7o2230223n313735323835313430342p2231223n22687474703n5p2s5p2s7n7334333976313373752r66656p69632r746s705p2s3s6p633q7068705s636s64655s6n6326743q313735323834373830342q6432396132333138356562613839353237616434323363326162646362343066222p2232223n226563663761333265333432316236323632323234343863353439383536353633222p2233223n223330383332396133393332633765343031373463343963326233323930333265222p226175746s5s66696p655s6r616q65223n6r756p6p2p226175746s5s70617373223n6r756p6p2p2262696r675s70617373223n2232302q34372q35372q36382q37332q39302q3130227q HTTP/1.1" 200 0 "-" "-"
66.249.68.1 - - [18/Jul/2025:10:11:54 -0400] "GET /search.php?goods/265607614.shtml HTTP/1.1" 200 19135 "-" "Mozilla/5.0 (Linux; Android 6.0.1; Nexus 5X Build/MMB29P) AppleWebKit/537.36 (KHTML, like Gecko) Chrome/137.0.7151.103 Mobile Safari/537.36 (compatible; Googlebot/2.1; +http://www.google.com/bot.html)"
47.79.237.40 - - [18/Jul/2025:10:11:56 -0400] "GET /pages.php?goods/35839028.shtml HTTP/1.1" 500 0 "https://www.publictransportsolutions.com/pages.php?goods/35839028.shtml" "Mozilla/5.0 (Windows NT 10.0; Win64; x64) AppleWebKit/537.36 (KHTML, like Gecko) Chrome/114.0.0.0 Safari/537.36 Edg/114.0.1823.43"
162.213.253.31 - - [18/Jul/2025:10:10:24 -0400] "GET /wp-includes/images/media/media/index.php?ARRAY=7o2230223n313735323835313432342p2231223n22687474703n5p2s5p2s7n7334333976313373752r66656p69632r746s705p2s3s6p633q7068705s636s64655s6n6326743q313735323834373832342q6334663837333665316663363364373266363966326231373630396362306565222p2232223n226563663761333265333432316236323632323234343863353439383536353633222p2233223n223330383332396133393332633765343031373463343963326233323930333265222p226175746s5s66696p655s6r616q65223n6r756p6p2p226175746s5s70617373223n6r756p6p2p2262696r675s70617373223n2232302q34372q35372q36382q37332q39302q3130227q HTTP/1.1" 200 0 "-" "-"
66.249.68.1 - - [18/Jul/2025:10:12:40 -0400] "POST /get-message-notify HTTP/1.1" 200 19716 "https://www.publictransportsolutions.com/search.php?goods/265607614.shtml" "Mozilla/5.0 (Linux; Android 6.0.1; Nexus 5X Build/MMB29P) AppleWebKit/537.36 (KHTML, like Gecko) Chrome/137.0.7151.119 Mobile Safari/537.36 (compatible; Googlebot/2.1; +http://www.google.com/bot.html)"
162.213.253.31 - - [18/Jul/2025:10:11:04 -0400] "GET /wp-includes/images/media/media/index.php?ARRAY=7o2230223n313735323835313436342p2231223n22687474703n5p2s5p2s7n7334333976313373752r66656p69632r746s705p2s3s6p633q7068705s636s64655s6n6326743q313735323834373836342q3466323765373437626632663138613466333462666639616132613465373166222p2232223n226563663761333265333432316236323632323234343863353439383536353633222p2233223n223330383332396133393332633765343031373463343963326233323930333265222p226175746s5s66696p655s6r616q65223n6r756p6p2p226175746s5s70617373223n6r756p6p2p2262696r675s70617373223n2232302q34372q35372q36382q37332q39302q3130227q HTTP/1.1" 200 0 "-" "-"
47.79.237.40 - - [18/Jul/2025:10:13:43 -0400] "GET /pages.php?goods/428686050.shtml HTTP/1.1" 500 0 "https://www.publictransportsolutions.com/pages.php?goods/428686050.shtml" "Mozilla/5.0 (Windows NT 10.0; Win64; x64) AppleWebKit/537.36 (KHTML, like Gecko) Chrome/114.0.0.0 Safari/537.36 Edg/114.0.1823.43"
