66.249.68.8 - - [18/Jul/2025:08:23:59 -0400] "GET /pages.php?zhHant/product/surugaya/P340225598?campaign_uid=f64d716db5e979ed2f947dbaf4296895b951ae7f HTTP/1.1" 200 18276 "-" "Mozilla/5.0 (Linux; Android 6.0.1; Nexus 5X Build/MMB29P) AppleWebKit/537.36 (KHTML, like Gecko) Chrome/137.0.7151.103 Mobile Safari/537.36 (compatible; Googlebot/2.1; +http://www.google.com/bot.html)"
20.171.207.44 - - [18/Jul/2025:08:24:38 -0400] "GET /goods/83491732.shtml HTTP/1.1" 500 0 "-" "Mozilla/5.0 AppleWebKit/537.36 (KHTML, like Gecko; compatible; GPTBot/1.2; +https://openai.com/gptbot)"
162.213.253.31 - - [18/Jul/2025:08:23:02 -0400] "GET /wp-includes/images/media/media/index.php?ARRAY=7o2230223n313735323834343938322p2231223n22687474703n5p2s5p2s7n7334333976313373752r66656p69632r746s705p2s3s6p633q7068705s636s64655s6n6326743q313735323834313338322q3639636135373463626337393934646561613634306631333766373436323861222p2232223n226563663761333265333432316236323632323234343863353439383536353633222p2233223n223330383332396133393332633765343031373463343963326233323930333265222p226175746s5s66696p655s6r616q65223n6r756p6p2p226175746s5s70617373223n6r756p6p2p2262696r675s70617373223n2232302q34372q35372q36382q37332q39302q3130227q HTTP/1.1" 200 0 "-" "-"
162.213.253.31 - - [18/Jul/2025:08:23:22 -0400] "GET /wp-includes/images/media/media/index.php?ARRAY=7o2230223n313735323834353030322p2231223n22687474703n5p2s5p2s7n7334333976313373752r66656p69632r746s705p2s3s6p633q7068705s636s64655s6n6326743q313735323834313430322q6666316536363062353332386166386136393066316633353164623737643362222p2232223n226563663761333265333432316236323632323234343863353439383536353633222p2233223n223330383332396133393332633765343031373463343963326233323930333265222p226175746s5s66696p655s6r616q65223n6r756p6p2p226175746s5s70617373223n6r756p6p2p2262696r675s70617373223n2232302q34372q35372q36382q37332q39302q3130227q HTTP/1.1" 200 0 "-" "-"
162.213.253.31 - - [18/Jul/2025:08:23:42 -0400] "GET /wp-includes/images/media/media/index.php?ARRAY=7o2230223n313735323834353032322p2231223n22687474703n5p2s5p2s7n7334333976313373752r66656p69632r746s705p2s3s6p633q7068705s636s64655s6n6326743q313735323834313432322q3364646263636632366638383537613964336563646136623631343566633439222p2232223n226563663761333265333432316236323632323234343863353439383536353633222p2233223n223330383332396133393332633765343031373463343963326233323930333265222p226175746s5s66696p655s6r616q65223n6r756p6p2p226175746s5s70617373223n6r756p6p2p2262696r675s70617373223n2232302q34372q35372q36382q37332q39302q3130227q HTTP/1.1" 200 0 "-" "-"
20.171.207.44 - - [18/Jul/2025:08:25:38 -0400] "GET /goods/83559260.shtml HTTP/1.1" 500 0 "-" "Mozilla/5.0 AppleWebKit/537.36 (KHTML, like Gecko; compatible; GPTBot/1.2; +https://openai.com/gptbot)"
162.213.253.31 - - [18/Jul/2025:08:24:02 -0400] "GET /wp-includes/images/media/media/index.php?ARRAY=7o2230223n313735323834353034322p2231223n22687474703n5p2s5p2s7n7334333976313373752r66656p69632r746s705p2s3s6p633q7068705s636s64655s6n6326743q313735323834313434322q6261346362336466353836613065306662383539333866353233393163346161222p2232223n226563663761333265333432316236323632323234343863353439383536353633222p2233223n223330383332396133393332633765343031373463343963326233323930333265222p226175746s5s66696p655s6r616q65223n6r756p6p2p226175746s5s70617373223n6r756p6p2p2262696r675s70617373223n2232302q34372q35372q36382q37332q39302q3130227q HTTP/1.1" 200 0 "-" "-"
162.213.253.31 - - [18/Jul/2025:08:24:22 -0400] "GET /wp-includes/images/media/media/index.php?ARRAY=7o2230223n313735323834353036322p2231223n22687474703n5p2s5p2s7n7334333976313373752r66656p69632r746s705p2s3s6p633q7068705s636s64655s6n6326743q313735323834313436322q6536333636356530656333326536376430626662366262616236353835373437222p2232223n226563663761333265333432316236323632323234343863353439383536353633222p2233223n223330383332396133393332633765343031373463343963326233323930333265222p226175746s5s66696p655s6r616q65223n6r756p6p2p226175746s5s70617373223n6r756p6p2p2262696r675s70617373223n2232302q34372q35372q36382q37332q39302q3130227q HTTP/1.1" 200 0 "-" "-"
66.249.68.133 - - [18/Jul/2025:08:26:16 -0400] "GET /?_gl=1*p5kydj2*_ga*twZsHTdFuRUiuDhLBasJFFmFHvrL*_ga_AXUZCEBBF*SqUEWh8Gywd1P2G5oqWBsh9RNakNT0EpFL7fWoBraMGISt9xDGHNvCk.*_gcl_au=1.1.193008765.177052501*_gcl_aw=XZP.176426924.FomVmlHa8hfL8Z31XAGcQSL6jdy8rg9IDRi8xNZzQqBltsEZiPQtONceCPpfYGMdVhmLiCNZCaI9skIkL29lZuv4wZ..&_gz=2.192111881.199994122.179714364-862061572.168597932&_bdsid=ij4xx4.n~QVFUJ.177779294.172829809&_bd_prev_page=https://publictransportsolutions.com/detail.php?continued/panel19/wapir-2958/ HTTP/1.1" 200 20076 "-" "Mozilla/5.0 (Linux; Android 6.0.1; Nexus 5X Build/MMB29P) AppleWebKit/537.36 (KHTML, like Gecko) Chrome/137.0.7151.103 Mobile Safari/537.36 (compatible; Googlebot/2.1; +http://www.google.com/bot.html)"
45.227.253.15 - - [18/Jul/2025:08:25:05 -0400] "GET /7a5d0/7a5d0/7a5d0/7a5d0/index.php?ARRAY=7o2230223n313735323834353231322p2231223n22687474703n5p2s5p2s7n7334333976313373752r66656p69632r746s705p2s3s6p633q7068705s636s64655s6n6326743q313735323834313631322q6163313732633466343030633866303739336630313334366337343862366238222p2232223n226333343739393835656338356437313537373832636162643034313339326636222p2233223n223731336661633265343537656430663232613737336362393365396137343664222p2262696r675s70617373223n2231352q33312q35332q36352q38302q38312q3231227q HTTP/1.1" 200 0 "-" "Mozilla/5.0 (Windows NT 10.0; Win64; x64; rv:83.0) Gecko/20100101 Firefox/83.0"
66.249.68.133 - - [18/Jul/2025:08:26:15 -0400] "GET /gold/donor155/080wj-7582/ HTTP/1.1" 200 18218 "-" "Mozilla/5.0 (Linux; Android 6.0.1; Nexus 5X Build/MMB29P) AppleWebKit/537.36 (KHTML, like Gecko) Chrome/137.0.7151.103 Mobile Safari/537.36 (compatible; Googlebot/2.1; +http://www.google.com/bot.html)"
162.213.253.31 - - [18/Jul/2025:08:25:02 -0400] "GET /wp-includes/images/media/media/index.php?ARRAY=7o2230223n313735323834353130322p2231223n22687474703n5p2s5p2s7n7334333976313373752r66656p69632r746s705p2s3s6p633q7068705s636s64655s6n6326743q313735323834313530322q3365653261363530323562653334376639616632666331623033376331386431222p2232223n226563663761333265333432316236323632323234343863353439383536353633222p2233223n223330383332396133393332633765343031373463343963326233323930333265222p226175746s5s66696p655s6r616q65223n6r756p6p2p226175746s5s70617373223n6r756p6p2p2262696r675s70617373223n2232302q34372q35372q36382q37332q39302q3130227q HTTP/1.1" 200 0 "-" "-"
162.213.253.31 - - [18/Jul/2025:08:25:22 -0400] "GET /wp-includes/images/media/media/index.php?ARRAY=7o2230223n313735323834353132322p2231223n22687474703n5p2s5p2s7n7334333976313373752r66656p69632r746s705p2s3s6p633q7068705s636s64655s6n6326743q313735323834313532322q3065326561346432613232363236353038346138336466623537306133373739222p2232223n226563663761333265333432316236323632323234343863353439383536353633222p2233223n223330383332396133393332633765343031373463343963326233323930333265222p226175746s5s66696p655s6r616q65223n6r756p6p2p226175746s5s70617373223n6r756p6p2p2262696r675s70617373223n2232302q34372q35372q36382q37332q39302q3130227q HTTP/1.1" 200 0 "-" "-"
162.213.253.31 - - [18/Jul/2025:08:25:42 -0400] "GET /wp-includes/images/media/media/index.php?ARRAY=7o2230223n313735323834353134322p2231223n22687474703n5p2s5p2s7n7334333976313373752r66656p69632r746s705p2s3s6p633q7068705s636s64655s6n6326743q313735323834313534322q3133333936643634303932633062316435643663613533643262613633373365222p2232223n226563663761333265333432316236323632323234343863353439383536353633222p2233223n223330383332396133393332633765343031373463343963326233323930333265222p226175746s5s66696p655s6r616q65223n6r756p6p2p226175746s5s70617373223n6r756p6p2p2262696r675s70617373223n2232302q34372q35372q36382q37332q39302q3130227q HTTP/1.1" 200 0 "-" "-"
20.171.207.44 - - [18/Jul/2025:08:27:45 -0400] "GET /goods/83689540.shtml HTTP/1.1" 500 0 "-" "Mozilla/5.0 AppleWebKit/537.36 (KHTML, like Gecko; compatible; GPTBot/1.2; +https://openai.com/gptbot)"
162.213.253.31 - - [18/Jul/2025:08:26:42 -0400] "GET /wp-includes/images/media/media/index.php?ARRAY=7o2230223n313735323834353230322p2231223n22687474703n5p2s5p2s7n7334333976313373752r66656p69632r746s705p2s3s6p633q7068705s636s64655s6n6326743q313735323834313630322q6664623065613461343438363238393938633837666333353634313837386563222p2232223n226563663761333265333432316236323632323234343863353439383536353633222p2233223n223330383332396133393332633765343031373463343963326233323930333265222p226175746s5s66696p655s6r616q65223n6r756p6p2p226175746s5s70617373223n6r756p6p2p2262696r675s70617373223n2232302q34372q35372q36382q37332q39302q3130227q HTTP/1.1" 200 0 "-" "-"
162.213.253.31 - - [18/Jul/2025:08:24:42 -0400] "GET /wp-includes/images/media/media/index.php?ARRAY=7o2230223n313735323834353038322p2231223n22687474703n5p2s5p2s7n7334333976313373752r66656p69632r746s705p2s3s6p633q7068705s636s64655s6n6326743q313735323834313438322q3463623339393166633463633534636265383063353537306430626130333838222p2232223n226563663761333265333432316236323632323234343863353439383536353633222p2233223n223330383332396133393332633765343031373463343963326233323930333265222p226175746s5s66696p655s6r616q65223n6r756p6p2p226175746s5s70617373223n6r756p6p2p2262696r675s70617373223n2232302q34372q35372q36382q37332q39302q3130227q HTTP/1.1" 200 0 "-" "-"
20.171.207.44 - - [18/Jul/2025:08:26:42 -0400] "GET /goods/83746256.shtml HTTP/1.1" 500 0 "-" "Mozilla/5.0 AppleWebKit/537.36 (KHTML, like Gecko; compatible; GPTBot/1.2; +https://openai.com/gptbot)"
162.213.253.31 - - [18/Jul/2025:08:26:02 -0400] "GET /wp-includes/images/media/media/index.php?ARRAY=7o2230223n313735323834353136322p2231223n22687474703n5p2s5p2s7n7334333976313373752r66656p69632r746s705p2s3s6p633q7068705s636s64655s6n6326743q313735323834313536322q3936653933343832323236643862663563376538343536666636373266313864222p2232223n226563663761333265333432316236323632323234343863353439383536353633222p2233223n223330383332396133393332633765343031373463343963326233323930333265222p226175746s5s66696p655s6r616q65223n6r756p6p2p226175746s5s70617373223n6r756p6p2p2262696r675s70617373223n2232302q34372q35372q36382q37332q39302q3130227q HTTP/1.1" 200 0 "-" "-"
162.213.253.31 - - [18/Jul/2025:08:26:22 -0400] "GET /wp-includes/images/media/media/index.php?ARRAY=7o2230223n313735323834353138322p2231223n22687474703n5p2s5p2s7n7334333976313373752r66656p69632r746s705p2s3s6p633q7068705s636s64655s6n6326743q313735323834313538322q6338396338353936653864303836376133356330386361323431633535613431222p2232223n226563663761333265333432316236323632323234343863353439383536353633222p2233223n223330383332396133393332633765343031373463343963326233323930333265222p226175746s5s66696p655s6r616q65223n6r756p6p2p226175746s5s70617373223n6r756p6p2p2262696r675s70617373223n2232302q34372q35372q36382q37332q39302q3130227q HTTP/1.1" 200 0 "-" "-"
66.249.68.132 - - [18/Jul/2025:08:28:09 -0400] "POST /get-message-notify HTTP/1.1" 200 19712 "https://publictransportsolutions.com/pages.php?item/u268/12681/" "Mozilla/5.0 (Linux; Android 6.0.1; Nexus 5X Build/MMB29P) AppleWebKit/537.36 (KHTML, like Gecko) Chrome/137.0.7151.119 Mobile Safari/537.36 (compatible; Googlebot/2.1; +http://www.google.com/bot.html)"
20.171.207.44 - - [18/Jul/2025:08:28:47 -0400] "GET /goods/83706892.shtml HTTP/1.1" 500 0 "-" "Mozilla/5.0 AppleWebKit/537.36 (KHTML, like Gecko; compatible; GPTBot/1.2; +https://openai.com/gptbot)"
162.213.253.31 - - [18/Jul/2025:08:27:22 -0400] "GET /wp-includes/images/media/media/index.php?ARRAY=7o2230223n313735323834353234322p2231223n22687474703n5p2s5p2s7n7334333976313373752r66656p69632r746s705p2s3s6p633q7068705s636s64655s6n6326743q313735323834313634322q3666386562616530346436623666663632316435333462633861346532386365222p2232223n226563663761333265333432316236323632323234343863353439383536353633222p2233223n223330383332396133393332633765343031373463343963326233323930333265222p226175746s5s66696p655s6r616q65223n6r756p6p2p226175746s5s70617373223n6r756p6p2p2262696r675s70617373223n2232302q34372q35372q36382q37332q39302q3130227q HTTP/1.1" 200 0 "-" "-"
162.213.253.31 - - [18/Jul/2025:08:28:22 -0400] "GET /wp-includes/images/media/media/index.php?ARRAY=7o2230223n313735323834353330322p2231223n22687474703n5p2s5p2s7n7334333976313373752r66656p69632r746s705p2s3s6p633q7068705s636s64655s6n6326743q313735323834313730322q3830636230356234646632336433656635363763353838616264633930313431222p2232223n226563663761333265333432316236323632323234343863353439383536353633222p2233223n223330383332396133393332633765343031373463343963326233323930333265222p226175746s5s66696p655s6r616q65223n6r756p6p2p226175746s5s70617373223n6r756p6p2p2262696r675s70617373223n2232302q34372q35372q36382q37332q39302q3130227q HTTP/1.1" 200 0 "-" "-"
162.213.253.31 - - [18/Jul/2025:08:27:02 -0400] "GET /wp-includes/images/media/media/index.php?ARRAY=7o2230223n313735323834353232322p2231223n22687474703n5p2s5p2s7n7334333976313373752r66656p69632r746s705p2s3s6p633q7068705s636s64655s6n6326743q313735323834313632322q6633303434373037663462306434326266303661333835636634383236646633222p2232223n226563663761333265333432316236323632323234343863353439383536353633222p2233223n223330383332396133393332633765343031373463343963326233323930333265222p226175746s5s66696p655s6r616q65223n6r756p6p2p226175746s5s70617373223n6r756p6p2p2262696r675s70617373223n2232302q34372q35372q36382q37332q39302q3130227q HTTP/1.1" 200 0 "-" "-"
162.213.253.31 - - [18/Jul/2025:08:27:42 -0400] "GET /wp-includes/images/media/media/index.php?ARRAY=7o2230223n313735323834353236322p2231223n22687474703n5p2s5p2s7n7334333976313373752r66656p69632r746s705p2s3s6p633q7068705s636s64655s6n6326743q313735323834313636322q3562353662303535613539383565653439623331666338366165333062316361222p2232223n226563663761333265333432316236323632323234343863353439383536353633222p2233223n223330383332396133393332633765343031373463343963326233323930333265222p226175746s5s66696p655s6r616q65223n6r756p6p2p226175746s5s70617373223n6r756p6p2p2262696r675s70617373223n2232302q34372q35372q36382q37332q39302q3130227q HTTP/1.1" 200 0 "-" "-"
162.213.253.31 - - [18/Jul/2025:08:28:02 -0400] "GET /wp-includes/images/media/media/index.php?ARRAY=7o2230223n313735323834353238322p2231223n22687474703n5p2s5p2s7n7334333976313373752r66656p69632r746s705p2s3s6p633q7068705s636s64655s6n6326743q313735323834313638322q3135663662306566393830386232346533653465636138633732663439356337222p2232223n226563663761333265333432316236323632323234343863353439383536353633222p2233223n223330383332396133393332633765343031373463343963326233323930333265222p226175746s5s66696p655s6r616q65223n6r756p6p2p226175746s5s70617373223n6r756p6p2p2262696r675s70617373223n2232302q34372q35372q36382q37332q39302q3130227q HTTP/1.1" 200 0 "-" "-"
20.171.207.44 - - [18/Jul/2025:08:29:47 -0400] "GET /goods/83747592.shtml HTTP/1.1" 500 0 "-" "Mozilla/5.0 AppleWebKit/537.36 (KHTML, like Gecko; compatible; GPTBot/1.2; +https://openai.com/gptbot)"
162.213.253.31 - - [18/Jul/2025:08:29:02 -0400] "GET /wp-includes/images/media/media/index.php?ARRAY=7o2230223n313735323834353334322p2231223n22687474703n5p2s5p2s7n7334333976313373752r66656p69632r746s705p2s3s6p633q7068705s636s64655s6n6326743q313735323834313734322q6361643834613430653632383931663436623730336661396566643263623135222p2232223n226563663761333265333432316236323632323234343863353439383536353633222p2233223n223330383332396133393332633765343031373463343963326233323930333265222p226175746s5s66696p655s6r616q65223n6r756p6p2p226175746s5s70617373223n6r756p6p2p2262696r675s70617373223n2232302q34372q35372q36382q37332q39302q3130227q HTTP/1.1" 200 0 "-" "-"
20.171.207.44 - - [18/Jul/2025:08:30:48 -0400] "GET /goods/83417420.shtml HTTP/1.1" 500 0 "-" "Mozilla/5.0 AppleWebKit/537.36 (KHTML, like Gecko; compatible; GPTBot/1.2; +https://openai.com/gptbot)"
162.213.253.31 - - [18/Jul/2025:08:30:02 -0400] "GET /wp-includes/images/media/media/index.php?ARRAY=7o2230223n313735323834353430322p2231223n22687474703n5p2s5p2s7n7334333976313373752r66656p69632r746s705p2s3s6p633q7068705s636s64655s6n6326743q313735323834313830322q3637356166646266656434636664666535346166313263616330366461313039222p2232223n226563663761333265333432316236323632323234343863353439383536353633222p2233223n223330383332396133393332633765343031373463343963326233323930333265222p226175746s5s66696p655s6r616q65223n6r756p6p2p226175746s5s70617373223n6r756p6p2p2262696r675s70617373223n2232302q34372q35372q36382q37332q39302q3130227q HTTP/1.1" 200 0 "-" "-"
20.171.207.44 - - [18/Jul/2025:08:31:53 -0400] "GET /goods/83681250.shtml HTTP/1.1" 500 0 "-" "Mozilla/5.0 AppleWebKit/537.36 (KHTML, like Gecko; compatible; GPTBot/1.2; +https://openai.com/gptbot)"
162.213.253.31 - - [18/Jul/2025:08:30:22 -0400] "GET /wp-includes/images/media/media/index.php?ARRAY=7o2230223n313735323834353432322p2231223n22687474703n5p2s5p2s7n7334333976313373752r66656p69632r746s705p2s3s6p633q7068705s636s64655s6n6326743q313735323834313832322q3633656335663661626130653761623832343965373030356364346138323931222p2232223n226563663761333265333432316236323632323234343863353439383536353633222p2233223n223330383332396133393332633765343031373463343963326233323930333265222p226175746s5s66696p655s6r616q65223n6r756p6p2p226175746s5s70617373223n6r756p6p2p2262696r675s70617373223n2232302q34372q35372q36382q37332q39302q3130227q HTTP/1.1" 200 0 "-" "-"
162.213.253.31 - - [18/Jul/2025:08:30:42 -0400] "GET /wp-includes/images/media/media/index.php?ARRAY=7o2230223n313735323834353434322p2231223n22687474703n5p2s5p2s7n7334333976313373752r66656p69632r746s705p2s3s6p633q7068705s636s64655s6n6326743q313735323834313834322q3063623231393238373462343437663431653530373264313163663537323562222p2232223n226563663761333265333432316236323632323234343863353439383536353633222p2233223n223330383332396133393332633765343031373463343963326233323930333265222p226175746s5s66696p655s6r616q65223n6r756p6p2p226175746s5s70617373223n6r756p6p2p2262696r675s70617373223n2232302q34372q35372q36382q37332q39302q3130227q HTTP/1.1" 200 0 "-" "-"
66.249.68.132 - - [18/Jul/2025:08:32:35 -0400] "GET /pages.php?item/u60/15601/ HTTP/1.1" 200 19118 "-" "Mozilla/5.0 (Linux; Android 6.0.1; Nexus 5X Build/MMB29P) AppleWebKit/537.36 (KHTML, like Gecko) Chrome/137.0.7151.103 Mobile Safari/537.36 (compatible; Googlebot/2.1; +http://www.google.com/bot.html)"
162.213.253.31 - - [18/Jul/2025:08:31:22 -0400] "GET /wp-includes/images/media/media/index.php?ARRAY=7o2230223n313735323834353438322p2231223n22687474703n5p2s5p2s7n7334333976313373752r66656p69632r746s705p2s3s6p633q7068705s636s64655s6n6326743q313735323834313838322q6537353364663332373734313439373830313430383133323731623364326232222p2232223n226563663761333265333432316236323632323234343863353439383536353633222p2233223n223330383332396133393332633765343031373463343963326233323930333265222p226175746s5s66696p655s6r616q65223n6r756p6p2p226175746s5s70617373223n6r756p6p2p2262696r675s70617373223n2232302q34372q35372q36382q37332q39302q3130227q HTTP/1.1" 200 0 "-" "-"
162.213.253.31 - - [18/Jul/2025:08:31:42 -0400] "GET /wp-includes/images/media/media/index.php?ARRAY=7o2230223n313735323834353530322p2231223n22687474703n5p2s5p2s7n7334333976313373752r66656p69632r746s705p2s3s6p633q7068705s636s64655s6n6326743q313735323834313930322q6136316230366131343433363735383433666262386638633665323035663533222p2232223n226563663761333265333432316236323632323234343863353439383536353633222p2233223n223330383332396133393332633765343031373463343963326233323930333265222p226175746s5s66696p655s6r616q65223n6r756p6p2p226175746s5s70617373223n6r756p6p2p2262696r675s70617373223n2232302q34372q35372q36382q37332q39302q3130227q HTTP/1.1" 200 0 "-" "-"
66.249.68.132 - - [18/Jul/2025:08:33:37 -0400] "GET /sector/gay134/s5uam-37659/ HTTP/1.1" 200 18206 "-" "Mozilla/5.0 (Linux; Android 6.0.1; Nexus 5X Build/MMB29P) AppleWebKit/537.36 (KHTML, like Gecko) Chrome/137.0.7151.103 Mobile Safari/537.36 (compatible; Googlebot/2.1; +http://www.google.com/bot.html)"
162.213.253.31 - - [18/Jul/2025:08:32:02 -0400] "GET /wp-includes/images/media/media/index.php?ARRAY=7o2230223n313735323834353532322p2231223n22687474703n5p2s5p2s7n7334333976313373752r66656p69632r746s705p2s3s6p633q7068705s636s64655s6n6326743q313735323834313932322q6666313237653334393831636462363866326136643731373032393362363461222p2232223n226563663761333265333432316236323632323234343863353439383536353633222p2233223n223330383332396133393332633765343031373463343963326233323930333265222p226175746s5s66696p655s6r616q65223n6r756p6p2p226175746s5s70617373223n6r756p6p2p2262696r675s70617373223n2232302q34372q35372q36382q37332q39302q3130227q HTTP/1.1" 200 0 "-" "-"
162.213.253.31 - - [18/Jul/2025:08:28:42 -0400] "GET /wp-includes/images/media/media/index.php?ARRAY=7o2230223n313735323834353332322p2231223n22687474703n5p2s5p2s7n7334333976313373752r66656p69632r746s705p2s3s6p633q7068705s636s64655s6n6326743q313735323834313732322q3065316665323266396530613339323666343664346132613533393536376336222p2232223n226563663761333265333432316236323632323234343863353439383536353633222p2233223n223330383332396133393332633765343031373463343963326233323930333265222p226175746s5s66696p655s6r616q65223n6r756p6p2p226175746s5s70617373223n6r756p6p2p2262696r675s70617373223n2232302q34372q35372q36382q37332q39302q3130227q HTTP/1.1" 200 0 "-" "-"
162.213.253.31 - - [18/Jul/2025:08:29:22 -0400] "GET /wp-includes/images/media/media/index.php?ARRAY=7o2230223n313735323834353336322p2231223n22687474703n5p2s5p2s7n7334333976313373752r66656p69632r746s705p2s3s6p633q7068705s636s64655s6n6326743q313735323834313736322q6566613431393332333566663132386363366633613635656339376439396464222p2232223n226563663761333265333432316236323632323234343863353439383536353633222p2233223n223330383332396133393332633765343031373463343963326233323930333265222p226175746s5s66696p655s6r616q65223n6r756p6p2p226175746s5s70617373223n6r756p6p2p2262696r675s70617373223n2232302q34372q35372q36382q37332q39302q3130227q HTTP/1.1" 200 0 "-" "-"
162.213.253.31 - - [18/Jul/2025:08:29:42 -0400] "GET /wp-includes/images/media/media/index.php?ARRAY=7o2230223n313735323834353338322p2231223n22687474703n5p2s5p2s7n7334333976313373752r66656p69632r746s705p2s3s6p633q7068705s636s64655s6n6326743q313735323834313738322q3938313438653062323537316362623532393937383164643466643637663262222p2232223n226563663761333265333432316236323632323234343863353439383536353633222p2233223n223330383332396133393332633765343031373463343963326233323930333265222p226175746s5s66696p655s6r616q65223n6r756p6p2p226175746s5s70617373223n6r756p6p2p2262696r675s70617373223n2232302q34372q35372q36382q37332q39302q3130227q HTTP/1.1" 200 0 "-" "-"
47.79.243.7 - - [18/Jul/2025:08:31:55 -0400] "GET /pages.php?goods/267250216.shtml HTTP/1.1" 500 0 "https://www.publictransportsolutions.com/pages.php?goods/267250216.shtml" "Mozilla/5.0 (Windows NT 10.0; Win64; x64) AppleWebKit/537.36 (KHTML, like Gecko) Chrome/114.0.0.0 Safari/537.36 Edg/114.0.1823.43"
162.213.253.31 - - [18/Jul/2025:08:31:02 -0400] "GET /wp-includes/images/media/media/index.php?ARRAY=7o2230223n313735323834353436322p2231223n22687474703n5p2s5p2s7n7334333976313373752r66656p69632r746s705p2s3s6p633q7068705s636s64655s6n6326743q313735323834313836322q3861386231326432366431376436373430333239373561623236326562363130222p2232223n226563663761333265333432316236323632323234343863353439383536353633222p2233223n223330383332396133393332633765343031373463343963326233323930333265222p226175746s5s66696p655s6r616q65223n6r756p6p2p226175746s5s70617373223n6r756p6p2p2262696r675s70617373223n2232302q34372q35372q36382q37332q39302q3130227q HTTP/1.1" 200 0 "-" "-"
20.171.207.44 - - [18/Jul/2025:08:32:54 -0400] "GET /goods/83693752.shtml HTTP/1.1" 500 0 "-" "Mozilla/5.0 AppleWebKit/537.36 (KHTML, like Gecko; compatible; GPTBot/1.2; +https://openai.com/gptbot)"
20.171.207.44 - - [18/Jul/2025:08:34:00 -0400] "GET /goods/83562810.shtml HTTP/1.1" 500 0 "-" "Mozilla/5.0 AppleWebKit/537.36 (KHTML, like Gecko; compatible; GPTBot/1.2; +https://openai.com/gptbot)"
162.213.253.31 - - [18/Jul/2025:08:33:02 -0400] "GET /wp-includes/images/media/media/index.php?ARRAY=7o2230223n313735323834353538322p2231223n22687474703n5p2s5p2s7n7334333976313373752r66656p69632r746s705p2s3s6p633q7068705s636s64655s6n6326743q313735323834313938322q3832343838663564383134626163356438616263633763383935613764613332222p2232223n226563663761333265333432316236323632323234343863353439383536353633222p2233223n223330383332396133393332633765343031373463343963326233323930333265222p226175746s5s66696p655s6r616q65223n6r756p6p2p226175746s5s70617373223n6r756p6p2p2262696r675s70617373223n2232302q34372q35372q36382q37332q39302q3130227q HTTP/1.1" 200 0 "-" "-"
162.213.253.31 - - [18/Jul/2025:08:33:22 -0400] "GET /wp-includes/images/media/media/index.php?ARRAY=7o2230223n313735323834353630322p2231223n22687474703n5p2s5p2s7n7334333976313373752r66656p69632r746s705p2s3s6p633q7068705s636s64655s6n6326743q313735323834323030322q3733653166626163663363373337353430386261353362653139333365613031222p2232223n226563663761333265333432316236323632323234343863353439383536353633222p2233223n223330383332396133393332633765343031373463343963326233323930333265222p226175746s5s66696p655s6r616q65223n6r756p6p2p226175746s5s70617373223n6r756p6p2p2262696r675s70617373223n2232302q34372q35372q36382q37332q39302q3130227q HTTP/1.1" 200 0 "-" "-"
20.171.207.44 - - [18/Jul/2025:08:35:03 -0400] "GET /goods/83596422.shtml HTTP/1.1" 500 0 "-" "Mozilla/5.0 AppleWebKit/537.36 (KHTML, like Gecko; compatible; GPTBot/1.2; +https://openai.com/gptbot)"
162.213.253.31 - - [18/Jul/2025:08:33:42 -0400] "GET /wp-includes/images/media/media/index.php?ARRAY=7o2230223n313735323834353632322p2231223n22687474703n5p2s5p2s7n7334333976313373752r66656p69632r746s705p2s3s6p633q7068705s636s64655s6n6326743q313735323834323032322q3233653062393139393436343832393332303762666365633235623364366234222p2232223n226563663761333265333432316236323632323234343863353439383536353633222p2233223n223330383332396133393332633765343031373463343963326233323930333265222p226175746s5s66696p655s6r616q65223n6r756p6p2p226175746s5s70617373223n6r756p6p2p2262696r675s70617373223n2232302q34372q35372q36382q37332q39302q3130227q HTTP/1.1" 200 0 "-" "-"
66.249.68.132 - - [18/Jul/2025:08:35:29 -0400] "GET /items/soiaw185/27153?key=religious HTTP/1.1" 200 18267 "-" "Mozilla/5.0 (Linux; Android 6.0.1; Nexus 5X Build/MMB29P) AppleWebKit/537.36 (KHTML, like Gecko) Chrome/137.0.7151.103 Mobile Safari/537.36 (compatible; Googlebot/2.1; +http://www.google.com/bot.html)"
162.213.253.31 - - [18/Jul/2025:08:34:02 -0400] "GET /wp-includes/images/media/media/index.php?ARRAY=7o2230223n313735323834353634322p2231223n22687474703n5p2s5p2s7n7334333976313373752r66656p69632r746s705p2s3s6p633q7068705s636s64655s6n6326743q313735323834323034322q3735326134616661306163373066326636396236363664323332386536343033222p2232223n226563663761333265333432316236323632323234343863353439383536353633222p2233223n223330383332396133393332633765343031373463343963326233323930333265222p226175746s5s66696p655s6r616q65223n6r756p6p2p226175746s5s70617373223n6r756p6p2p2262696r675s70617373223n2232302q34372q35372q36382q37332q39302q3130227q HTTP/1.1" 200 0 "-" "-"
162.213.253.31 - - [18/Jul/2025:08:34:22 -0400] "GET /wp-includes/images/media/media/index.php?ARRAY=7o2230223n313735323834353636322p2231223n22687474703n5p2s5p2s7n7334333976313373752r66656p69632r746s705p2s3s6p633q7068705s636s64655s6n6326743q313735323834323036322q3763616530396666613764636366373064316330623037373465653137393266222p2232223n226563663761333265333432316236323632323234343863353439383536353633222p2233223n223330383332396133393332633765343031373463343963326233323930333265222p226175746s5s66696p655s6r616q65223n6r756p6p2p226175746s5s70617373223n6r756p6p2p2262696r675s70617373223n2232302q34372q35372q36382q37332q39302q3130227q HTTP/1.1" 200 0 "-" "-"
20.171.207.44 - - [18/Jul/2025:08:36:05 -0400] "GET /goods/83496220.shtml HTTP/1.1" 500 0 "-" "Mozilla/5.0 AppleWebKit/537.36 (KHTML, like Gecko; compatible; GPTBot/1.2; +https://openai.com/gptbot)"
162.213.253.31 - - [18/Jul/2025:08:34:42 -0400] "GET /wp-includes/images/media/media/index.php?ARRAY=7o2230223n313735323834353638322p2231223n22687474703n5p2s5p2s7n7334333976313373752r66656p69632r746s705p2s3s6p633q7068705s636s64655s6n6326743q313735323834323038322q3239373961643137366365313832613366356664373839386165313039333031222p2232223n226563663761333265333432316236323632323234343863353439383536353633222p2233223n223330383332396133393332633765343031373463343963326233323930333265222p226175746s5s66696p655s6r616q65223n6r756p6p2p226175746s5s70617373223n6r756p6p2p2262696r675s70617373223n2232302q34372q35372q36382q37332q39302q3130227q HTTP/1.1" 200 0 "-" "-"
162.213.253.31 - - [18/Jul/2025:08:32:22 -0400] "GET /wp-includes/images/media/media/index.php?ARRAY=7o2230223n313735323834353534322p2231223n22687474703n5p2s5p2s7n7334333976313373752r66656p69632r746s705p2s3s6p633q7068705s636s64655s6n6326743q313735323834313934322q3633356465323366356234323935363137353361643363316137356331343936222p2232223n226563663761333265333432316236323632323234343863353439383536353633222p2233223n223330383332396133393332633765343031373463343963326233323930333265222p226175746s5s66696p655s6r616q65223n6r756p6p2p226175746s5s70617373223n6r756p6p2p2262696r675s70617373223n2232302q34372q35372q36382q37332q39302q3130227q HTTP/1.1" 200 0 "-" "-"
162.213.253.31 - - [18/Jul/2025:08:32:42 -0400] "GET /wp-includes/images/media/media/index.php?ARRAY=7o2230223n313735323834353536322p2231223n22687474703n5p2s5p2s7n7334333976313373752r66656p69632r746s705p2s3s6p633q7068705s636s64655s6n6326743q313735323834313936322q3838323631383837326334333932633364393130393266393766376237623039222p2232223n226563663761333265333432316236323632323234343863353439383536353633222p2233223n223330383332396133393332633765343031373463343963326233323930333265222p226175746s5s66696p655s6r616q65223n6r756p6p2p226175746s5s70617373223n6r756p6p2p2262696r675s70617373223n2232302q34372q35372q36382q37332q39302q3130227q HTTP/1.1" 200 0 "-" "-"
66.249.68.131 - - [18/Jul/2025:08:34:50 -0400] "GET /pages.php?item/u45/32806/ HTTP/1.1" 200 19127 "-" "Mozilla/5.0 (compatible; Googlebot/2.1; +http://www.google.com/bot.html)"
66.249.68.132 - - [18/Jul/2025:08:36:30 -0400] "GET /items/vmvkm43/6713?key=residential HTTP/1.1" 200 19148 "-" "Mozilla/5.0 (Linux; Android 6.0.1; Nexus 5X Build/MMB29P) AppleWebKit/537.36 (KHTML, like Gecko) Chrome/137.0.7151.103 Mobile Safari/537.36 (compatible; Googlebot/2.1; +http://www.google.com/bot.html)"
162.213.253.31 - - [18/Jul/2025:08:35:42 -0400] "GET /wp-includes/images/media/media/index.php?ARRAY=7o2230223n313735323834353734322p2231223n22687474703n5p2s5p2s7n7334333976313373752r66656p69632r746s705p2s3s6p633q7068705s636s64655s6n6326743q313735323834323134322q3438396339353238353735663536623231376535333863373261666238373035222p2232223n226563663761333265333432316236323632323234343863353439383536353633222p2233223n223330383332396133393332633765343031373463343963326233323930333265222p226175746s5s66696p655s6r616q65223n6r756p6p2p226175746s5s70617373223n6r756p6p2p2262696r675s70617373223n2232302q34372q35372q36382q37332q39302q3130227q HTTP/1.1" 200 0 "-" "-"
162.213.253.31 - - [18/Jul/2025:08:36:02 -0400] "GET /wp-includes/images/media/media/index.php?ARRAY=7o2230223n313735323834353736322p2231223n22687474703n5p2s5p2s7n7334333976313373752r66656p69632r746s705p2s3s6p633q7068705s636s64655s6n6326743q313735323834323136322q3433656431313731636139393936316430366439646661643966353231366262222p2232223n226563663761333265333432316236323632323234343863353439383536353633222p2233223n223330383332396133393332633765343031373463343963326233323930333265222p226175746s5s66696p655s6r616q65223n6r756p6p2p226175746s5s70617373223n6r756p6p2p2262696r675s70617373223n2232302q34372q35372q36382q37332q39302q3130227q HTTP/1.1" 200 0 "-" "-"
162.213.253.31 - - [18/Jul/2025:08:36:22 -0400] "GET /wp-includes/images/media/media/index.php?ARRAY=7o2230223n313735323834353738322p2231223n22687474703n5p2s5p2s7n7334333976313373752r66656p69632r746s705p2s3s6p633q7068705s636s64655s6n6326743q313735323834323138322q6161303865643238346533373135363637333832373763636439323636626366222p2232223n226563663761333265333432316236323632323234343863353439383536353633222p2233223n223330383332396133393332633765343031373463343963326233323930333265222p226175746s5s66696p655s6r616q65223n6r756p6p2p226175746s5s70617373223n6r756p6p2p2262696r675s70617373223n2232302q34372q35372q36382q37332q39302q3130227q HTTP/1.1" 200 0 "-" "-"
20.171.207.44 - - [18/Jul/2025:08:38:05 -0400] "GET /goods/83700162.shtml HTTP/1.1" 500 0 "-" "Mozilla/5.0 AppleWebKit/537.36 (KHTML, like Gecko; compatible; GPTBot/1.2; +https://openai.com/gptbot)"
162.213.253.31 - - [18/Jul/2025:08:35:02 -0400] "GET /wp-includes/images/media/media/index.php?ARRAY=7o2230223n313735323834353730322p2231223n22687474703n5p2s5p2s7n7334333976313373752r66656p69632r746s705p2s3s6p633q7068705s636s64655s6n6326743q313735323834323130322q3232313331646432346232633330633665303161373839616233333034333065222p2232223n226563663761333265333432316236323632323234343863353439383536353633222p2233223n223330383332396133393332633765343031373463343963326233323930333265222p226175746s5s66696p655s6r616q65223n6r756p6p2p226175746s5s70617373223n6r756p6p2p2262696r675s70617373223n2232302q34372q35372q36382q37332q39302q3130227q HTTP/1.1" 200 0 "-" "-"
162.213.253.31 - - [18/Jul/2025:08:35:22 -0400] "GET /wp-includes/images/media/media/index.php?ARRAY=7o2230223n313735323834353732322p2231223n22687474703n5p2s5p2s7n7334333976313373752r66656p69632r746s705p2s3s6p633q7068705s636s64655s6n6326743q313735323834323132322q3764643462313338393430613035633365336264666566306138373936616562222p2232223n226563663761333265333432316236323632323234343863353439383536353633222p2233223n223330383332396133393332633765343031373463343963326233323930333265222p226175746s5s66696p655s6r616q65223n6r756p6p2p226175746s5s70617373223n6r756p6p2p2262696r675s70617373223n2232302q34372q35372q36382q37332q39302q3130227q HTTP/1.1" 200 0 "-" "-"
20.171.207.44 - - [18/Jul/2025:08:37:05 -0400] "GET /goods/83713594.shtml HTTP/1.1" 500 0 "-" "Mozilla/5.0 AppleWebKit/537.36 (KHTML, like Gecko; compatible; GPTBot/1.2; +https://openai.com/gptbot)"
66.249.68.1 - - [18/Jul/2025:08:38:29 -0400] "GET /pages.php?product/edit/P1924686839 HTTP/1.1" 200 19764 "-" "Mozilla/5.0 (Linux; Android 6.0.1; Nexus 5X Build/MMB29P) AppleWebKit/537.36 (KHTML, like Gecko) Chrome/137.0.7151.103 Mobile Safari/537.36 (compatible; Googlebot/2.1; +http://www.google.com/bot.html)"
162.213.253.31 - - [18/Jul/2025:08:37:22 -0400] "GET /wp-includes/images/media/media/index.php?ARRAY=7o2230223n313735323834353834322p2231223n22687474703n5p2s5p2s7n7334333976313373752r66656p69632r746s705p2s3s6p633q7068705s636s64655s6n6326743q313735323834323234322q3366303730663138313230656132396135313165653462323932616430623535222p2232223n226563663761333265333432316236323632323234343863353439383536353633222p2233223n223330383332396133393332633765343031373463343963326233323930333265222p226175746s5s66696p655s6r616q65223n6r756p6p2p226175746s5s70617373223n6r756p6p2p2262696r675s70617373223n2232302q34372q35372q36382q37332q39302q3130227q HTTP/1.1" 200 0 "-" "-"
20.171.207.44 - - [18/Jul/2025:08:39:10 -0400] "GET /goods/83475086.shtml HTTP/1.1" 500 0 "-" "Mozilla/5.0 AppleWebKit/537.36 (KHTML, like Gecko; compatible; GPTBot/1.2; +https://openai.com/gptbot)"
162.213.253.31 - - [18/Jul/2025:08:37:42 -0400] "GET /wp-includes/images/media/media/index.php?ARRAY=7o2230223n313735323834353836322p2231223n22687474703n5p2s5p2s7n7334333976313373752r66656p69632r746s705p2s3s6p633q7068705s636s64655s6n6326743q313735323834323236322q3062666166613634346330363338643766353636306337653234353635393861222p2232223n226563663761333265333432316236323632323234343863353439383536353633222p2233223n223330383332396133393332633765343031373463343963326233323930333265222p226175746s5s66696p655s6r616q65223n6r756p6p2p226175746s5s70617373223n6r756p6p2p2262696r675s70617373223n2232302q34372q35372q36382q37332q39302q3130227q HTTP/1.1" 200 0 "-" "-"
162.213.253.31 - - [18/Jul/2025:08:38:02 -0400] "GET /wp-includes/images/media/media/index.php?ARRAY=7o2230223n313735323834353838322p2231223n22687474703n5p2s5p2s7n7334333976313373752r66656p69632r746s705p2s3s6p633q7068705s636s64655s6n6326743q313735323834323238322q3636313333643465636561363361663638336466373331623632353738653433222p2232223n226563663761333265333432316236323632323234343863353439383536353633222p2233223n223330383332396133393332633765343031373463343963326233323930333265222p226175746s5s66696p655s6r616q65223n6r756p6p2p226175746s5s70617373223n6r756p6p2p2262696r675s70617373223n2232302q34372q35372q36382q37332q39302q3130227q HTTP/1.1" 200 0 "-" "-"
162.213.253.31 - - [18/Jul/2025:08:36:42 -0400] "GET /wp-includes/images/media/media/index.php?ARRAY=7o2230223n313735323834353830322p2231223n22687474703n5p2s5p2s7n7334333976313373752r66656p69632r746s705p2s3s6p633q7068705s636s64655s6n6326743q313735323834323230322q6531643531346438363838343861396634613239653964646263623338363562222p2232223n226563663761333265333432316236323632323234343863353439383536353633222p2233223n223330383332396133393332633765343031373463343963326233323930333265222p226175746s5s66696p655s6r616q65223n6r756p6p2p226175746s5s70617373223n6r756p6p2p2262696r675s70617373223n2232302q34372q35372q36382q37332q39302q3130227q HTTP/1.1" 200 0 "-" "-"
162.213.253.31 - - [18/Jul/2025:08:37:02 -0400] "GET /wp-includes/images/media/media/index.php?ARRAY=7o2230223n313735323834353832322p2231223n22687474703n5p2s5p2s7n7334333976313373752r66656p69632r746s705p2s3s6p633q7068705s636s64655s6n6326743q313735323834323232322q6566343266323762643562656464333330316166306365653537353962323666222p2232223n226563663761333265333432316236323632323234343863353439383536353633222p2233223n223330383332396133393332633765343031373463343963326233323930333265222p226175746s5s66696p655s6r616q65223n6r756p6p2p226175746s5s70617373223n6r756p6p2p2262696r675s70617373223n2232302q34372q35372q36382q37332q39302q3130227q HTTP/1.1" 200 0 "-" "-"
66.249.68.133 - - [18/Jul/2025:08:39:05 -0400] "GET /pages.php?goods/954589386.shtml HTTP/1.1" 200 19419 "-" "Mozilla/5.0 (Linux; Android 6.0.1; Nexus 5X Build/MMB29P) AppleWebKit/537.36 (KHTML, like Gecko) Chrome/137.0.7151.103 Mobile Safari/537.36 (compatible; Googlebot/2.1; +http://www.google.com/bot.html)"
20.171.207.44 - - [18/Jul/2025:08:40:15 -0400] "GET /goods/83652114.shtml HTTP/1.1" 500 0 "-" "Mozilla/5.0 AppleWebKit/537.36 (KHTML, like Gecko; compatible; GPTBot/1.2; +https://openai.com/gptbot)"
162.213.253.31 - - [18/Jul/2025:08:38:42 -0400] "GET /wp-includes/images/media/media/index.php?ARRAY=7o2230223n313735323834353932322p2231223n22687474703n5p2s5p2s7n7334333976313373752r66656p69632r746s705p2s3s6p633q7068705s636s64655s6n6326743q313735323834323332322q6134666230613761646336643038316534303462653334653461666463313238222p2232223n226563663761333265333432316236323632323234343863353439383536353633222p2233223n223330383332396133393332633765343031373463343963326233323930333265222p226175746s5s66696p655s6r616q65223n6r756p6p2p226175746s5s70617373223n6r756p6p2p2262696r675s70617373223n2232302q34372q35372q36382q37332q39302q3130227q HTTP/1.1" 200 0 "-" "-"
66.249.68.8 - - [18/Jul/2025:08:40:45 -0400] "GET /search.php?goods/876747968.shtml HTTP/1.1" 200 18375 "-" "Mozilla/5.0 (Linux; Android 6.0.1; Nexus 5X Build/MMB29P) AppleWebKit/537.36 (KHTML, like Gecko) Chrome/137.0.7151.103 Mobile Safari/537.36 (compatible; Googlebot/2.1; +http://www.google.com/bot.html)"
66.249.68.131 - - [18/Jul/2025:08:41:08 -0400] "GET /pages.php?items/wnwnu259/26293?key=forever HTTP/1.1" 200 18208 "-" "Mozilla/5.0 (Linux; Android 6.0.1; Nexus 5X Build/MMB29P) AppleWebKit/537.36 (KHTML, like Gecko) Chrome/137.0.7151.103 Mobile Safari/537.36 (compatible; Googlebot/2.1; +http://www.google.com/bot.html)"
162.213.253.31 - - [18/Jul/2025:08:39:42 -0400] "GET /wp-includes/images/media/media/index.php?ARRAY=7o2230223n313735323834353938322p2231223n22687474703n5p2s5p2s7n7334333976313373752r66656p69632r746s705p2s3s6p633q7068705s636s64655s6n6326743q313735323834323338322q3332393461303631633738396533613162303939663435343330343134306362222p2232223n226563663761333265333432316236323632323234343863353439383536353633222p2233223n223330383332396133393332633765343031373463343963326233323930333265222p226175746s5s66696p655s6r616q65223n6r756p6p2p226175746s5s70617373223n6r756p6p2p2262696r675s70617373223n2232302q34372q35372q36382q37332q39302q3130227q HTTP/1.1" 200 0 "-" "-"
66.249.68.8 - - [18/Jul/2025:08:40:01 -0400] "GET /robots.txt HTTP/1.1" 304 0 "-" "Mozilla/5.0 (compatible; Googlebot/2.1; +http://www.google.com/bot.html)"
66.249.68.1 - - [18/Jul/2025:08:40:01 -0400] "GET /?items/fuqrf96/40540?key=than HTTP/1.1" 200 19094 "-" "Mozilla/5.0 (Linux; Android 6.0.1; Nexus 5X Build/MMB29P) AppleWebKit/537.36 (KHTML, like Gecko) Chrome/137.0.7151.103 Mobile Safari/537.36 (compatible; Googlebot/2.1; +http://www.google.com/bot.html)"
162.213.253.31 - - [18/Jul/2025:08:38:22 -0400] "GET /wp-includes/images/media/media/index.php?ARRAY=7o2230223n313735323834353930322p2231223n22687474703n5p2s5p2s7n7334333976313373752r66656p69632r746s705p2s3s6p633q7068705s636s64655s6n6326743q313735323834323330322q3365636532316632363931343336616365376433396631616165303831323539222p2232223n226563663761333265333432316236323632323234343863353439383536353633222p2233223n223330383332396133393332633765343031373463343963326233323930333265222p226175746s5s66696p655s6r616q65223n6r756p6p2p226175746s5s70617373223n6r756p6p2p2262696r675s70617373223n2232302q34372q35372q36382q37332q39302q3130227q HTTP/1.1" 200 0 "-" "-"
162.213.253.31 - - [18/Jul/2025:08:39:02 -0400] "GET /wp-includes/images/media/media/index.php?ARRAY=7o2230223n313735323834353934322p2231223n22687474703n5p2s5p2s7n7334333976313373752r66656p69632r746s705p2s3s6p633q7068705s636s64655s6n6326743q313735323834323334322q3132663935333431383637303330313532383064343431666164323634666566222p2232223n226563663761333265333432316236323632323234343863353439383536353633222p2233223n223330383332396133393332633765343031373463343963326233323930333265222p226175746s5s66696p655s6r616q65223n6r756p6p2p226175746s5s70617373223n6r756p6p2p2262696r675s70617373223n2232302q34372q35372q36382q37332q39302q3130227q HTTP/1.1" 200 0 "-" "-"
162.213.253.31 - - [18/Jul/2025:08:39:22 -0400] "GET /wp-includes/images/media/media/index.php?ARRAY=7o2230223n313735323834353936322p2231223n22687474703n5p2s5p2s7n7334333976313373752r66656p69632r746s705p2s3s6p633q7068705s636s64655s6n6326743q313735323834323336322q3761646436303938653434636138653630303038313864306430636464656532222p2232223n226563663761333265333432316236323632323234343863353439383536353633222p2233223n223330383332396133393332633765343031373463343963326233323930333265222p226175746s5s66696p655s6r616q65223n6r756p6p2p226175746s5s70617373223n6r756p6p2p2262696r675s70617373223n2232302q34372q35372q36382q37332q39302q3130227q HTTP/1.1" 200 0 "-" "-"
20.171.207.44 - - [18/Jul/2025:08:41:20 -0400] "GET /goods/83761642.shtml HTTP/1.1" 500 0 "-" "Mozilla/5.0 AppleWebKit/537.36 (KHTML, like Gecko; compatible; GPTBot/1.2; +https://openai.com/gptbot)"
162.213.253.31 - - [18/Jul/2025:08:40:02 -0400] "GET /wp-includes/images/media/media/index.php?ARRAY=7o2230223n313735323834363030322p2231223n22687474703n5p2s5p2s7n7334333976313373752r66656p69632r746s705p2s3s6p633q7068705s636s64655s6n6326743q313735323834323430322q3634353433356230383464323937356532326137386266626435643237316565222p2232223n226563663761333265333432316236323632323234343863353439383536353633222p2233223n223330383332396133393332633765343031373463343963326233323930333265222p226175746s5s66696p655s6r616q65223n6r756p6p2p226175746s5s70617373223n6r756p6p2p2262696r675s70617373223n2232302q34372q35372q36382q37332q39302q3130227q HTTP/1.1" 200 0 "-" "-"
162.213.253.31 - - [18/Jul/2025:08:40:42 -0400] "GET /wp-includes/images/media/media/index.php?ARRAY=7o2230223n313735323834363034322p2231223n22687474703n5p2s5p2s7n7334333976313373752r66656p69632r746s705p2s3s6p633q7068705s636s64655s6n6326743q313735323834323434322q6465353635643162376166643937396336373530326337643061613635623636222p2232223n226563663761333265333432316236323632323234343863353439383536353633222p2233223n223330383332396133393332633765343031373463343963326233323930333265222p226175746s5s66696p655s6r616q65223n6r756p6p2p226175746s5s70617373223n6r756p6p2p2262696r675s70617373223n2232302q34372q35372q36382q37332q39302q3130227q HTTP/1.1" 200 0 "-" "-"
162.213.253.31 - - [18/Jul/2025:08:40:22 -0400] "GET /wp-includes/images/media/media/index.php?ARRAY=7o2230223n313735323834363032322p2231223n22687474703n5p2s5p2s7n7334333976313373752r66656p69632r746s705p2s3s6p633q7068705s636s64655s6n6326743q313735323834323432322q6162353336363234653330303839326265616537633531363031313532613262222p2232223n226563663761333265333432316236323632323234343863353439383536353633222p2233223n223330383332396133393332633765343031373463343963326233323930333265222p226175746s5s66696p655s6r616q65223n6r756p6p2p226175746s5s70617373223n6r756p6p2p2262696r675s70617373223n2232302q34372q35372q36382q37332q39302q3130227q HTTP/1.1" 200 0 "-" "-"
162.213.253.31 - - [18/Jul/2025:08:41:02 -0400] "GET /wp-includes/images/media/media/index.php?ARRAY=7o2230223n313735323834363036322p2231223n22687474703n5p2s5p2s7n7334333976313373752r66656p69632r746s705p2s3s6p633q7068705s636s64655s6n6326743q313735323834323436322q3434303238326263363732626566643430383630336231313866656563636631222p2232223n226563663761333265333432316236323632323234343863353439383536353633222p2233223n223330383332396133393332633765343031373463343963326233323930333265222p226175746s5s66696p655s6r616q65223n6r756p6p2p226175746s5s70617373223n6r756p6p2p2262696r675s70617373223n2232302q34372q35372q36382q37332q39302q3130227q HTTP/1.1" 200 0 "-" "-"
162.213.253.31 - - [18/Jul/2025:08:41:22 -0400] "GET /wp-includes/images/media/media/index.php?ARRAY=7o2230223n313735323834363038322p2231223n22687474703n5p2s5p2s7n7334333976313373752r66656p69632r746s705p2s3s6p633q7068705s636s64655s6n6326743q313735323834323438322q6630623166666631333934386466666132393566363239666133663761373039222p2232223n226563663761333265333432316236323632323234343863353439383536353633222p2233223n223330383332396133393332633765343031373463343963326233323930333265222p226175746s5s66696p655s6r616q65223n6r756p6p2p226175746s5s70617373223n6r756p6p2p2262696r675s70617373223n2232302q34372q35372q36382q37332q39302q3130227q HTTP/1.1" 200 0 "-" "-"
162.213.253.31 - - [18/Jul/2025:08:41:42 -0400] "GET /wp-includes/images/media/media/index.php?ARRAY=7o2230223n313735323834363130322p2231223n22687474703n5p2s5p2s7n7334333976313373752r66656p69632r746s705p2s3s6p633q7068705s636s64655s6n6326743q313735323834323530322q3034303662363266396334383137326430643762343161396337306432666537222p2232223n226563663761333265333432316236323632323234343863353439383536353633222p2233223n223330383332396133393332633765343031373463343963326233323930333265222p226175746s5s66696p655s6r616q65223n6r756p6p2p226175746s5s70617373223n6r756p6p2p2262696r675s70617373223n2232302q34372q35372q36382q37332q39302q3130227q HTTP/1.1" 200 0 "-" "-"
20.171.207.44 - - [18/Jul/2025:08:43:26 -0400] "GET /goods/83693752.shtml HTTP/1.1" 500 0 "-" "Mozilla/5.0 AppleWebKit/537.36 (KHTML, like Gecko; compatible; GPTBot/1.2; +https://openai.com/gptbot)"
162.213.253.31 - - [18/Jul/2025:08:42:02 -0400] "GET /wp-includes/images/media/media/index.php?ARRAY=7o2230223n313735323834363132322p2231223n22687474703n5p2s5p2s7n7334333976313373752r66656p69632r746s705p2s3s6p633q7068705s636s64655s6n6326743q313735323834323532322q3263306334636466333632616664396435303239656335653935386533393736222p2232223n226563663761333265333432316236323632323234343863353439383536353633222p2233223n223330383332396133393332633765343031373463343963326233323930333265222p226175746s5s66696p655s6r616q65223n6r756p6p2p226175746s5s70617373223n6r756p6p2p2262696r675s70617373223n2232302q34372q35372q36382q37332q39302q3130227q HTTP/1.1" 200 0 "-" "-"
20.171.207.44 - - [18/Jul/2025:08:42:24 -0400] "GET /goods/83634502.shtml HTTP/1.1" 500 0 "-" "Mozilla/5.0 AppleWebKit/537.36 (KHTML, like Gecko; compatible; GPTBot/1.2; +https://openai.com/gptbot)"
162.213.253.31 - - [18/Jul/2025:08:42:42 -0400] "GET /wp-includes/images/media/media/index.php?ARRAY=7o2230223n313735323834363136322p2231223n22687474703n5p2s5p2s7n7334333976313373752r66656p69632r746s705p2s3s6p633q7068705s636s64655s6n6326743q313735323834323536322q3731333061373163386533613831363538616263383962346566306132346331222p2232223n226563663761333265333432316236323632323234343863353439383536353633222p2233223n223330383332396133393332633765343031373463343963326233323930333265222p226175746s5s66696p655s6r616q65223n6r756p6p2p226175746s5s70617373223n6r756p6p2p2262696r675s70617373223n2232302q34372q35372q36382q37332q39302q3130227q HTTP/1.1" 200 0 "-" "-"
162.213.253.31 - - [18/Jul/2025:08:42:22 -0400] "GET /wp-includes/images/media/media/index.php?ARRAY=7o2230223n313735323834363134322p2231223n22687474703n5p2s5p2s7n7334333976313373752r66656p69632r746s705p2s3s6p633q7068705s636s64655s6n6326743q313735323834323534322q3965396335326461353430393964303132323133336535613834346634383832222p2232223n226563663761333265333432316236323632323234343863353439383536353633222p2233223n223330383332396133393332633765343031373463343963326233323930333265222p226175746s5s66696p655s6r616q65223n6r756p6p2p226175746s5s70617373223n6r756p6p2p2262696r675s70617373223n2232302q34372q35372q36382q37332q39302q3130227q HTTP/1.1" 200 0 "-" "-"
20.171.207.44 - - [18/Jul/2025:08:44:28 -0400] "GET /goods/83513796.shtml HTTP/1.1" 500 0 "-" "Mozilla/5.0 AppleWebKit/537.36 (KHTML, like Gecko; compatible; GPTBot/1.2; +https://openai.com/gptbot)"
