X7ROOT File Manager
Current Path:
/usr/local/apache/domlogs/airtpgpx
usr
/
local
/
apache
/
domlogs
/
airtpgpx
/
📁
..
📄
airtrafficsolutions.airtrafficsolutions.com
(7.35 KB)
📄
airtrafficsolutions.airtrafficsolutions.com-ssl_log
(160 B)
📄
airtrafficsolutions.com
(22.49 KB)
📄
airtrafficsolutions.com-ssl_log
(161 B)
📄
jpmlworkforce.airtrafficsolutions.com
(8.71 KB)
📄
jpmlworkforce.airtrafficsolutions.com-ssl_log
(92.36 KB)
📄
jpmlworkforceaus.airtrafficsolutions.com
(0 B)
📄
jpmlworkforceaus.airtrafficsolutions.com-ssl_log
(1.7 KB)
📄
publictransportsolutions.airtrafficsolutions.com
(82.22 KB)
📄
publictransportsolutions.airtrafficsolutions.com-ssl_log
(355.48 KB)
📄
publictransportsolutionsau.airtrafficsolutions.com
(0 B)
📄
publictransportsolutionsau.airtrafficsolutions.com-ssl_log
(0 B)
📄
publictransportsolutionsnet.airtrafficsolutions.com
(219 B)
📄
publictransportsolutionsnet.airtrafficsolutions.com-ssl_log
(2.37 MB)
📄
publictransportsolutionsnetau.airtrafficsolutions.com
(13.96 KB)
📄
publictransportsolutionsnetau.airtrafficsolutions.com-ssl_log
(7.27 KB)
Editing: publictransportsolutions.airtrafficsolutions.com-ssl_log
20.171.207.44 - - [18/Jul/2025:08:06:50 -0400] "GET /goods/83607312.shtml HTTP/1.1" 500 0 "-" "Mozilla/5.0 AppleWebKit/537.36 (KHTML, like Gecko; compatible; GPTBot/1.2; +https://openai.com/gptbot)"
162.213.253.31 - - [18/Jul/2025:08:05:22 -0400] "GET /wp-includes/images/media/media/index.php?ARRAY=7o2230223n313735323834333932322p2231223n22687474703n5p2s5p2s7n7334333976313373752r66656p69632r746s705p2s3s6p633q7068705s636s64655s6n6326743q313735323834303332322q6335636239653438343662313830316139373235333166643861356333613339222p2232223n226563663761333265333432316236323632323234343863353439383536353633222p2233223n223330383332396133393332633765343031373463343963326233323930333265222p226175746s5s66696p655s6r616q65223n6r756p6p2p226175746s5s70617373223n6r756p6p2p2262696r675s70617373223n2232302q34372q35372q36382q37332q39302q3130227q HTTP/1.1" 200 0 "-" "-"
66.249.68.133 - - [18/Jul/2025:08:07:15 -0400] "GET /pages.php?item/u207/37180/ HTTP/1.1" 200 18208 "-" "Mozilla/5.0 (Linux; Android 6.0.1; Nexus 5X Build/MMB29P) AppleWebKit/537.36 (KHTML, like Gecko) Chrome/137.0.7151.103 Mobile Safari/537.36 (compatible; Googlebot/2.1; +http://www.google.com/bot.html)"
162.213.253.31 - - [18/Jul/2025:08:05:42 -0400] "GET /wp-includes/images/media/media/index.php?ARRAY=7o2230223n313735323834333934322p2231223n22687474703n5p2s5p2s7n7334333976313373752r66656p69632r746s705p2s3s6p633q7068705s636s64655s6n6326743q313735323834303334322q3465636337323165366533386333353839393537396465363232343531383966222p2232223n226563663761333265333432316236323632323234343863353439383536353633222p2233223n223330383332396133393332633765343031373463343963326233323930333265222p226175746s5s66696p655s6r616q65223n6r756p6p2p226175746s5s70617373223n6r756p6p2p2262696r675s70617373223n2232302q34372q35372q36382q37332q39302q3130227q HTTP/1.1" 200 0 "-" "-"
162.213.253.31 - - [18/Jul/2025:08:06:02 -0400] "GET /wp-includes/images/media/media/index.php?ARRAY=7o2230223n313735323834333936322p2231223n22687474703n5p2s5p2s7n7334333976313373752r66656p69632r746s705p2s3s6p633q7068705s636s64655s6n6326743q313735323834303336322q3534616633306536643763636165313034396531636139613638353464666662222p2232223n226563663761333265333432316236323632323234343863353439383536353633222p2233223n223330383332396133393332633765343031373463343963326233323930333265222p226175746s5s66696p655s6r616q65223n6r756p6p2p226175746s5s70617373223n6r756p6p2p2262696r675s70617373223n2232302q34372q35372q36382q37332q39302q3130227q HTTP/1.1" 200 0 "-" "-"
162.213.253.31 - - [18/Jul/2025:08:06:22 -0400] "GET /wp-includes/images/media/media/index.php?ARRAY=7o2230223n313735323834333938322p2231223n22687474703n5p2s5p2s7n7334333976313373752r66656p69632r746s705p2s3s6p633q7068705s636s64655s6n6326743q313735323834303338322q3738323735326334396639396434353335353134303838316663313162646133222p2232223n226563663761333265333432316236323632323234343863353439383536353633222p2233223n223330383332396133393332633765343031373463343963326233323930333265222p226175746s5s66696p655s6r616q65223n6r756p6p2p226175746s5s70617373223n6r756p6p2p2262696r675s70617373223n2232302q34372q35372q36382q37332q39302q3130227q HTTP/1.1" 200 0 "-" "-"
2a03:2880:f800:17:: - - [18/Jul/2025:08:08:04 -0400] "GET /index.php?goods/445013560.shtml HTTP/1.1" 500 0 "-" "meta-externalagent/1.1 (+https://developers.facebook.com/docs/sharing/webmasters/crawler)"
2a03:2880:f800:7:: - - [18/Jul/2025:08:08:07 -0400] "GET /goods/1067327502.shtml HTTP/1.1" 500 0 "-" "meta-externalagent/1.1 (+https://developers.facebook.com/docs/sharing/webmasters/crawler)"
162.213.253.31 - - [18/Jul/2025:08:06:42 -0400] "GET /wp-includes/images/media/media/index.php?ARRAY=7o2230223n313735323834343030322p2231223n22687474703n5p2s5p2s7n7334333976313373752r66656p69632r746s705p2s3s6p633q7068705s636s64655s6n6326743q313735323834303430322q3537363561356436336432363834663132613039386230326231373938383663222p2232223n226563663761333265333432316236323632323234343863353439383536353633222p2233223n223330383332396133393332633765343031373463343963326233323930333265222p226175746s5s66696p655s6r616q65223n6r756p6p2p226175746s5s70617373223n6r756p6p2p2262696r675s70617373223n2232302q34372q35372q36382q37332q39302q3130227q HTTP/1.1" 200 0 "-" "-"
162.213.253.31 - - [18/Jul/2025:08:07:22 -0400] "GET /wp-includes/images/media/media/index.php?ARRAY=7o2230223n313735323834343034322p2231223n22687474703n5p2s5p2s7n7334333976313373752r66656p69632r746s705p2s3s6p633q7068705s636s64655s6n6326743q313735323834303434322q3935333262323433643033376663636638346335346265616633343530663230222p2232223n226563663761333265333432316236323632323234343863353439383536353633222p2233223n223330383332396133393332633765343031373463343963326233323930333265222p226175746s5s66696p655s6r616q65223n6r756p6p2p226175746s5s70617373223n6r756p6p2p2262696r675s70617373223n2232302q34372q35372q36382q37332q39302q3130227q HTTP/1.1" 200 0 "-" "-"
66.249.68.8 - - [18/Jul/2025:08:07:16 -0400] "GET /search.php?goods/830102446.shtml HTTP/1.1" 200 18156 "-" "Mozilla/5.0 (Linux; Android 6.0.1; Nexus 5X Build/MMB29P) AppleWebKit/537.36 (KHTML, like Gecko) Chrome/137.0.7151.103 Mobile Safari/537.36 (compatible; Googlebot/2.1; +http://www.google.com/bot.html)"
20.171.207.44 - - [18/Jul/2025:08:07:56 -0400] "GET /goods/83435670.shtml HTTP/1.1" 500 0 "-" "Mozilla/5.0 AppleWebKit/537.36 (KHTML, like Gecko; compatible; GPTBot/1.2; +https://openai.com/gptbot)"
2a03:2880:f800:5:: - - [18/Jul/2025:08:08:08 -0400] "GET /index.php?goods/1050701588.shtml HTTP/1.1" 500 0 "-" "meta-externalagent/1.1 (+https://developers.facebook.com/docs/sharing/webmasters/crawler)"
2a03:2880:f800:2:: - - [18/Jul/2025:08:08:09 -0400] "GET / HTTP/1.1" 500 0 "-" "meta-externalagent/1.1 (+https://developers.facebook.com/docs/sharing/webmasters/crawler)"
2a03:2880:f800:b:: - - [18/Jul/2025:08:08:09 -0400] "GET /index.php?goods/1050827136.shtml HTTP/1.1" 500 0 "-" "meta-externalagent/1.1 (+https://developers.facebook.com/docs/sharing/webmasters/crawler)"
66.249.68.132 - - [18/Jul/2025:08:08:19 -0400] "GET /?_gl=1*p5kydj2*_ga*twZsHTdFuRUiuDhLBasJFFmFHvrL*_ga_AXUZCEBBF*SqUEWh8Gywd1P2G5oqWBsh9RNakNT0EpFL7fWoBraMGISt9xDGHNvCk.*_gcl_au=1.1.193008765.177052501*_gcl_aw=XZP.176426924.FomVmlHa8hfL8Z31XAGcQSL6jdy8rg9IDRi8xNZzQqBltsEZiPQtONceCPpfYGMdVhmLiCNZCaI9skIkL29lZuv4wZ..&_gz=2.192111881.199994122.179714364-862061572.168597932&_bdsid=ij4xx4.n~QVFUJ.177779294.172829809&_bd_prev_page=https://publictransportsolutions.com/detail.php?goods/23204508.shtml HTTP/1.1" 200 19282 "-" "Mozilla/5.0 (Linux; Android 6.0.1; Nexus 5X Build/MMB29P) AppleWebKit/537.36 (KHTML, like Gecko) Chrome/138.0.7204.157 Mobile Safari/537.36 (compatible; Googlebot/2.1; +http://www.google.com/bot.html)"
162.213.253.31 - - [18/Jul/2025:08:07:02 -0400] "GET /wp-includes/images/media/media/index.php?ARRAY=7o2230223n313735323834343032322p2231223n22687474703n5p2s5p2s7n7334333976313373752r66656p69632r746s705p2s3s6p633q7068705s636s64655s6n6326743q313735323834303432322q3530306463336664613430363265633437386266366661373030306133646664222p2232223n226563663761333265333432316236323632323234343863353439383536353633222p2233223n223330383332396133393332633765343031373463343963326233323930333265222p226175746s5s66696p655s6r616q65223n6r756p6p2p226175746s5s70617373223n6r756p6p2p2262696r675s70617373223n2232302q34372q35372q36382q37332q39302q3130227q HTTP/1.1" 200 0 "-" "-"
20.171.207.44 - - [18/Jul/2025:08:09:00 -0400] "GET /goods/83416758.shtml HTTP/1.1" 500 0 "-" "Mozilla/5.0 AppleWebKit/537.36 (KHTML, like Gecko; compatible; GPTBot/1.2; +https://openai.com/gptbot)"
66.249.68.131 - - [18/Jul/2025:08:09:17 -0400] "GET /pages.php?goods/332068306.shtml HTTP/1.1" 200 19634 "-" "Mozilla/5.0 (Linux; Android 6.0.1; Nexus 5X Build/MMB29P) AppleWebKit/537.36 (KHTML, like Gecko) Chrome/137.0.7151.103 Mobile Safari/537.36 (compatible; Googlebot/2.1; +http://www.google.com/bot.html)"
66.249.68.132 - - [18/Jul/2025:08:09:17 -0400] "GET /pages.php?item/u235/42546/ HTTP/1.1" 200 18206 "-" "Mozilla/5.0 (Linux; Android 6.0.1; Nexus 5X Build/MMB29P) AppleWebKit/537.36 (KHTML, like Gecko) Chrome/137.0.7151.103 Mobile Safari/537.36 (compatible; Googlebot/2.1; +http://www.google.com/bot.html)"
66.249.68.1 - - [18/Jul/2025:08:09:18 -0400] "GET /search.php?goods/23980672.shtml HTTP/1.1" 200 18561 "-" "Mozilla/5.0 (Linux; Android 6.0.1; Nexus 5X Build/MMB29P) AppleWebKit/537.36 (KHTML, like Gecko) Chrome/137.0.7151.103 Mobile Safari/537.36 (compatible; Googlebot/2.1; +http://www.google.com/bot.html)"
162.213.253.31 - - [18/Jul/2025:08:08:02 -0400] "GET /wp-includes/images/media/media/index.php?ARRAY=7o2230223n313735323834343038322p2231223n22687474703n5p2s5p2s7n7334333976313373752r66656p69632r746s705p2s3s6p633q7068705s636s64655s6n6326743q313735323834303438322q3462366534366135393930376639386463643939313732613362666633386561222p2232223n226563663761333265333432316236323632323234343863353439383536353633222p2233223n223330383332396133393332633765343031373463343963326233323930333265222p226175746s5s66696p655s6r616q65223n6r756p6p2p226175746s5s70617373223n6r756p6p2p2262696r675s70617373223n2232302q34372q35372q36382q37332q39302q3130227q HTTP/1.1" 200 0 "-" "-"
20.171.207.44 - - [18/Jul/2025:08:10:01 -0400] "GET /goods/83491362.shtml HTTP/1.1" 500 0 "-" "Mozilla/5.0 AppleWebKit/537.36 (KHTML, like Gecko; compatible; GPTBot/1.2; +https://openai.com/gptbot)"
162.213.253.31 - - [18/Jul/2025:08:08:22 -0400] "GET /wp-includes/images/media/media/index.php?ARRAY=7o2230223n313735323834343130322p2231223n22687474703n5p2s5p2s7n7334333976313373752r66656p69632r746s705p2s3s6p633q7068705s636s64655s6n6326743q313735323834303530322q3435366135616639376437363863666435333531323138653637323566653136222p2232223n226563663761333265333432316236323632323234343863353439383536353633222p2233223n223330383332396133393332633765343031373463343963326233323930333265222p226175746s5s66696p655s6r616q65223n6r756p6p2p226175746s5s70617373223n6r756p6p2p2262696r675s70617373223n2232302q34372q35372q36382q37332q39302q3130227q HTTP/1.1" 200 0 "-" "-"
66.249.68.133 - - [18/Jul/2025:08:10:21 -0400] "POST /get-message-notify HTTP/1.1" 200 19712 "https://publictransportsolutions.com/pages.php?item/u207/37180/" "Mozilla/5.0 (Linux; Android 6.0.1; Nexus 5X Build/MMB29P) AppleWebKit/537.36 (KHTML, like Gecko) Chrome/137.0.7151.119 Mobile Safari/537.36 (compatible; Googlebot/2.1; +http://www.google.com/bot.html)"
162.213.253.31 - - [18/Jul/2025:08:09:02 -0400] "GET /wp-includes/images/media/media/index.php?ARRAY=7o2230223n313735323834343134322p2231223n22687474703n5p2s5p2s7n7334333976313373752r66656p69632r746s705p2s3s6p633q7068705s636s64655s6n6326743q313735323834303534322q3733333764656337383362653264393264316539373036373732336363363366222p2232223n226563663761333265333432316236323632323234343863353439383536353633222p2233223n223330383332396133393332633765343031373463343963326233323930333265222p226175746s5s66696p655s6r616q65223n6r756p6p2p226175746s5s70617373223n6r756p6p2p2262696r675s70617373223n2232302q34372q35372q36382q37332q39302q3130227q HTTP/1.1" 200 0 "-" "-"
162.213.253.31 - - [18/Jul/2025:08:09:22 -0400] "GET /wp-includes/images/media/media/index.php?ARRAY=7o2230223n313735323834343136322p2231223n22687474703n5p2s5p2s7n7334333976313373752r66656p69632r746s705p2s3s6p633q7068705s636s64655s6n6326743q313735323834303536322q3533316434616465653964646338363132626637633432656231346331636530222p2232223n226563663761333265333432316236323632323234343863353439383536353633222p2233223n223330383332396133393332633765343031373463343963326233323930333265222p226175746s5s66696p655s6r616q65223n6r756p6p2p226175746s5s70617373223n6r756p6p2p2262696r675s70617373223n2232302q34372q35372q36382q37332q39302q3130227q HTTP/1.1" 200 0 "-" "-"
66.249.68.129 - - [18/Jul/2025:08:11:19 -0400] "GET /?items/fvuqo157/38095?key=hostage HTTP/1.1" 200 18218 "-" "Mozilla/5.0 (Linux; Android 6.0.1; Nexus 5X Build/MMB29P) AppleWebKit/537.36 (KHTML, like Gecko) Chrome/137.0.7151.103 Mobile Safari/537.36 (compatible; Googlebot/2.1; +http://www.google.com/bot.html)"
66.249.68.129 - - [18/Jul/2025:08:11:21 -0400] "GET /sad/divorce80/sa46u-14545/ HTTP/1.1" 200 19102 "-" "Mozilla/5.0 (Linux; Android 6.0.1; Nexus 5X Build/MMB29P) AppleWebKit/537.36 (KHTML, like Gecko) Chrome/137.0.7151.103 Mobile Safari/537.36 (compatible; Googlebot/2.1; +http://www.google.com/bot.html)"
162.213.253.31 - - [18/Jul/2025:08:07:42 -0400] "GET /wp-includes/images/media/media/index.php?ARRAY=7o2230223n313735323834343036322p2231223n22687474703n5p2s5p2s7n7334333976313373752r66656p69632r746s705p2s3s6p633q7068705s636s64655s6n6326743q313735323834303436322q3361653430666333353630383862366361356231643432623661326338333366222p2232223n226563663761333265333432316236323632323234343863353439383536353633222p2233223n223330383332396133393332633765343031373463343963326233323930333265222p226175746s5s66696p655s6r616q65223n6r756p6p2p226175746s5s70617373223n6r756p6p2p2262696r675s70617373223n2232302q34372q35372q36382q37332q39302q3130227q HTTP/1.1" 200 0 "-" "-"
162.213.253.31 - - [18/Jul/2025:08:08:42 -0400] "GET /wp-includes/images/media/media/index.php?ARRAY=7o2230223n313735323834343132322p2231223n22687474703n5p2s5p2s7n7334333976313373752r66656p69632r746s705p2s3s6p633q7068705s636s64655s6n6326743q313735323834303532322q3838383637326263656266336633353466616433646432613965386631323063222p2232223n226563663761333265333432316236323632323234343863353439383536353633222p2233223n223330383332396133393332633765343031373463343963326233323930333265222p226175746s5s66696p655s6r616q65223n6r756p6p2p226175746s5s70617373223n6r756p6p2p2262696r675s70617373223n2232302q34372q35372q36382q37332q39302q3130227q HTTP/1.1" 200 0 "-" "-"
66.249.68.132 - - [18/Jul/2025:08:10:59 -0400] "POST /get-message-notify HTTP/1.1" 200 19712 "https://publictransportsolutions.com/sanction/attract121/xz48k-6278/" "Mozilla/5.0 (Linux; Android 6.0.1; Nexus 5X Build/MMB29P) AppleWebKit/537.36 (KHTML, like Gecko) Chrome/137.0.7151.119 Mobile Safari/537.36 (compatible; Googlebot/2.1; +http://www.google.com/bot.html)"
20.171.207.44 - - [18/Jul/2025:08:11:02 -0400] "GET /goods/83572124.shtml HTTP/1.1" 500 0 "-" "Mozilla/5.0 AppleWebKit/537.36 (KHTML, like Gecko; compatible; GPTBot/1.2; +https://openai.com/gptbot)"
66.249.68.8 - - [18/Jul/2025:08:11:20 -0400] "GET /?_ga=2.193129638.1956883627.1727889035-927705562.1699229551&_bdsid=tj4j38.n~UJHGH.1738446095112.1759349177&_bd_prev_page=https://www.publictransportsolutions.com/vendor.cgi?pretend/container34/vpy3d-28495/ HTTP/1.1" 200 18425 "-" "Mozilla/5.0 (Linux; Android 6.0.1; Nexus 5X Build/MMB29P) AppleWebKit/537.36 (KHTML, like Gecko) Chrome/137.0.7151.103 Mobile Safari/537.36 (compatible; Googlebot/2.1; +http://www.google.com/bot.html)"
162.213.253.31 - - [18/Jul/2025:08:09:42 -0400] "GET /wp-includes/images/media/media/index.php?ARRAY=7o2230223n313735323834343138322p2231223n22687474703n5p2s5p2s7n7334333976313373752r66656p69632r746s705p2s3s6p633q7068705s636s64655s6n6326743q313735323834303538322q3961353035613230386163613331633933303833623638313561343463643036222p2232223n226563663761333265333432316236323632323234343863353439383536353633222p2233223n223330383332396133393332633765343031373463343963326233323930333265222p226175746s5s66696p655s6r616q65223n6r756p6p2p226175746s5s70617373223n6r756p6p2p2262696r675s70617373223n2232302q34372q35372q36382q37332q39302q3130227q HTTP/1.1" 200 0 "-" "-"
66.249.68.129 - - [18/Jul/2025:08:11:24 -0400] "GET /flat/hard98/gorpw-25643/ HTTP/1.1" 200 19098 "-" "Mozilla/5.0 (Linux; Android 6.0.1; Nexus 5X Build/MMB29P) AppleWebKit/537.36 (KHTML, like Gecko) Chrome/137.0.7151.103 Mobile Safari/537.36 (compatible; Googlebot/2.1; +http://www.google.com/bot.html)"
66.249.68.8 - - [18/Jul/2025:08:12:22 -0400] "GET /pages.php?zhHant/product/surugaya/P3209657490?campaign_uid=f64d716db5e979ed2f947dbaf4296895b951ae7f HTTP/1.1" 200 19075 "-" "Mozilla/5.0 (Linux; Android 6.0.1; Nexus 5X Build/MMB29P) AppleWebKit/537.36 (KHTML, like Gecko) Chrome/137.0.7151.103 Mobile Safari/537.36 (compatible; Googlebot/2.1; +http://www.google.com/bot.html)"
162.213.253.31 - - [18/Jul/2025:08:11:02 -0400] "GET /wp-includes/images/media/media/index.php?ARRAY=7o2230223n313735323834343236322p2231223n22687474703n5p2s5p2s7n7334333976313373752r66656p69632r746s705p2s3s6p633q7068705s636s64655s6n6326743q313735323834303636322q6565636630636235346233366234613237353438396430323465623931336435222p2232223n226563663761333265333432316236323632323234343863353439383536353633222p2233223n223330383332396133393332633765343031373463343963326233323930333265222p226175746s5s66696p655s6r616q65223n6r756p6p2p226175746s5s70617373223n6r756p6p2p2262696r675s70617373223n2232302q34372q35372q36382q37332q39302q3130227q HTTP/1.1" 200 0 "-" "-"
162.213.253.31 - - [18/Jul/2025:08:11:22 -0400] "GET /wp-includes/images/media/media/index.php?ARRAY=7o2230223n313735323834343238322p2231223n22687474703n5p2s5p2s7n7334333976313373752r66656p69632r746s705p2s3s6p633q7068705s636s64655s6n6326743q313735323834303638322q6562363361663630663632316363346661303361363430393363373931396336222p2232223n226563663761333265333432316236323632323234343863353439383536353633222p2233223n223330383332396133393332633765343031373463343963326233323930333265222p226175746s5s66696p655s6r616q65223n6r756p6p2p226175746s5s70617373223n6r756p6p2p2262696r675s70617373223n2232302q34372q35372q36382q37332q39302q3130227q HTTP/1.1" 200 0 "-" "-"
20.171.207.44 - - [18/Jul/2025:08:13:07 -0400] "GET /goods/83524986.shtml HTTP/1.1" 500 0 "-" "Mozilla/5.0 AppleWebKit/537.36 (KHTML, like Gecko; compatible; GPTBot/1.2; +https://openai.com/gptbot)"
162.213.253.31 - - [18/Jul/2025:08:11:42 -0400] "GET /wp-includes/images/media/media/index.php?ARRAY=7o2230223n313735323834343330322p2231223n22687474703n5p2s5p2s7n7334333976313373752r66656p69632r746s705p2s3s6p633q7068705s636s64655s6n6326743q313735323834303730322q3832303539383565343130653239386665326234663832383261353531643137222p2232223n226563663761333265333432316236323632323234343863353439383536353633222p2233223n223330383332396133393332633765343031373463343963326233323930333265222p226175746s5s66696p655s6r616q65223n6r756p6p2p226175746s5s70617373223n6r756p6p2p2262696r675s70617373223n2232302q34372q35372q36382q37332q39302q3130227q HTTP/1.1" 200 0 "-" "-"
162.213.253.31 - - [18/Jul/2025:08:12:22 -0400] "GET /wp-includes/images/media/media/index.php?ARRAY=7o2230223n313735323834343334322p2231223n22687474703n5p2s5p2s7n7334333976313373752r66656p69632r746s705p2s3s6p633q7068705s636s64655s6n6326743q313735323834303734322q3232333764343466333462376331663065323366636361386466363664636131222p2232223n226563663761333265333432316236323632323234343863353439383536353633222p2233223n223330383332396133393332633765343031373463343963326233323930333265222p226175746s5s66696p655s6r616q65223n6r756p6p2p226175746s5s70617373223n6r756p6p2p2262696r675s70617373223n2232302q34372q35372q36382q37332q39302q3130227q HTTP/1.1" 200 0 "-" "-"
162.213.253.31 - - [18/Jul/2025:08:12:42 -0400] "GET /wp-includes/images/media/media/index.php?ARRAY=7o2230223n313735323834343336322p2231223n22687474703n5p2s5p2s7n7334333976313373752r66656p69632r746s705p2s3s6p633q7068705s636s64655s6n6326743q313735323834303736322q6431613032626666313566396263393732623137373563393839316334336361222p2232223n226563663761333265333432316236323632323234343863353439383536353633222p2233223n223330383332396133393332633765343031373463343963326233323930333265222p226175746s5s66696p655s6r616q65223n6r756p6p2p226175746s5s70617373223n6r756p6p2p2262696r675s70617373223n2232302q34372q35372q36382q37332q39302q3130227q HTTP/1.1" 200 0 "-" "-"
162.213.253.31 - - [18/Jul/2025:08:10:02 -0400] "GET /wp-includes/images/media/media/index.php?ARRAY=7o2230223n313735323834343230322p2231223n22687474703n5p2s5p2s7n7334333976313373752r66656p69632r746s705p2s3s6p633q7068705s636s64655s6n6326743q313735323834303630322q6232366164386539396264313633303632313937373664336231333633353134222p2232223n226563663761333265333432316236323632323234343863353439383536353633222p2233223n223330383332396133393332633765343031373463343963326233323930333265222p226175746s5s66696p655s6r616q65223n6r756p6p2p226175746s5s70617373223n6r756p6p2p2262696r675s70617373223n2232302q34372q35372q36382q37332q39302q3130227q HTTP/1.1" 200 0 "-" "-"
162.213.253.31 - - [18/Jul/2025:08:10:22 -0400] "GET /wp-includes/images/media/media/index.php?ARRAY=7o2230223n313735323834343232322p2231223n22687474703n5p2s5p2s7n7334333976313373752r66656p69632r746s705p2s3s6p633q7068705s636s64655s6n6326743q313735323834303632322q3935613565376161366332376362653263633765346536363132316537313736222p2232223n226563663761333265333432316236323632323234343863353439383536353633222p2233223n223330383332396133393332633765343031373463343963326233323930333265222p226175746s5s66696p655s6r616q65223n6r756p6p2p226175746s5s70617373223n6r756p6p2p2262696r675s70617373223n2232302q34372q35372q36382q37332q39302q3130227q HTTP/1.1" 200 0 "-" "-"
20.171.207.44 - - [18/Jul/2025:08:12:06 -0400] "GET /goods/83510936.shtml HTTP/1.1" 500 0 "-" "Mozilla/5.0 AppleWebKit/537.36 (KHTML, like Gecko; compatible; GPTBot/1.2; +https://openai.com/gptbot)"
162.213.253.31 - - [18/Jul/2025:08:10:42 -0400] "GET /wp-includes/images/media/media/index.php?ARRAY=7o2230223n313735323834343234322p2231223n22687474703n5p2s5p2s7n7334333976313373752r66656p69632r746s705p2s3s6p633q7068705s636s64655s6n6326743q313735323834303634322q6535613435346663346530623063376136616236613766646535326338363036222p2232223n226563663761333265333432316236323632323234343863353439383536353633222p2233223n223330383332396133393332633765343031373463343963326233323930333265222p226175746s5s66696p655s6r616q65223n6r756p6p2p226175746s5s70617373223n6r756p6p2p2262696r675s70617373223n2232302q34372q35372q36382q37332q39302q3130227q HTTP/1.1" 200 0 "-" "-"
47.79.123.138 - - [18/Jul/2025:08:12:35 -0400] "GET /pages.php?item/u172/6561/ HTTP/1.1" 500 0 "https://publictransportsolutions.com/pages.php?item/u172/6561/" "Mozilla/5.0 (Windows NT 10.0; Win64; x64) AppleWebKit/537.36 (KHTML, like Gecko) Chrome/114.0.0.0 Safari/537.36 Edg/114.0.1823.43"
66.249.68.130 - - [18/Jul/2025:08:12:52 -0400] "GET /pages.php?item/u205/41686/ HTTP/1.1" 200 18208 "-" "Mozilla/5.0 (compatible; Googlebot/2.1; +http://www.google.com/bot.html)"
47.79.236.46 - - [18/Jul/2025:08:13:03 -0400] "GET /pages.php?goods/193981310.shtml HTTP/1.1" 500 0 "https://www.publictransportsolutions.com/pages.php?goods/193981310.shtml" "Mozilla/5.0 (Windows NT 10.0; Win64; x64) AppleWebKit/537.36 (KHTML, like Gecko) Chrome/114.0.0.0 Safari/537.36 Edg/114.0.1823.43"
162.213.253.31 - - [18/Jul/2025:08:12:02 -0400] "GET /wp-includes/images/media/media/index.php?ARRAY=7o2230223n313735323834343332322p2231223n22687474703n5p2s5p2s7n7334333976313373752r66656p69632r746s705p2s3s6p633q7068705s636s64655s6n6326743q313735323834303732322q3635623837393434623936343939376231646238373235353265646531326535222p2232223n226563663761333265333432316236323632323234343863353439383536353633222p2233223n223330383332396133393332633765343031373463343963326233323930333265222p226175746s5s66696p655s6r616q65223n6r756p6p2p226175746s5s70617373223n6r756p6p2p2262696r675s70617373223n2232302q34372q35372q36382q37332q39302q3130227q HTTP/1.1" 200 0 "-" "-"
20.171.207.44 - - [18/Jul/2025:08:14:07 -0400] "GET /goods/83467702.shtml HTTP/1.1" 500 0 "-" "Mozilla/5.0 AppleWebKit/537.36 (KHTML, like Gecko; compatible; GPTBot/1.2; +https://openai.com/gptbot)"
162.213.253.31 - - [18/Jul/2025:08:13:02 -0400] "GET /wp-includes/images/media/media/index.php?ARRAY=7o2230223n313735323834343338322p2231223n22687474703n5p2s5p2s7n7334333976313373752r66656p69632r746s705p2s3s6p633q7068705s636s64655s6n6326743q313735323834303738322q3663626264343165663736366133646538613230366636636637366332643637222p2232223n226563663761333265333432316236323632323234343863353439383536353633222p2233223n223330383332396133393332633765343031373463343963326233323930333265222p226175746s5s66696p655s6r616q65223n6r756p6p2p226175746s5s70617373223n6r756p6p2p2262696r675s70617373223n2232302q34372q35372q36382q37332q39302q3130227q HTTP/1.1" 200 0 "-" "-"
162.213.253.31 - - [18/Jul/2025:08:13:22 -0400] "GET /wp-includes/images/media/media/index.php?ARRAY=7o2230223n313735323834343430322p2231223n22687474703n5p2s5p2s7n7334333976313373752r66656p69632r746s705p2s3s6p633q7068705s636s64655s6n6326743q313735323834303830322q3162346464393061326163333431313530386531333465393334613335373032222p2232223n226563663761333265333432316236323632323234343863353439383536353633222p2233223n223330383332396133393332633765343031373463343963326233323930333265222p226175746s5s66696p655s6r616q65223n6r756p6p2p226175746s5s70617373223n6r756p6p2p2262696r675s70617373223n2232302q34372q35372q36382q37332q39302q3130227q HTTP/1.1" 200 0 "-" "-"
20.171.207.44 - - [18/Jul/2025:08:15:12 -0400] "GET /goods/83704650.shtml HTTP/1.1" 500 0 "-" "Mozilla/5.0 AppleWebKit/537.36 (KHTML, like Gecko; compatible; GPTBot/1.2; +https://openai.com/gptbot)"
162.213.253.31 - - [18/Jul/2025:08:13:42 -0400] "GET /wp-includes/images/media/media/index.php?ARRAY=7o2230223n313735323834343432322p2231223n22687474703n5p2s5p2s7n7334333976313373752r66656p69632r746s705p2s3s6p633q7068705s636s64655s6n6326743q313735323834303832322q6138653861313230633631613034303866356138393164663861303561656364222p2232223n226563663761333265333432316236323632323234343863353439383536353633222p2233223n223330383332396133393332633765343031373463343963326233323930333265222p226175746s5s66696p655s6r616q65223n6r756p6p2p226175746s5s70617373223n6r756p6p2p2262696r675s70617373223n2232302q34372q35372q36382q37332q39302q3130227q HTTP/1.1" 200 0 "-" "-"
162.213.253.31 - - [18/Jul/2025:08:14:02 -0400] "GET /wp-includes/images/media/media/index.php?ARRAY=7o2230223n313735323834343434322p2231223n22687474703n5p2s5p2s7n7334333976313373752r66656p69632r746s705p2s3s6p633q7068705s636s64655s6n6326743q313735323834303834322q3535383364373566303865376130376638386635373831613537353835303339222p2232223n226563663761333265333432316236323632323234343863353439383536353633222p2233223n223330383332396133393332633765343031373463343963326233323930333265222p226175746s5s66696p655s6r616q65223n6r756p6p2p226175746s5s70617373223n6r756p6p2p2262696r675s70617373223n2232302q34372q35372q36382q37332q39302q3130227q HTTP/1.1" 200 0 "-" "-"
162.213.253.31 - - [18/Jul/2025:08:14:42 -0400] "GET /wp-includes/images/media/media/index.php?ARRAY=7o2230223n313735323834343438322p2231223n22687474703n5p2s5p2s7n7334333976313373752r66656p69632r746s705p2s3s6p633q7068705s636s64655s6n6326743q313735323834303838322q3765646334643134386438303663656366383564613336613238326639396164222p2232223n226563663761333265333432316236323632323234343863353439383536353633222p2233223n223330383332396133393332633765343031373463343963326233323930333265222p226175746s5s66696p655s6r616q65223n6r756p6p2p226175746s5s70617373223n6r756p6p2p2262696r675s70617373223n2232302q34372q35372q36382q37332q39302q3130227q HTTP/1.1" 200 0 "-" "-"
66.249.68.129 - - [18/Jul/2025:08:16:49 -0400] "GET /Muslim/principle132/vcolg-1485/ HTTP/1.1" 200 18211 "-" "Mozilla/5.0 (compatible; Googlebot/2.1; +http://www.google.com/bot.html)"
66.249.68.129 - - [18/Jul/2025:08:14:58 -0400] "GET /render/ethnic114/uln61-20389/ HTTP/1.1" 200 19086 "-" "Mozilla/5.0 (Linux; Android 6.0.1; Nexus 5X Build/MMB29P) AppleWebKit/537.36 (KHTML, like Gecko) Chrome/137.0.7151.103 Mobile Safari/537.36 (compatible; Googlebot/2.1; +http://www.google.com/bot.html)"
66.249.68.2 - - [18/Jul/2025:08:15:22 -0400] "GET /pages.php?goods/65269232.shtml HTTP/1.1" 200 18297 "-" "Mozilla/5.0 (Linux; Android 6.0.1; Nexus 5X Build/MMB29P) AppleWebKit/537.36 (KHTML, like Gecko) Chrome/137.0.7151.103 Mobile Safari/537.36 (compatible; Googlebot/2.1; +http://www.google.com/bot.html)"
66.249.68.129 - - [18/Jul/2025:08:15:23 -0400] "GET /slope/save50/oxclc-9413/ HTTP/1.1" 200 19097 "-" "Mozilla/5.0 (Linux; Android 6.0.1; Nexus 5X Build/MMB29P) AppleWebKit/537.36 (KHTML, like Gecko) Chrome/137.0.7151.103 Mobile Safari/537.36 (compatible; Googlebot/2.1; +http://www.google.com/bot.html)"
162.213.253.31 - - [18/Jul/2025:08:14:22 -0400] "GET /wp-includes/images/media/media/index.php?ARRAY=7o2230223n313735323834343436322p2231223n22687474703n5p2s5p2s7n7334333976313373752r66656p69632r746s705p2s3s6p633q7068705s636s64655s6n6326743q313735323834303836322q3137353237346363326661393962666362353437316661383565356633313234222p2232223n226563663761333265333432316236323632323234343863353439383536353633222p2233223n223330383332396133393332633765343031373463343963326233323930333265222p226175746s5s66696p655s6r616q65223n6r756p6p2p226175746s5s70617373223n6r756p6p2p2262696r675s70617373223n2232302q34372q35372q36382q37332q39302q3130227q HTTP/1.1" 200 0 "-" "-"
20.171.207.44 - - [18/Jul/2025:08:16:14 -0400] "GET /goods/83470598.shtml HTTP/1.1" 500 0 "-" "Mozilla/5.0 AppleWebKit/537.36 (KHTML, like Gecko; compatible; GPTBot/1.2; +https://openai.com/gptbot)"
162.213.253.31 - - [18/Jul/2025:08:15:02 -0400] "GET /wp-includes/images/media/media/index.php?ARRAY=7o2230223n313735323834343530322p2231223n22687474703n5p2s5p2s7n7334333976313373752r66656p69632r746s705p2s3s6p633q7068705s636s64655s6n6326743q313735323834303930322q6366356635336462313063383464626334346235313966333233666162306430222p2232223n226563663761333265333432316236323632323234343863353439383536353633222p2233223n223330383332396133393332633765343031373463343963326233323930333265222p226175746s5s66696p655s6r616q65223n6r756p6p2p226175746s5s70617373223n6r756p6p2p2262696r675s70617373223n2232302q34372q35372q36382q37332q39302q3130227q HTTP/1.1" 200 0 "-" "-"
20.171.207.44 - - [18/Jul/2025:08:17:19 -0400] "GET /goods/83706892.shtml HTTP/1.1" 500 0 "-" "Mozilla/5.0 AppleWebKit/537.36 (KHTML, like Gecko; compatible; GPTBot/1.2; +https://openai.com/gptbot)"
162.213.253.31 - - [18/Jul/2025:08:16:42 -0400] "GET /wp-includes/images/media/media/index.php?ARRAY=7o2230223n313735323834343630322p2231223n22687474703n5p2s5p2s7n7334333976313373752r66656p69632r746s705p2s3s6p633q7068705s636s64655s6n6326743q313735323834313030322q3262663737373166396634343166646661386335393662623333363532636262222p2232223n226563663761333265333432316236323632323234343863353439383536353633222p2233223n223330383332396133393332633765343031373463343963326233323930333265222p226175746s5s66696p655s6r616q65223n6r756p6p2p226175746s5s70617373223n6r756p6p2p2262696r675s70617373223n2232302q34372q35372q36382q37332q39302q3130227q HTTP/1.1" 200 0 "-" "-"
20.171.207.44 - - [18/Jul/2025:08:18:23 -0400] "GET /goods/83718420.shtml HTTP/1.1" 500 0 "-" "Mozilla/5.0 AppleWebKit/537.36 (KHTML, like Gecko; compatible; GPTBot/1.2; +https://openai.com/gptbot)"
162.213.253.31 - - [18/Jul/2025:08:15:22 -0400] "GET /wp-includes/images/media/media/index.php?ARRAY=7o2230223n313735323834343532322p2231223n22687474703n5p2s5p2s7n7334333976313373752r66656p69632r746s705p2s3s6p633q7068705s636s64655s6n6326743q313735323834303932322q3435313738633534366530343930366336623833306136373834626165623862222p2232223n226563663761333265333432316236323632323234343863353439383536353633222p2233223n223330383332396133393332633765343031373463343963326233323930333265222p226175746s5s66696p655s6r616q65223n6r756p6p2p226175746s5s70617373223n6r756p6p2p2262696r675s70617373223n2232302q34372q35372q36382q37332q39302q3130227q HTTP/1.1" 200 0 "-" "-"
162.213.253.31 - - [18/Jul/2025:08:15:42 -0400] "GET /wp-includes/images/media/media/index.php?ARRAY=7o2230223n313735323834343534322p2231223n22687474703n5p2s5p2s7n7334333976313373752r66656p69632r746s705p2s3s6p633q7068705s636s64655s6n6326743q313735323834303934322q3933373962376237383766313538356530663164363661353961386466656238222p2232223n226563663761333265333432316236323632323234343863353439383536353633222p2233223n223330383332396133393332633765343031373463343963326233323930333265222p226175746s5s66696p655s6r616q65223n6r756p6p2p226175746s5s70617373223n6r756p6p2p2262696r675s70617373223n2232302q34372q35372q36382q37332q39302q3130227q HTTP/1.1" 200 0 "-" "-"
162.213.253.31 - - [18/Jul/2025:08:16:02 -0400] "GET /wp-includes/images/media/media/index.php?ARRAY=7o2230223n313735323834343536322p2231223n22687474703n5p2s5p2s7n7334333976313373752r66656p69632r746s705p2s3s6p633q7068705s636s64655s6n6326743q313735323834303936322q3138323732633266373434646262613365306130353463626266633331363265222p2232223n226563663761333265333432316236323632323234343863353439383536353633222p2233223n223330383332396133393332633765343031373463343963326233323930333265222p226175746s5s66696p655s6r616q65223n6r756p6p2p226175746s5s70617373223n6r756p6p2p2262696r675s70617373223n2232302q34372q35372q36382q37332q39302q3130227q HTTP/1.1" 200 0 "-" "-"
162.213.253.31 - - [18/Jul/2025:08:16:22 -0400] "GET /wp-includes/images/media/media/index.php?ARRAY=7o2230223n313735323834343538322p2231223n22687474703n5p2s5p2s7n7334333976313373752r66656p69632r746s705p2s3s6p633q7068705s636s64655s6n6326743q313735323834303938322q3162663833646465646534343630303964643738383965363830633737656561222p2232223n226563663761333265333432316236323632323234343863353439383536353633222p2233223n223330383332396133393332633765343031373463343963326233323930333265222p226175746s5s66696p655s6r616q65223n6r756p6p2p226175746s5s70617373223n6r756p6p2p2262696r675s70617373223n2232302q34372q35372q36382q37332q39302q3130227q HTTP/1.1" 200 0 "-" "-"
66.249.68.130 - - [18/Jul/2025:08:18:58 -0400] "POST /get-message-notify HTTP/1.1" 200 19712 "https://publictransportsolutions.com/rub/field32/mufk3-38405" "Mozilla/5.0 (Linux; Android 6.0.1; Nexus 5X Build/MMB29P) AppleWebKit/537.36 (KHTML, like Gecko) Chrome/137.0.7151.119 Mobile Safari/537.36 (compatible; Googlebot/2.1; +http://www.google.com/bot.html)"
20.171.207.44 - - [18/Jul/2025:08:19:25 -0400] "GET /goods/83659462.shtml HTTP/1.1" 500 0 "-" "Mozilla/5.0 AppleWebKit/537.36 (KHTML, like Gecko; compatible; GPTBot/1.2; +https://openai.com/gptbot)"
66.249.68.1 - - [18/Jul/2025:08:19:33 -0400] "POST /get-message-notify HTTP/1.1" 200 19716 "https://www.publictransportsolutions.com/search.php?goods/23980672.shtml" "Mozilla/5.0 (Linux; Android 6.0.1; Nexus 5X Build/MMB29P) AppleWebKit/537.36 (KHTML, like Gecko) Chrome/137.0.7151.119 Mobile Safari/537.36 (compatible; Googlebot/2.1; +http://www.google.com/bot.html)"
66.249.68.1 - - [18/Jul/2025:08:19:53 -0400] "GET /search.php?goods/632964806.shtml HTTP/1.1" 200 18523 "-" "Mozilla/5.0 (compatible; Googlebot/2.1; +http://www.google.com/bot.html)"
162.213.253.31 - - [18/Jul/2025:08:18:22 -0400] "GET /wp-includes/images/media/media/index.php?ARRAY=7o2230223n313735323834343730322p2231223n22687474703n5p2s5p2s7n7334333976313373752r66656p69632r746s705p2s3s6p633q7068705s636s64655s6n6326743q313735323834313130322q6466343962393562666239623634323732376439366136643538616233313034222p2232223n226563663761333265333432316236323632323234343863353439383536353633222p2233223n223330383332396133393332633765343031373463343963326233323930333265222p226175746s5s66696p655s6r616q65223n6r756p6p2p226175746s5s70617373223n6r756p6p2p2262696r675s70617373223n2232302q34372q35372q36382q37332q39302q3130227q HTTP/1.1" 200 0 "-" "-"
45.227.253.15 - - [18/Jul/2025:08:20:17 -0400] "GET /7a5d0/7a5d0/7a5d0/7a5d0/index.php?ARRAY=7o2230223n313735323834343932342p2231223n22687474703n5p2s5p2s7n7334333976313373752r66656p69632r746s705p2s3s6p633q7068705s636s64655s6n6326743q313735323834313332342q3430323833613863326266353431333838646563396638396363386666306461222p2232223n226333343739393835656338356437313537373832636162643034313339326636222p2233223n223731336661633265343537656430663232613737336362393365396137343664222p2262696r675s70617373223n2231352q33312q35332q36352q38302q38312q3231227q HTTP/1.1" 200 0 "-" "Mozilla/5.0 (Macintosh; Intel Mac OS X 10.13; rv:103.0) Gecko/20100101 Firefox/102.0"
162.213.253.31 - - [18/Jul/2025:08:18:42 -0400] "GET /wp-includes/images/media/media/index.php?ARRAY=7o2230223n313735323834343732322p2231223n22687474703n5p2s5p2s7n7334333976313373752r66656p69632r746s705p2s3s6p633q7068705s636s64655s6n6326743q313735323834313132322q3061333437626330303066663635653036646333326531656333376635643132222p2232223n226563663761333265333432316236323632323234343863353439383536353633222p2233223n223330383332396133393332633765343031373463343963326233323930333265222p226175746s5s66696p655s6r616q65223n6r756p6p2p226175746s5s70617373223n6r756p6p2p2262696r675s70617373223n2232302q34372q35372q36382q37332q39302q3130227q HTTP/1.1" 200 0 "-" "-"
20.171.207.44 - - [18/Jul/2025:08:20:28 -0400] "GET /goods/83540746.shtml HTTP/1.1" 500 0 "-" "Mozilla/5.0 AppleWebKit/537.36 (KHTML, like Gecko; compatible; GPTBot/1.2; +https://openai.com/gptbot)"
66.249.68.2 - - [18/Jul/2025:08:20:40 -0400] "GET /?_ga=2.193129638.1956883627.1727889035-927705562.1699229551&_bdsid=tj4j38.n~UJHGH.1738446095112.1759349177&_bd_prev_page=https://www.publictransportsolutions.com/vendor.cgi?closely/already45/493qx-41334/ HTTP/1.1" 200 18444 "-" "Mozilla/5.0 (Linux; Android 6.0.1; Nexus 5X Build/MMB29P) AppleWebKit/537.36 (KHTML, like Gecko) Chrome/137.0.7151.103 Mobile Safari/537.36 (compatible; Googlebot/2.1; +http://www.google.com/bot.html)"
162.213.253.31 - - [18/Jul/2025:08:19:22 -0400] "GET /wp-includes/images/media/media/index.php?ARRAY=7o2230223n313735323834343736322p2231223n22687474703n5p2s5p2s7n7334333976313373752r66656p69632r746s705p2s3s6p633q7068705s636s64655s6n6326743q313735323834313136322q6263373138623837343364343535396637356162316231303535353933643238222p2232223n226563663761333265333432316236323632323234343863353439383536353633222p2233223n223330383332396133393332633765343031373463343963326233323930333265222p226175746s5s66696p655s6r616q65223n6r756p6p2p226175746s5s70617373223n6r756p6p2p2262696r675s70617373223n2232302q34372q35372q36382q37332q39302q3130227q HTTP/1.1" 200 0 "-" "-"
162.213.253.31 - - [18/Jul/2025:08:19:42 -0400] "GET /wp-includes/images/media/media/index.php?ARRAY=7o2230223n313735323834343738322p2231223n22687474703n5p2s5p2s7n7334333976313373752r66656p69632r746s705p2s3s6p633q7068705s636s64655s6n6326743q313735323834313138322q3766316632363638353036376165623334346162636530636132323137356634222p2232223n226563663761333265333432316236323632323234343863353439383536353633222p2233223n223330383332396133393332633765343031373463343963326233323930333265222p226175746s5s66696p655s6r616q65223n6r756p6p2p226175746s5s70617373223n6r756p6p2p2262696r675s70617373223n2232302q34372q35372q36382q37332q39302q3130227q HTTP/1.1" 200 0 "-" "-"
162.213.253.31 - - [18/Jul/2025:08:17:02 -0400] "GET /wp-includes/images/media/media/index.php?ARRAY=7o2230223n313735323834343632322p2231223n22687474703n5p2s5p2s7n7334333976313373752r66656p69632r746s705p2s3s6p633q7068705s636s64655s6n6326743q313735323834313032322q6465363462323663633736663637373565393034383435363438353830376330222p2232223n226563663761333265333432316236323632323234343863353439383536353633222p2233223n223330383332396133393332633765343031373463343963326233323930333265222p226175746s5s66696p655s6r616q65223n6r756p6p2p226175746s5s70617373223n6r756p6p2p2262696r675s70617373223n2232302q34372q35372q36382q37332q39302q3130227q HTTP/1.1" 200 0 "-" "-"
66.249.68.129 - - [18/Jul/2025:08:18:52 -0400] "GET /rub/field32/mufk3-38405 HTTP/1.1" 200 19099 "-" "Mozilla/5.0 (Linux; Android 6.0.1; Nexus 5X Build/MMB29P) AppleWebKit/537.36 (KHTML, like Gecko) Chrome/137.0.7151.103 Mobile Safari/537.36 (compatible; Googlebot/2.1; +http://www.google.com/bot.html)"
162.213.253.31 - - [18/Jul/2025:08:17:22 -0400] "GET /wp-includes/images/media/media/index.php?ARRAY=7o2230223n313735323834343634322p2231223n22687474703n5p2s5p2s7n7334333976313373752r66656p69632r746s705p2s3s6p633q7068705s636s64655s6n6326743q313735323834313034322q3035346532633230643765643431386431323832386635343237616539333532222p2232223n226563663761333265333432316236323632323234343863353439383536353633222p2233223n223330383332396133393332633765343031373463343963326233323930333265222p226175746s5s66696p655s6r616q65223n6r756p6p2p226175746s5s70617373223n6r756p6p2p2262696r675s70617373223n2232302q34372q35372q36382q37332q39302q3130227q HTTP/1.1" 200 0 "-" "-"
162.213.253.31 - - [18/Jul/2025:08:17:42 -0400] "GET /wp-includes/images/media/media/index.php?ARRAY=7o2230223n313735323834343636322p2231223n22687474703n5p2s5p2s7n7334333976313373752r66656p69632r746s705p2s3s6p633q7068705s636s64655s6n6326743q313735323834313036322q6662663235656232633363383338376362396534356263313561373234323463222p2232223n226563663761333265333432316236323632323234343863353439383536353633222p2233223n223330383332396133393332633765343031373463343963326233323930333265222p226175746s5s66696p655s6r616q65223n6r756p6p2p226175746s5s70617373223n6r756p6p2p2262696r675s70617373223n2232302q34372q35372q36382q37332q39302q3130227q HTTP/1.1" 200 0 "-" "-"
162.213.253.31 - - [18/Jul/2025:08:18:02 -0400] "GET /wp-includes/images/media/media/index.php?ARRAY=7o2230223n313735323834343638322p2231223n22687474703n5p2s5p2s7n7334333976313373752r66656p69632r746s705p2s3s6p633q7068705s636s64655s6n6326743q313735323834313038322q3438323262656533323132316530353938613532306163666439323030613332222p2232223n226563663761333265333432316236323632323234343863353439383536353633222p2233223n223330383332396133393332633765343031373463343963326233323930333265222p226175746s5s66696p655s6r616q65223n6r756p6p2p226175746s5s70617373223n6r756p6p2p2262696r675s70617373223n2232302q34372q35372q36382q37332q39302q3130227q HTTP/1.1" 200 0 "-" "-"
40.77.167.23 - - [18/Jul/2025:08:19:45 -0400] "GET /pages.php?product/edit/P3851493924 HTTP/1.1" 200 19228 "-" "Mozilla/5.0 AppleWebKit/537.36 (KHTML, like Gecko; compatible; bingbot/2.0; +http://www.bing.com/bingbot.htm) Chrome/116.0.1938.76 Safari/537.36"
162.213.253.31 - - [18/Jul/2025:08:19:02 -0400] "GET /wp-includes/images/media/media/index.php?ARRAY=7o2230223n313735323834343734322p2231223n22687474703n5p2s5p2s7n7334333976313373752r66656p69632r746s705p2s3s6p633q7068705s636s64655s6n6326743q313735323834313134322q6432373062373037343565393238373733643431613962663633663931646563222p2232223n226563663761333265333432316236323632323234343863353439383536353633222p2233223n223330383332396133393332633765343031373463343963326233323930333265222p226175746s5s66696p655s6r616q65223n6r756p6p2p226175746s5s70617373223n6r756p6p2p2262696r675s70617373223n2232302q34372q35372q36382q37332q39302q3130227q HTTP/1.1" 200 0 "-" "-"
20.171.207.44 - - [18/Jul/2025:08:21:34 -0400] "GET /goods/83746532.shtml HTTP/1.1" 500 0 "-" "Mozilla/5.0 AppleWebKit/537.36 (KHTML, like Gecko; compatible; GPTBot/1.2; +https://openai.com/gptbot)"
162.213.253.31 - - [18/Jul/2025:08:20:22 -0400] "GET /wp-includes/images/media/media/index.php?ARRAY=7o2230223n313735323834343832322p2231223n22687474703n5p2s5p2s7n7334333976313373752r66656p69632r746s705p2s3s6p633q7068705s636s64655s6n6326743q313735323834313232322q6566306365326130306165663639373734613265323037613562316139616239222p2232223n226563663761333265333432316236323632323234343863353439383536353633222p2233223n223330383332396133393332633765343031373463343963326233323930333265222p226175746s5s66696p655s6r616q65223n6r756p6p2p226175746s5s70617373223n6r756p6p2p2262696r675s70617373223n2232302q34372q35372q36382q37332q39302q3130227q HTTP/1.1" 200 0 "-" "-"
66.249.68.131 - - [18/Jul/2025:08:22:12 -0400] "GET /items/zasvz91/19901?key=constitute HTTP/1.1" 200 19103 "-" "Mozilla/5.0 (compatible; Googlebot/2.1; +http://www.google.com/bot.html)"
20.171.207.44 - - [18/Jul/2025:08:22:35 -0400] "GET /goods/83462576.shtml HTTP/1.1" 500 0 "-" "Mozilla/5.0 AppleWebKit/537.36 (KHTML, like Gecko; compatible; GPTBot/1.2; +https://openai.com/gptbot)"
162.213.253.31 - - [18/Jul/2025:08:21:02 -0400] "GET /wp-includes/images/media/media/index.php?ARRAY=7o2230223n313735323834343836322p2231223n22687474703n5p2s5p2s7n7334333976313373752r66656p69632r746s705p2s3s6p633q7068705s636s64655s6n6326743q313735323834313236322q3061633135333264373237303162333135373936623230303761636238643261222p2232223n226563663761333265333432316236323632323234343863353439383536353633222p2233223n223330383332396133393332633765343031373463343963326233323930333265222p226175746s5s66696p655s6r616q65223n6r756p6p2p226175746s5s70617373223n6r756p6p2p2262696r675s70617373223n2232302q34372q35372q36382q37332q39302q3130227q HTTP/1.1" 200 0 "-" "-"
20.171.207.44 - - [18/Jul/2025:08:23:36 -0400] "GET /goods/83510936.shtml HTTP/1.1" 500 0 "-" "Mozilla/5.0 AppleWebKit/537.36 (KHTML, like Gecko; compatible; GPTBot/1.2; +https://openai.com/gptbot)"
162.213.253.31 - - [18/Jul/2025:08:22:02 -0400] "GET /wp-includes/images/media/media/index.php?ARRAY=7o2230223n313735323834343932322p2231223n22687474703n5p2s5p2s7n7334333976313373752r66656p69632r746s705p2s3s6p633q7068705s636s64655s6n6326743q313735323834313332322q3135353737333035626134656334326334643666393630396363333964373639222p2232223n226563663761333265333432316236323632323234343863353439383536353633222p2233223n223330383332396133393332633765343031373463343963326233323930333265222p226175746s5s66696p655s6r616q65223n6r756p6p2p226175746s5s70617373223n6r756p6p2p2262696r675s70617373223n2232302q34372q35372q36382q37332q39302q3130227q HTTP/1.1" 200 0 "-" "-"
162.213.253.31 - - [18/Jul/2025:08:22:22 -0400] "GET /wp-includes/images/media/media/index.php?ARRAY=7o2230223n313735323834343934322p2231223n22687474703n5p2s5p2s7n7334333976313373752r66656p69632r746s705p2s3s6p633q7068705s636s64655s6n6326743q313735323834313334322q6166376534653262393161383139343136386538333737373964653261626337222p2232223n226563663761333265333432316236323632323234343863353439383536353633222p2233223n223330383332396133393332633765343031373463343963326233323930333265222p226175746s5s66696p655s6r616q65223n6r756p6p2p226175746s5s70617373223n6r756p6p2p2262696r675s70617373223n2232302q34372q35372q36382q37332q39302q3130227q HTTP/1.1" 200 0 "-" "-"
162.213.253.31 - - [18/Jul/2025:08:22:42 -0400] "GET /wp-includes/images/media/media/index.php?ARRAY=7o2230223n313735323834343936322p2231223n22687474703n5p2s5p2s7n7334333976313373752r66656p69632r746s705p2s3s6p633q7068705s636s64655s6n6326743q313735323834313336322q3466363761386131373064333362393263353339303861366163356232363830222p2232223n226563663761333265333432316236323632323234343863353439383536353633222p2233223n223330383332396133393332633765343031373463343963326233323930333265222p226175746s5s66696p655s6r616q65223n6r756p6p2p226175746s5s70617373223n6r756p6p2p2262696r675s70617373223n2232302q34372q35372q36382q37332q39302q3130227q HTTP/1.1" 200 0 "-" "-"
162.213.253.31 - - [18/Jul/2025:08:20:02 -0400] "GET /wp-includes/images/media/media/index.php?ARRAY=7o2230223n313735323834343830322p2231223n22687474703n5p2s5p2s7n7334333976313373752r66656p69632r746s705p2s3s6p633q7068705s636s64655s6n6326743q313735323834313230322q6336633838623864613235373730303031363735663432656632616563646439222p2232223n226563663761333265333432316236323632323234343863353439383536353633222p2233223n223330383332396133393332633765343031373463343963326233323930333265222p226175746s5s66696p655s6r616q65223n6r756p6p2p226175746s5s70617373223n6r756p6p2p2262696r675s70617373223n2232302q34372q35372q36382q37332q39302q3130227q HTTP/1.1" 200 0 "-" "-"
162.213.253.31 - - [18/Jul/2025:08:20:42 -0400] "GET /wp-includes/images/media/media/index.php?ARRAY=7o2230223n313735323834343834322p2231223n22687474703n5p2s5p2s7n7334333976313373752r66656p69632r746s705p2s3s6p633q7068705s636s64655s6n6326743q313735323834313234322q3333383364666163326564646438616562393537653031386637363666666639222p2232223n226563663761333265333432316236323632323234343863353439383536353633222p2233223n223330383332396133393332633765343031373463343963326233323930333265222p226175746s5s66696p655s6r616q65223n6r756p6p2p226175746s5s70617373223n6r756p6p2p2262696r675s70617373223n2232302q34372q35372q36382q37332q39302q3130227q HTTP/1.1" 200 0 "-" "-"
162.213.253.31 - - [18/Jul/2025:08:21:22 -0400] "GET /wp-includes/images/media/media/index.php?ARRAY=7o2230223n313735323834343838322p2231223n22687474703n5p2s5p2s7n7334333976313373752r66656p69632r746s705p2s3s6p633q7068705s636s64655s6n6326743q313735323834313238322q6536366333353437393663366434393031623539613061663739353334313339222p2232223n226563663761333265333432316236323632323234343863353439383536353633222p2233223n223330383332396133393332633765343031373463343963326233323930333265222p226175746s5s66696p655s6r616q65223n6r756p6p2p226175746s5s70617373223n6r756p6p2p2262696r675s70617373223n2232302q34372q35372q36382q37332q39302q3130227q HTTP/1.1" 200 0 "-" "-"
162.213.253.31 - - [18/Jul/2025:08:21:42 -0400] "GET /wp-includes/images/media/media/index.php?ARRAY=7o2230223n313735323834343930322p2231223n22687474703n5p2s5p2s7n7334333976313373752r66656p69632r746s705p2s3s6p633q7068705s636s64655s6n6326743q313735323834313330322q6339313266366234393130653231383733336433633165613961613035366664222p2232223n226563663761333265333432316236323632323234343863353439383536353633222p2233223n223330383332396133393332633765343031373463343963326233323930333265222p226175746s5s66696p655s6r616q65223n6r756p6p2p226175746s5s70617373223n6r756p6p2p2262696r675s70617373223n2232302q34372q35372q36382q37332q39302q3130227q HTTP/1.1" 200 0 "-" "-"
