X7ROOT File Manager
Current Path:
/usr/local/apache/domlogs/airtpgpx
usr
/
local
/
apache
/
domlogs
/
airtpgpx
/
📁
..
📄
airtrafficsolutions.airtrafficsolutions.com
(3.83 KB)
📄
airtrafficsolutions.airtrafficsolutions.com-ssl_log
(0 B)
📄
airtrafficsolutions.com
(16.3 KB)
📄
airtrafficsolutions.com-ssl_log
(0 B)
📄
jpmlworkforce.airtrafficsolutions.com
(8.1 KB)
📄
jpmlworkforce.airtrafficsolutions.com-ssl_log
(70.12 KB)
📄
jpmlworkforceaus.airtrafficsolutions.com
(0 B)
📄
jpmlworkforceaus.airtrafficsolutions.com-ssl_log
(1.41 KB)
📄
publictransportsolutions.airtrafficsolutions.com
(61.3 KB)
📄
publictransportsolutions.airtrafficsolutions.com-ssl_log
(257.34 KB)
📄
publictransportsolutionsau.airtrafficsolutions.com
(0 B)
📄
publictransportsolutionsau.airtrafficsolutions.com-ssl_log
(0 B)
📄
publictransportsolutionsnet.airtrafficsolutions.com
(219 B)
📄
publictransportsolutionsnet.airtrafficsolutions.com-ssl_log
(1.76 MB)
📄
publictransportsolutionsnetau.airtrafficsolutions.com
(7.91 KB)
📄
publictransportsolutionsnetau.airtrafficsolutions.com-ssl_log
(260 B)
Editing: jpmlworkforce.airtrafficsolutions.com-ssl_log
2a03:2880:f800:9:: - - [18/Jul/2025:08:07:54 -0400] "GET /?p=8081338643506& HTTP/1.1" 500 0 "-" "meta-externalagent/1.1 (+https://developers.facebook.com/docs/sharing/webmasters/crawler)"
66.249.79.138 - - [18/Jul/2025:08:09:38 -0400] "GET /?p=92721189997302&channel=81b312&from=shared.php%3Fid%3D1899973-8683%26name%3DFUZHCY%28%E3%81%9F%E3%81%91%E3%81%A1%29+%E3%82%B7%E3%83%AA%E3%82%B3%E3%83%B3%E3%82%B9%E3%83%BC%E3%83%91%E3%83%BC%E3%82%BD%E3%83%95%E3%83%88%E3%82%A4%E3%83%B3%E3%82%BD%E3%83%BC%E3%83%AB%E8%B6%B3%E5%BA%95%E7%AD%8B%E8%86%9C%E7%82%8E%E3%83%91%E3%83%83%E3%83%89%E8%B8%B5%E9%AA%A8%E8%A1%9D%E6%92%83%E5%90%B8%E5%8F%8E%E3%82%A4%E3%83%B3%E3%82%BD%E3%83%BC%E3%83%AB%28Size+41+to+42%29 HTTP/1.1" 200 53776 "-" "Mozilla/5.0 (Linux; Android 6.0.1; Nexus 5X Build/MMB29P) AppleWebKit/537.36 (KHTML, like Gecko) Chrome/137.0.7151.103 Mobile Safari/537.36 (compatible; Googlebot/2.1; +http://www.google.com/bot.html)"
2a03:2880:f800:15:: - - [18/Jul/2025:08:14:35 -0400] "GET /?p=2961987284801& HTTP/1.1" 500 0 "-" "meta-externalagent/1.1 (+https://developers.facebook.com/docs/sharing/webmasters/crawler)"
66.249.79.139 - - [18/Jul/2025:08:15:15 -0400] "GET /?p=7118587991501&channel=4fef36&from=jp.php%3Fid%3D879915-15542%26name%3D%E3%82%AC%E3%82%B9%E3%82%B3%E3%83%B3%E3%83%AD+-+1+%E3%83%90%E3%83%BC%E3%83%8A%E3%83%BC+%E3%82%AC%E3%82%B9%E3%82%B3%E3%83%B3%E3%83%AD%E3%80%81+%E3%82%AB%E3%82%A6%E3%83%B3%E3%82%BF%E3%83%BC%E3%83%88%E3%83%83%E3%83%97+%E3%82%AC%E3%82%B9%E3%82%B3%E3%83%B3%E3%83%AD+%E3%82%AF%E3%83%83%E3%82%AF%E3%83%88%E3%83%83%E3%83%97%E3%80%81+%E5%BC%B7%E5%8C%96%E3%82%AC%E3%83%A9%E3%82%B9+%E3%83%89%E3%83%AD%E3%83%83%E3%83%97%E3%82%A4%E3%83%B3+%E3%82%AC%E3%82%B9%E3%83%AC%E3%83%B3%E3%82%B8+%E3%82%B3%E3%83%B3 HTTP/1.1" 200 54147 "-" "Mozilla/5.0 (iPhone; CPU iPhone OS 16_3_1 like Mac OS X) AppleWebKit/537.36 (KHTML, like Gecko) Version/16.3 Mobile/15E148 Safari/537.36 (compatible; Googlebot/2.1; +http://www.google.com/bot.html)"
2a03:2880:f800:17:: - - [18/Jul/2025:08:15:40 -0400] "GET /?p=88272181906400& HTTP/1.1" 500 0 "-" "meta-externalagent/1.1 (+https://developers.facebook.com/docs/sharing/webmasters/crawler)"
66.249.79.138 - - [18/Jul/2025:08:19:24 -0400] "GET /?p=39795139605405&channel=e955fc&from=brands.php%3Fid%3D1396054-16109%26name%3D%E3%82%B7%E3%83%AB%E3%83%90%E3%83%8B%E3%82%A2%E3%83%95%E3%82%A1%E3%83%9F%E3%83%AA%E3%83%BC%E3%80%80%E3%82%B7%E3%83%90%E3%82%A4%E3%83%8C%E3%80%80%E3%83%95%E3%83%AC%E3%83%B3%E3%83%81%E3%83%96%E3%83%AB%E3%83%89%E3%83%83%E3%82%B0%E3%80%80%E3%82%B7%E3%83%9E%E3%82%A8%E3%83%8A%E3%82%AC%E3%80%80%E3%83%95%E3%82%A1%E3%83%9F%E3%83%AA%E3%83%BC HTTP/1.1" 200 55207 "-" "Mozilla/5.0 (Linux; Android 6.0.1; Nexus 5X Build/MMB29P) AppleWebKit/537.36 (KHTML, like Gecko) Chrome/138.0.7204.157 Mobile Safari/537.36 (compatible; Googlebot/2.1; +http://www.google.com/bot.html)"
2a03:2880:f800:18:: - - [18/Jul/2025:08:19:47 -0400] "GET /?p=7811393962502& HTTP/1.1" 500 0 "-" "meta-externalagent/1.1 (+https://developers.facebook.com/docs/sharing/webmasters/crawler)"
2a03:2880:f800:18:: - - [18/Jul/2025:08:19:49 -0400] "GET /?p=72209106335906& HTTP/1.1" 500 0 "-" "meta-externalagent/1.1 (+https://developers.facebook.com/docs/sharing/webmasters/crawler)"
2a03:2880:f800:19:: - - [18/Jul/2025:08:19:50 -0400] "GET /?p=20029106607800& HTTP/1.1" 500 0 "-" "meta-externalagent/1.1 (+https://developers.facebook.com/docs/sharing/webmasters/crawler)"
2a03:2880:f800:6:: - - [18/Jul/2025:08:19:53 -0400] "GET /?p=0602576863404& HTTP/1.1" 500 0 "-" "meta-externalagent/1.1 (+https://developers.facebook.com/docs/sharing/webmasters/crawler)"
2a03:2880:f800:18:: - - [18/Jul/2025:08:19:53 -0400] "GET /?p=5179816624200& HTTP/1.1" 500 0 "-" "meta-externalagent/1.1 (+https://developers.facebook.com/docs/sharing/webmasters/crawler)"
2a03:2880:f800:17:: - - [18/Jul/2025:08:19:57 -0400] "GET /?p=01759170217301& HTTP/1.1" 500 0 "-" "meta-externalagent/1.1 (+https://developers.facebook.com/docs/sharing/webmasters/crawler)"
2a03:2880:f800:11:: - - [18/Jul/2025:08:09:00 -0400] "GET /?p=3338012963902& HTTP/1.1" 500 0 "-" "meta-externalagent/1.1 (+https://developers.facebook.com/docs/sharing/webmasters/crawler)"
2a03:2880:f800:a:: - - [18/Jul/2025:08:10:07 -0400] "GET /?p=2725626503406& HTTP/1.1" 500 0 "-" "meta-externalagent/1.1 (+https://developers.facebook.com/docs/sharing/webmasters/crawler)"
2a03:2880:f800:d:: - - [18/Jul/2025:08:11:13 -0400] "GET /?p=9826727782000& HTTP/1.1" 500 0 "-" "meta-externalagent/1.1 (+https://developers.facebook.com/docs/sharing/webmasters/crawler)"
2a03:2880:f800:e:: - - [18/Jul/2025:08:12:20 -0400] "GET /?p=7981832625800& HTTP/1.1" 500 0 "-" "meta-externalagent/1.1 (+https://developers.facebook.com/docs/sharing/webmasters/crawler)"
66.249.79.229 - - [18/Jul/2025:08:12:43 -0400] "GET /?p=9308985844700&channel=ccdb49&from=article.php%3Fid%3D858447-13709%26name%3D%5BKYOETSU%5D+%5B%E3%82%AD%E3%83%A7%E3%82%A6%E3%82%A8%E3%83%84%5D+%E6%B5%B4%E8%A1%A3%E3%82%BB%E3%83%83%E3%83%88+%E6%A5%8A%E6%9F%B3+G+4%E7%82%B9%E3%82%BB%E3%83%83%E3%83%88+%E6%B5%B4%E8%A1%A3+%E3%83%AF%E3%83%B3%E3%82%BF%E3%83%83%E3%83%81+%E8%A7%92%E5%B8%AF+%E5%85%B5%E5%85%90%E5%B8%AF+%E4%B8%8B%E9%A7%84+%E8%85%B0%E7%B4%90+%E3%83%A1%E3%83%B3%E3%82%BA+%28G-9%E7%B4%85%28%E3%83%AF%E3%83%B3%E3%82%BF%E3%83%83%E3%83%81%E8%A7%92%E5%B8%AF%E9%BB%92%29%2C+LL%29 HTTP/1.1" 200 56287 "-" "Mozilla/5.0 (Linux; Android 6.0.1; Nexus 5X Build/MMB29P) AppleWebKit/537.36 (KHTML, like Gecko) Chrome/137.0.7151.103 Mobile Safari/537.36 (compatible; Googlebot/2.1; +http://www.google.com/bot.html)"
2a03:2880:f800:3:: - - [18/Jul/2025:08:13:27 -0400] "GET /?p=3280955539201& HTTP/1.1" 500 0 "-" "meta-externalagent/1.1 (+https://developers.facebook.com/docs/sharing/webmasters/crawler)"
2a03:2880:f800:7:: - - [18/Jul/2025:08:16:47 -0400] "GET /?p=78962198719600& HTTP/1.1" 500 0 "-" "meta-externalagent/1.1 (+https://developers.facebook.com/docs/sharing/webmasters/crawler)"
66.249.79.139 - - [18/Jul/2025:08:16:48 -0400] "GET /?p=7079346987107&channel=077011&from=product.php%3Fid%3D469871-2258%26name%3D20aw+AMERI+VINTAGE+%E3%82%BB%E3%83%83%E3%83%88+%E3%82%A2%E3%83%83%E3%83%97+%E3%82%B8%E3%83%A3%E3%82%B1%E3%83%83%E3%83%88+%E3%83%91%E3%83%B3%E3%83%84+M HTTP/1.1" 200 54428 "-" "Mozilla/5.0 (Linux; Android 6.0.1; Nexus 5X Build/MMB29P) AppleWebKit/537.36 (KHTML, like Gecko) Chrome/137.0.7151.103 Mobile Safari/537.36 (compatible; Googlebot/2.1; +http://www.google.com/bot.html)"
2a03:2880:f800:3:: - - [18/Jul/2025:08:17:54 -0400] "GET /?p=21029190572105& HTTP/1.1" 500 0 "-" "meta-externalagent/1.1 (+https://developers.facebook.com/docs/sharing/webmasters/crawler)"
2a03:2880:f800:6:: - - [18/Jul/2025:08:19:45 -0400] "GET /?p=57278187216600& HTTP/1.1" 500 0 "-" "meta-externalagent/1.1 (+https://developers.facebook.com/docs/sharing/webmasters/crawler)"
2a03:2880:f800:3:: - - [18/Jul/2025:08:19:47 -0400] "GET /?p=04889118637602& HTTP/1.1" 500 0 "-" "meta-externalagent/1.1 (+https://developers.facebook.com/docs/sharing/webmasters/crawler)"
2a03:2880:f800:5:: - - [18/Jul/2025:08:19:57 -0400] "GET /?p=09988170003100& HTTP/1.1" 500 0 "-" "meta-externalagent/1.1 (+https://developers.facebook.com/docs/sharing/webmasters/crawler)"
2a03:2880:f800:16:: - - [18/Jul/2025:08:20:02 -0400] "GET /?p=02844152717202& HTTP/1.1" 500 0 "-" "meta-externalagent/1.1 (+https://developers.facebook.com/docs/sharing/webmasters/crawler)"
2a03:2880:f800:c:: - - [18/Jul/2025:08:20:02 -0400] "GET /?p=8277519461601& HTTP/1.1" 500 0 "-" "meta-externalagent/1.1 (+https://developers.facebook.com/docs/sharing/webmasters/crawler)"
2a03:2880:f800:9:: - - [18/Jul/2025:08:20:09 -0400] "GET /?p=23327183257700& HTTP/1.1" 500 0 "-" "meta-externalagent/1.1 (+https://developers.facebook.com/docs/sharing/webmasters/crawler)"
2a03:2880:f800:1c:: - - [18/Jul/2025:08:21:02 -0400] "GET /?p=8700937479901& HTTP/1.1" 500 0 "-" "meta-externalagent/1.1 (+https://developers.facebook.com/docs/sharing/webmasters/crawler)"
2a03:2880:f800:12:: - - [18/Jul/2025:08:20:07 -0400] "GET /?p=05196102062501& HTTP/1.1" 500 0 "-" "meta-externalagent/1.1 (+https://developers.facebook.com/docs/sharing/webmasters/crawler)"
2a03:2880:f800:15:: - - [18/Jul/2025:08:20:09 -0400] "GET /?p=22713198433300& HTTP/1.1" 500 0 "-" "meta-externalagent/1.1 (+https://developers.facebook.com/docs/sharing/webmasters/crawler)"
114.96.103.33 - - [18/Jul/2025:08:20:12 -0400] "GET / HTTP/1.1" 500 0 "http://jpmlworkforce.com" "Mozilla/5.0 (iPhone; CPU iPhone OS 13_2_3 like Mac OS X) AppleWebKit/605.1.15 (KHTML, like Gecko) Version/13.0.3 Mobile/15E148 Safari/604.1"
66.249.79.228 - - [18/Jul/2025:08:21:54 -0400] "GET /?p=3077899830203&channel=a3a22a&from=shop.php%3Fid%3D998302-6162%26name%3D%E8%87%AA%E7%AB%8B%E5%9E%8B%E9%87%91%E5%B1%9E%E8%A3%BD%E3%82%B9%E3%82%AB%E3%83%BC%E3%83%95%E3%83%87%E3%82%A3%E3%82%B9%E3%83%97%E3%83%AC%E3%82%A4%E3%83%A9%E3%83%83%E3%82%AF%E3%80%81%E3%83%9E%E3%83%AB%E3%83%81%E3%82%B9%E3%82%AB%E3%83%BC%E3%83%95%E3%83%9B%E3%83%AB%E3%83%80%E3%83%BC%E3%80%81%E5%B0%8F%E5%A3%B2%E9%87%91%E5%B1%9E%E8%A3%BD%E8%A1%A3%E9%A1%9E%E3%83%A9%E3%83%83%E3%82%AF%E3%80%81%E3%83%99%E3%83%AB%E3%83%88%E3%82%B7%E3%83%A7%E3%83%BC%E3%83%AB%E3%83%92%E3%82%B8%E3%83%A3%E3%83%96%E3%83%8F%E3%83%B3%E3%82%AC%E3%83%BC%E8%A1%A3%E9%A1%9E%E3%83%87%E3%82%A3%E3%82%B9%E3%83%97%E3%83%AC%E3%82%A4 HTTP/1.1" 200 54324 "-" "Mozilla/5.0 (Linux; Android 6.0.1; Nexus 5X Build/MMB29P) AppleWebKit/537.36 (KHTML, like Gecko) Chrome/137.0.7151.103 Mobile Safari/537.36 (compatible; Googlebot/2.1; +http://www.google.com/bot.html)"
66.249.79.138 - - [18/Jul/2025:08:21:55 -0400] "GET /?p=77037164816004&channel=b7380a&from=jp.php%3Fid%3D1648160-1102%26name%3D%E3%80%90%E9%80%81%E6%96%99%E7%84%A1%E6%96%99%E3%80%91+%E3%83%90%E3%83%B3%E3%82%B0%E3%83%AB+%E3%83%96%E3%83%AC%E3%82%B9%E3%83%AC%E3%83%83%E3%83%88+%E3%83%A1%E3%83%B3%E3%82%BA+%E3%82%B9%E3%83%86%E3%83%B3%E3%83%AC%E3%82%B9+%E3%83%96%E3%83%AC%E3%82%B9%E3%83%AC%E3%83%83%E3%83%88%E3%82%BB%E3%83%83%E3%83%88+%E3%83%9F%E3%83%8B%E3%83%9E%E3%83%AA%E3%82%B9%E3%83%88+%E5%93%81%E8%B3%AA+%E3%82%B9%E3%82%BF%E3%82%A4%E3%83%AA%E3%83%83%E3%82%B7%E3%83%A5+%E3%83%A6%E3%83%8B%E3%83%BC%E3%82%AF+%E3%83%99%E3%83%AB%E3%83%88+%E9%AB%98%E3%81%95+%E3%83%88%E3%83%83%E3%83%97 HTTP/1.1" 200 55971 "-" "Mozilla/5.0 (Linux; Android 6.0.1; Nexus 5X Build/MMB29P) AppleWebKit/537.36 (KHTML, like Gecko) Chrome/137.0.7151.103 Mobile Safari/537.36 (compatible; Googlebot/2.1; +http://www.google.com/bot.html)"
172.190.142.176 - - [18/Jul/2025:08:25:04 -0400] "GET /wp-content/plugins/hellopress/wp_filemanager.php HTTP/1.1" 500 0 "-" "-"
172.190.142.176 - - [18/Jul/2025:08:25:05 -0400] "GET /.well-known/gecko-litespeed.php HTTP/1.1" 500 0 "-" "-"
172.190.142.176 - - [18/Jul/2025:08:25:06 -0400] "GET /update/f35.php HTTP/1.1" 500 0 "-" "-"
172.190.142.176 - - [18/Jul/2025:08:25:07 -0400] "GET /lock360.php HTTP/1.1" 500 0 "-" "-"
172.190.142.176 - - [18/Jul/2025:08:25:07 -0400] "GET /atomlib.php HTTP/1.1" 500 0 "-" "-"
172.190.142.176 - - [18/Jul/2025:08:25:08 -0400] "GET /wp-content/themes/aahana/json.php HTTP/1.1" 500 0 "-" "-"
172.190.142.176 - - [18/Jul/2025:08:25:08 -0400] "GET /cgi-bin/cgi-bin/about.php7 HTTP/1.1" 500 0 "-" "-"
172.190.142.176 - - [18/Jul/2025:08:25:09 -0400] "GET /wp-content/plugins/hellopress/wp_filemanager.php HTTP/1.1" 500 0 "-" "-"
172.190.142.176 - - [18/Jul/2025:08:25:09 -0400] "GET /themes.php HTTP/1.1" 500 0 "-" "-"
172.190.142.176 - - [18/Jul/2025:08:25:10 -0400] "GET /goat1.php HTTP/1.1" 500 0 "-" "-"
172.190.142.176 - - [18/Jul/2025:08:25:12 -0400] "GET /wp-content/upgrade/index.php HTTP/1.1" 500 0 "-" "-"
172.190.142.176 - - [18/Jul/2025:08:25:13 -0400] "GET /wp-includes/IXR/index.php HTTP/1.1" 500 0 "-" "-"
172.190.142.176 - - [18/Jul/2025:08:25:14 -0400] "GET /up.php HTTP/1.1" 500 0 "-" "-"
172.190.142.176 - - [18/Jul/2025:08:25:15 -0400] "GET /jp.php HTTP/1.1" 500 0 "-" "-"
172.190.142.176 - - [18/Jul/2025:08:25:16 -0400] "GET /wp-content/themes/about.php HTTP/1.1" 500 0 "-" "-"
40.77.167.15 - - [18/Jul/2025:08:21:21 -0400] "GET /?p=53829162982800&channel=125b62&from=article.php%3Fid%3D1629828-73%26name%3D%E3%83%8D%E3%82%B0%E3%83%AD%E3%82%B9%E9%9B%BB%E5%B7%A5+%E5%86%85%E3%83%BB%E5%A4%96%E7%9B%B4%E8%A7%92L%E5%BD%A2%E5%88%86%E5%B2%90%E3%83%A9%E3%83%83%E3%82%AFSD+SD-SRLAC80 HTTP/1.1" 200 41595 "-" "Mozilla/5.0 AppleWebKit/537.36 (KHTML, like Gecko; compatible; bingbot/2.0; +http://www.bing.com/bingbot.htm) Chrome/116.0.1938.76 Safari/537.36"
2a03:2880:f800:b:: - - [18/Jul/2025:08:23:25 -0400] "GET /?p=32071194281403& HTTP/1.1" 500 0 "-" "meta-externalagent/1.1 (+https://developers.facebook.com/docs/sharing/webmasters/crawler)"
2a03:2880:f800:1:: - - [18/Jul/2025:08:24:07 -0400] "GET /?p=26808195508505& HTTP/1.1" 500 0 "-" "meta-externalagent/1.1 (+https://developers.facebook.com/docs/sharing/webmasters/crawler)"
66.249.79.228 - - [18/Jul/2025:08:24:59 -0400] "GET /?p=7095361771103&channel=78e534&from=product.php%3Fid%3D617711-6628%26name%3DPORTER+%E3%82%B5%E3%82%B3%E3%83%83%E3%82%B7%E3%83%A5+%E9%BB%92 HTTP/1.1" 200 54189 "-" "Mozilla/5.0 (Linux; Android 6.0.1; Nexus 5X Build/MMB29P) AppleWebKit/537.36 (KHTML, like Gecko) Chrome/137.0.7151.103 Mobile Safari/537.36 (compatible; Googlebot/2.1; +http://www.google.com/bot.html)"
172.190.142.176 - - [18/Jul/2025:08:25:04 -0400] "GET /function/function.php HTTP/1.1" 500 0 "-" "-"
172.190.142.176 - - [18/Jul/2025:08:25:05 -0400] "GET /.well-known/log.php HTTP/1.1" 500 0 "-" "-"
172.190.142.176 - - [18/Jul/2025:08:25:05 -0400] "GET /mar.php HTTP/1.1" 500 0 "-" "-"
172.190.142.176 - - [18/Jul/2025:08:25:06 -0400] "GET /system_log.php HTTP/1.1" 500 0 "-" "-"
172.190.142.176 - - [18/Jul/2025:08:25:10 -0400] "GET /bless.php HTTP/1.1" 500 0 "-" "-"
172.190.142.176 - - [18/Jul/2025:08:25:11 -0400] "GET /baxa1.phP8 HTTP/1.1" 500 0 "-" "-"
172.190.142.176 - - [18/Jul/2025:08:25:12 -0400] "GET /wp-configs.php HTTP/1.1" 500 0 "-" "-"
172.190.142.176 - - [18/Jul/2025:08:25:12 -0400] "GET /wp-content/plugins/wp-conflg.php HTTP/1.1" 500 0 "-" "-"
172.190.142.176 - - [18/Jul/2025:08:25:13 -0400] "GET /02.php HTTP/1.1" 500 0 "-" "-"
172.190.142.176 - - [18/Jul/2025:08:25:14 -0400] "GET /mail.php HTTP/1.1" 500 0 "-" "-"
172.190.142.176 - - [18/Jul/2025:08:25:15 -0400] "GET /media.php HTTP/1.1" 500 0 "-" "-"
172.190.142.176 - - [18/Jul/2025:08:25:18 -0400] "GET /class.php HTTP/1.1" 500 0 "-" "-"
172.190.142.176 - - [18/Jul/2025:08:25:20 -0400] "GET /wp-content/plugins/wp-help/index.php HTTP/1.1" 500 0 "-" "-"
172.190.142.176 - - [18/Jul/2025:08:25:21 -0400] "GET /wp-includes/block-patterns/index.php HTTP/1.1" 500 0 "-" "-"
172.190.142.176 - - [18/Jul/2025:08:25:22 -0400] "GET /wp-admin/images/file.php HTTP/1.1" 500 0 "-" "-"
172.190.142.176 - - [18/Jul/2025:08:25:24 -0400] "GET /wp-content/themes/cay-van-phong/filemanager.php HTTP/1.1" 500 0 "-" "-"
172.190.142.176 - - [18/Jul/2025:08:25:26 -0400] "GET /cc.php HTTP/1.1" 500 0 "-" "-"
172.190.142.176 - - [18/Jul/2025:08:25:27 -0400] "GET /wp-mail.php/wp-includes/ID3/getid3s.php HTTP/1.1" 500 0 "-" "-"
172.190.142.176 - - [18/Jul/2025:08:25:28 -0400] "GET /wp-admin/function.php HTTP/1.1" 500 0 "-" "-"
172.190.142.176 - - [18/Jul/2025:08:25:30 -0400] "GET /wp-content/packed.php HTTP/1.1" 500 0 "-" "-"
172.190.142.176 - - [18/Jul/2025:08:25:30 -0400] "GET /wp-includes/js/codemirror/index.php HTTP/1.1" 500 0 "-" "-"
172.190.142.176 - - [18/Jul/2025:08:25:31 -0400] "GET /wp-admin/includes/xmrlpc.php HTTP/1.1" 500 0 "-" "-"
172.190.142.176 - - [18/Jul/2025:08:25:31 -0400] "GET /wp-content/themes/admin.php HTTP/1.1" 500 0 "-" "-"
172.190.142.176 - - [18/Jul/2025:08:25:32 -0400] "GET /wp-admin/css/wp-conflg.php HTTP/1.1" 500 0 "-" "-"
172.190.142.176 - - [18/Jul/2025:08:25:33 -0400] "GET /wp-content/themes/file.php HTTP/1.1" 500 0 "-" "-"
172.190.142.176 - - [18/Jul/2025:08:25:35 -0400] "GET /wp-content/upgrade/admin.php HTTP/1.1" 500 0 "-" "-"
172.190.142.176 - - [18/Jul/2025:08:25:35 -0400] "GET /wp-admin/log.php HTTP/1.1" 500 0 "-" "-"
172.190.142.176 - - [18/Jul/2025:08:25:16 -0400] "GET /worksec.php HTTP/1.1" 500 0 "-" "-"
172.190.142.176 - - [18/Jul/2025:08:25:17 -0400] "GET /.well-known/pki-validation/dropdown.php HTTP/1.1" 404 1251 "-" "-"
172.190.142.176 - - [18/Jul/2025:08:25:17 -0400] "GET /menu.php HTTP/1.1" 500 0 "-" "-"
172.190.142.176 - - [18/Jul/2025:08:25:18 -0400] "GET /log.php HTTP/1.1" 500 0 "-" "-"
172.190.142.176 - - [18/Jul/2025:08:25:19 -0400] "GET /.well-known/pki-validation/index.php HTTP/1.1" 404 1251 "-" "-"
172.190.142.176 - - [18/Jul/2025:08:25:19 -0400] "GET /wp-includes/SimplePie/index.php HTTP/1.1" 500 0 "-" "-"
172.190.142.176 - - [18/Jul/2025:08:25:20 -0400] "GET /wp-conflg.php HTTP/1.1" 500 0 "-" "-"
172.190.142.176 - - [18/Jul/2025:08:25:21 -0400] "GET /wp-content/themes/twentytwentytwo/index.php HTTP/1.1" 500 0 "-" "-"
172.190.142.176 - - [18/Jul/2025:08:25:22 -0400] "GET /wp-includes/Text/Diff/Engine/about.php HTTP/1.1" 500 0 "-" "-"
172.190.142.176 - - [18/Jul/2025:08:25:23 -0400] "GET /wp-includes/pomo/about.php HTTP/1.1" 500 0 "-" "-"
172.190.142.176 - - [18/Jul/2025:08:25:23 -0400] "GET /wp-content/uploads/wp.php HTTP/1.1" 500 0 "-" "-"
172.190.142.176 - - [18/Jul/2025:08:25:25 -0400] "GET /wp-content/cong.php HTTP/1.1" 500 0 "-" "-"
172.190.142.176 - - [18/Jul/2025:08:25:25 -0400] "GET /wp-includes/js/about.php HTTP/1.1" 500 0 "-" "-"
172.190.142.176 - - [18/Jul/2025:08:25:26 -0400] "GET /wp-includes/IXR/about.php HTTP/1.1" 500 0 "-" "-"
172.190.142.176 - - [18/Jul/2025:08:25:28 -0400] "GET /wp-admin/css/colors/blue/atomlib.php HTTP/1.1" 500 0 "-" "-"
172.190.142.176 - - [18/Jul/2025:08:25:29 -0400] "GET /wp-content/themes.php HTTP/1.1" 500 0 "-" "-"
172.190.142.176 - - [18/Jul/2025:08:25:32 -0400] "GET /wp-includes/Text/Diff/about.php HTTP/1.1" 500 0 "-" "-"
172.190.142.176 - - [18/Jul/2025:08:25:33 -0400] "GET /wp-includes/block-supports/about.php HTTP/1.1" 500 0 "-" "-"
172.190.142.176 - - [18/Jul/2025:08:25:33 -0400] "GET /wp-admin/chosen.php HTTP/1.1" 500 0 "-" "-"
172.190.142.176 - - [18/Jul/2025:08:25:34 -0400] "GET /wp-includes/fonts/admin.php HTTP/1.1" 500 0 "-" "-"
172.190.142.176 - - [18/Jul/2025:08:25:34 -0400] "GET /wp-admin/classwithtostring.php HTTP/1.1" 500 0 "-" "-"
172.190.142.176 - - [18/Jul/2025:08:25:37 -0400] "GET /wp-content/themes/twentytwentytwo/alfa-rex.php HTTP/1.1" 500 0 "-" "-"
172.190.142.176 - - [18/Jul/2025:08:25:39 -0400] "GET /wp-content/languages/chosen.php HTTP/1.1" 500 0 "-" "-"
172.190.142.176 - - [18/Jul/2025:08:25:40 -0400] "GET /wp-admin/network/chosen.php HTTP/1.1" 500 0 "-" "-"
172.190.142.176 - - [18/Jul/2025:08:25:40 -0400] "GET /wp-includes/html-api/index.php HTTP/1.1" 500 0 "-" "-"
172.190.142.176 - - [18/Jul/2025:08:25:41 -0400] "GET /wp-content/plugins/linkpreview/db.php?u HTTP/1.1" 500 0 "-" "-"
2a03:2880:f800:c:: - - [18/Jul/2025:08:27:32 -0400] "GET /?p=72141100066935& HTTP/1.1" 500 0 "-" "meta-externalagent/1.1 (+https://developers.facebook.com/docs/sharing/webmasters/crawler)"
2a03:2880:f800:1:: - - [18/Jul/2025:08:27:42 -0400] "GET /?p=91157140236300& HTTP/1.1" 500 0 "-" "meta-externalagent/1.1 (+https://developers.facebook.com/docs/sharing/webmasters/crawler)"
2a03:2880:f800:1c:: - - [18/Jul/2025:08:29:56 -0400] "GET /?p=290344814500& HTTP/1.1" 500 0 "-" "meta-externalagent/1.1 (+https://developers.facebook.com/docs/sharing/webmasters/crawler)"
66.249.79.130 - - [18/Jul/2025:08:30:05 -0400] "GET /?p=85938106253301&channel=efb3a2&from=article.php%3Fid%3D1062533-1898%26name%3D%E3%83%9E%E3%82%B8%E3%83%83%E3%82%AF%E3%83%86%E3%83%BC%E3%83%97%E4%BB%98%E4%B8%8D%E7%B9%94%E5%B8%83%E7%99%BD%E8%A1%A3+%E3%83%AA%E3%83%96%E4%BB%98+50%E6%9E%9A%E5%85%A5+M%E3%80%80DHMR-M+1%E3%82%B1%E3%83%BC%E3%82%B9%2850%E6%9E%9A%E5%85%A5%29 HTTP/1.1" 200 54586 "-" "Mozilla/5.0 (Linux; Android 6.0.1; Nexus 5X Build/MMB29P) AppleWebKit/537.36 (KHTML, like Gecko) Chrome/137.0.7151.103 Mobile Safari/537.36 (compatible; Googlebot/2.1; +http://www.google.com/bot.html)"
2a03:2880:f800:f:: - - [18/Jul/2025:08:30:32 -0400] "GET /?p=3449722064201& HTTP/1.1" 500 0 "-" "meta-externalagent/1.1 (+https://developers.facebook.com/docs/sharing/webmasters/crawler)"
157.55.39.15 - - [18/Jul/2025:08:30:38 -0400] "GET /?p=280817437800&channel=8c03db&from=article.php%3Fid%3D74378-1084%26name%3D%E9%AB%98%E4%BA%95%E9%BA%BB%E5%B7%B3%E5%AD%90+%E3%83%A1%E3%83%AD%E3%83%87%E3%82%A3+7%E3%82%A4%E3%83%B3%E3%83%81%E3%83%AC%E3%82%B3%E3%83%BC%E3%83%89 HTTP/1.1" 200 41890 "-" "Mozilla/5.0 AppleWebKit/537.36 (KHTML, like Gecko; compatible; bingbot/2.0; +http://www.bing.com/bingbot.htm) Chrome/116.0.1938.76 Safari/537.36"
2a03:2880:f800:8:: - - [18/Jul/2025:08:30:57 -0400] "GET /?p=2692843465702& HTTP/1.1" 500 0 "-" "meta-externalagent/1.1 (+https://developers.facebook.com/docs/sharing/webmasters/crawler)"
66.249.79.129 - - [18/Jul/2025:08:31:28 -0400] "GET /?p=2720424942402&channel=e66d12&from=info.php%3Fid%3D249424-1512%26name%3D%E2%98%85%E6%96%B0%E5%93%81%E6%9C%AA%E4%BD%BF%E7%94%A8%E2%98%85%E3%82%A6%E3%82%B8%E3%83%A7%E3%83%BC+Ujoh+%E3%83%99%E3%82%B9%E3%83%88+%E3%82%B8%E3%83%AC+%E3%83%AF%E3%83%B3%E3%83%94%E3%83%BC%E3%82%B9+%E3%83%96%E3%83%A9%E3%83%83%E3%82%AF%E3%83%86%E3%83%BC%E3%83%A9%E3%83%BC%E3%83%89 HTTP/1.1" 200 53626 "-" "Mozilla/5.0 (Linux; Android 6.0.1; Nexus 5X Build/MMB29P) AppleWebKit/537.36 (KHTML, like Gecko) Chrome/137.0.7151.103 Mobile Safari/537.36 (compatible; Googlebot/2.1; +http://www.google.com/bot.html)"
2a03:2880:f800:13:: - - [18/Jul/2025:08:31:55 -0400] "GET /?p=8886853765000& HTTP/1.1" 500 0 "-" "meta-externalagent/1.1 (+https://developers.facebook.com/docs/sharing/webmasters/crawler)"
2a03:2880:f800:1c:: - - [18/Jul/2025:08:33:04 -0400] "GET /?p=69309189406805& HTTP/1.1" 500 0 "-" "meta-externalagent/1.1 (+https://developers.facebook.com/docs/sharing/webmasters/crawler)"
66.249.79.130 - - [18/Jul/2025:08:33:10 -0400] "GET /?p=1402971883000&channel=d32aa2&from=info.php%3Fid%3D718830-17%26name%3D%E5%A4%A7%E3%81%8D%E3%82%81%E3%82%B5%E3%82%A4%E3%82%BA+%E3%83%A1%E3%83%B3%E3%82%BA+%E3%83%91%E3%83%B3%E3%83%84+%E3%82%AB%E3%82%B8%E3%83%A5%E3%82%A2%E3%83%AB+%E3%82%BA%E3%83%9C%E3%83%B3+%E3%81%8A%E3%81%97%E3%82%83%E3%82%8C+%E3%83%95%E3%82%A1%E3%83%83%E3%82%B7%E3%83%A7%E3%83%B3+%E9%BB%92+%E3%82%A2%E3%83%A1%E3%83%AA%E3%82%AB%E3%83%B3+%E3%82%B8%E3%83%BC%E3%83%B3%E3%82%BA+%E3%82%B9%E3%83%88%E3%83%AC%E3%83%BC%E3%83%88+%E3%83%88%E3%83%AC%E3%83%B3%E3%83%87%E3%82%A3 HTTP/1.1" 200 55114 "-" "Mozilla/5.0 (Linux; Android 6.0.1; Nexus 5X Build/MMB29P) AppleWebKit/537.36 (KHTML, like Gecko) Chrome/137.0.7151.103 Mobile Safari/537.36 (compatible; Googlebot/2.1; +http://www.google.com/bot.html)"
66.249.79.129 - - [18/Jul/2025:08:33:11 -0400] "GET /?p=7221372116700&channel=42c0ba&from=article.php%3Fid%3D721167-12962%26name%3D%E3%81%82%E3%82%93%E3%81%95%E3%82%93%E3%81%B6%E3%82%8B%E3%82%B9%E3%82%BF%E3%83%BC%E3%82%BA+%E3%82%B3%E3%83%AC%E3%82%AF%E3%82%B7%E3%83%A7%E3%83%B3%E7%BC%B6%E3%83%90%E3%83%83%E3%83%81+HiMERU HTTP/1.1" 200 43335 "-" "Mozilla/5.0 (compatible; Googlebot/2.1; +http://www.google.com/bot.html)"
157.55.39.15 - - [18/Jul/2025:08:33:51 -0400] "GET /?p=7886211726204&channel=9401f8&from=product.php%3Fid%3D117262-2300%26name%3DYONEX+EZONE100+%E3%82%B0%E3%83%AA%E3%83%83%E3%83%972+%E5%9B%BD%E5%86%85%E6%AD%A3%E8%A6%8F%E5%93%81 HTTP/1.1" 200 41457 "-" "Mozilla/5.0 AppleWebKit/537.36 (KHTML, like Gecko; compatible; bingbot/2.0; +http://www.bing.com/bingbot.htm) Chrome/116.0.1938.76 Safari/537.36"
2a03:2880:f800:c:: - - [18/Jul/2025:08:33:56 -0400] "GET /?p=519879256901& HTTP/1.1" 500 0 "-" "meta-externalagent/1.1 (+https://developers.facebook.com/docs/sharing/webmasters/crawler)"
66.249.79.130 - - [18/Jul/2025:08:34:01 -0400] "GET /?p=4720266388900&channel=125b62&from=article.php%3Fid%3D663889-73%26name%3D%E3%82%B3%E3%82%AC%E3%83%8D%E3%82%A4+NEW%E3%83%9A%E3%83%B3%E3%82%B7%E3%83%AA%E3%83%B3%E3%83%80+%E5%85%A5%E6%95%B0%3A1%E5%80%8B+PBDAS16X160-M-1A-ZC230A2 HTTP/1.1" 200 42442 "-" "Mozilla/5.0 (compatible; Googlebot/2.1; +http://www.google.com/bot.html)"
172.190.142.176 - - [18/Jul/2025:08:25:36 -0400] "GET /wp-content/uploads/2024/index.php HTTP/1.1" 500 0 "-" "-"
172.190.142.176 - - [18/Jul/2025:08:25:37 -0400] "GET /wp-admin/js/wp-conflg.php HTTP/1.1" 500 0 "-" "-"
172.190.142.176 - - [18/Jul/2025:08:25:38 -0400] "GET /wp-includes/style-engine/index.php HTTP/1.1" 500 0 "-" "-"
172.190.142.176 - - [18/Jul/2025:08:25:38 -0400] "GET /wp-includes/Text/wp-conflg.php HTTP/1.1" 500 0 "-" "-"
2a03:2880:f800:1d:: - - [18/Jul/2025:08:25:48 -0400] "GET /?p=20424198668603& HTTP/1.1" 500 0 "-" "meta-externalagent/1.1 (+https://developers.facebook.com/docs/sharing/webmasters/crawler)"
2a03:2880:f800:8:: - - [18/Jul/2025:08:26:00 -0400] "GET /?p=16072121082801& HTTP/1.1" 500 0 "-" "meta-externalagent/1.1 (+https://developers.facebook.com/docs/sharing/webmasters/crawler)"
2a03:2880:f800:d:: - - [18/Jul/2025:08:27:17 -0400] "GET /?p=98488150802310& HTTP/1.1" 500 0 "-" "meta-externalagent/1.1 (+https://developers.facebook.com/docs/sharing/webmasters/crawler)"
2a03:2880:f800:15:: - - [18/Jul/2025:08:30:54 -0400] "GET /?p=64172110902202& HTTP/1.1" 500 0 "-" "meta-externalagent/1.1 (+https://developers.facebook.com/docs/sharing/webmasters/crawler)"
2a03:2880:f800:1a:: - - [18/Jul/2025:08:30:59 -0400] "GET /?p=9082087770400& HTTP/1.1" 500 0 "-" "meta-externalagent/1.1 (+https://developers.facebook.com/docs/sharing/webmasters/crawler)"
2a03:2880:f800:8:: - - [18/Jul/2025:08:31:03 -0400] "GET /?p=8227085206400& HTTP/1.1" 500 0 "-" "meta-externalagent/1.1 (+https://developers.facebook.com/docs/sharing/webmasters/crawler)"
2a03:2880:f800:4:: - - [18/Jul/2025:08:32:33 -0400] "GET /?p=94699156424504& HTTP/1.1" 500 0 "-" "meta-externalagent/1.1 (+https://developers.facebook.com/docs/sharing/webmasters/crawler)"
2a03:2880:f800:5:: - - [18/Jul/2025:08:33:51 -0400] "GET /?p=47734120249500& HTTP/1.1" 500 0 "-" "meta-externalagent/1.1 (+https://developers.facebook.com/docs/sharing/webmasters/crawler)"
2a03:2880:f800:e:: - - [18/Jul/2025:08:34:34 -0400] "GET /?p=9882168468001& HTTP/1.1" 500 0 "-" "meta-externalagent/1.1 (+https://developers.facebook.com/docs/sharing/webmasters/crawler)"
2a03:2880:f800:11:: - - [18/Jul/2025:08:35:39 -0400] "GET /?p=73504117284200& HTTP/1.1" 500 0 "-" "meta-externalagent/1.1 (+https://developers.facebook.com/docs/sharing/webmasters/crawler)"
2a03:2880:f800:5:: - - [18/Jul/2025:08:36:48 -0400] "GET /?p=82798134537800& HTTP/1.1" 500 0 "-" "meta-externalagent/1.1 (+https://developers.facebook.com/docs/sharing/webmasters/crawler)"
205.210.31.14 - - [18/Jul/2025:08:38:02 -0400] "GET /shell HTTP/1.1" 500 0 "-" "Hello from Palo Alto Networks, find out more about our scans in https://docs-cortex.paloaltonetworks.com/r/1/Cortex-Xpanse/Scanning-activity"
2a03:2880:f800:18:: - - [18/Jul/2025:08:40:19 -0400] "GET /?p=98990173080501& HTTP/1.1" 500 0 "-" "meta-externalagent/1.1 (+https://developers.facebook.com/docs/sharing/webmasters/crawler)"
47.82.6.41 - - [18/Jul/2025:08:40:49 -0400] "GET /?p=09694140840108&channel=79c841&from=brands.php?id%3D1408401-5881%26name%3D6+Oz.+(Ounce)+Glass+Bulb+Jar+Syrup+Dispenser,+Sugar+Dispenser,+Ret HTTP/1.1" 500 0 "https://www.jpmlworkforce.com/?p=09694140840108&channel=79c841&from=brands.php%3Fid%3D1408401-5881%26name%3D6+Oz.+%28Ounce%29+Glass+Bulb+Jar+Syrup+Dispenser%2C+Sugar+Dispenser%2C+Ret" "Mozilla/5.0 (Windows NT 10.0; Win64; x64) AppleWebKit/537.36 (KHTML, like Gecko) Chrome/114.0.0.0 Safari/537.36 Edg/114.0.1823.43"
205.210.31.48 - - [18/Jul/2025:08:42:06 -0400] "GET /webshell HTTP/1.1" 500 0 "-" "Hello from Palo Alto Networks, find out more about our scans in https://docs-cortex.paloaltonetworks.com/r/1/Cortex-Xpanse/Scanning-activity"
66.249.79.129 - - [18/Jul/2025:08:35:33 -0400] "GET /?p=827088207202&channel=1ebac8&from=article.php%3Fid%3D82072-4905%26name%3D%5B%EF%BC%A3%EF%BC%A8%EF%BC%AF%EF%BC%B9%EF%BC%A1%5D+%5B%E3%83%81%E3%83%A7%E3%83%BC%E3%83%A4%5D%E5%BD%A2%E6%85%8B%E5%AE%89%E5%AE%9A%E5%8A%A0%E5%B7%A5%E3%83%AF%E3%82%A4%E3%82%B7%E3%83%A3%E3%83%84+%E3%83%A1%E3%83%B3%E3%82%BA%EF%BD%9CCFD715-209 HTTP/1.1" 200 53702 "-" "Mozilla/5.0 (Linux; Android 6.0.1; Nexus 5X Build/MMB29P) AppleWebKit/537.36 (KHTML, like Gecko) Chrome/137.0.7151.103 Mobile Safari/537.36 (compatible; Googlebot/2.1; +http://www.google.com/bot.html)"
2a03:2880:f800:1c:: - - [18/Jul/2025:08:35:41 -0400] "GET /?p=31106136248107& HTTP/1.1" 500 0 "-" "meta-externalagent/1.1 (+https://developers.facebook.com/docs/sharing/webmasters/crawler)"
66.249.79.130 - - [18/Jul/2025:08:37:16 -0400] "GET /?p=7862727466202&channel=7c92c5&from=news.php%3Fid%3D274662-673%26name%3D%E3%80%90%E9%80%81%E6%96%99%E7%84%A1%E6%96%99%E3%80%91%E3%83%9B%E3%83%93%E3%83%BC+%E3%83%BB%E6%A8%A1%E5%9E%8B%E8%BB%8A%E3%83%BB%E3%83%90%E3%82%A4%E3%82%AF+%E3%83%AC%E3%83%BC%E3%82%B7%E3%83%B3%E3%82%B0%E3%82%AB%E3%83%BC+%E3%82%B0%E3%83%AA%E3%83%83%E3%83%88%E3%83%88%E3%83%A9%E3%83%83%E3%82%AF%E3%83%9E%E3%83%83%E3%83%81%E3%83%9C%E3%83%83%E3%82%AF%E3%82%B9%E3%83%AC%E3%82%AE%E3%83%A5%E3%83%A9%E3%83%BC%E3%83%9B%E3%82%A4%E3%83%BC%E3%83%AB HTTP/1.1" 200 56370 "-" "Mozilla/5.0 (Linux; Android 6.0.1; Nexus 5X Build/MMB29P) AppleWebKit/537.36 (KHTML, like Gecko) Chrome/137.0.7151.103 Mobile Safari/537.36 (compatible; Googlebot/2.1; +http://www.google.com/bot.html)"
2a03:2880:f800:8:: - - [18/Jul/2025:08:37:55 -0400] "GET /?p=18279158552603& HTTP/1.1" 500 0 "-" "meta-externalagent/1.1 (+https://developers.facebook.com/docs/sharing/webmasters/crawler)"
66.249.79.129 - - [18/Jul/2025:08:38:31 -0400] "GET /?p=0940826054502&channel=28aca2&from=category-info.php%3Fid%3D260545-10188%26name%3D%E3%82%B9%E3%83%94%E3%83%BC%E3%83%89%E3%83%9E%E3%83%BC%E3%83%81%E3%83%A3%E3%83%B3%E3%83%88+%E3%83%93%E3%83%83%E3%82%AF%E3%83%84%E3%82%A4%E3%83%B3++%E3%82%B9%E3%83%9D%E3%83%BC%E3%83%84%E3%82%B9%E3%82%BF%E3%83%BC%E3%83%A2%E3%83%87%E3%83%AB+%E3%82%BD%E3%83%AA%E3%83%83%E3%83%89%E3%83%9E%E3%82%A6%E3%83%B3%E3%83%88%E3%82%AD%E3%83%83%E3%83%88%EF%BC%88%E3%83%96%E3%83%A9%E3%83%83%E3%82%AF%EF%BC%89+SpeedMerchant+%E3%83%90%E3%82%A4%E3%82%AF%EF%BC%88Speed+Merchant%E3%80%91New%EF%BC%81%E3%83%9F%E3%83%AB%E3%82%A6%E3%82%A9%E3%83%BC%E3%82%AD%E3%83%BC8%E7%94%A8%E3%83%9F%E3%83%83%E3%83%89%E3%83%8F%E3%82%A4%E3%82%B9%E3%83%86%E3%83%83%E3%83%97%EF%BC%81+%3A+HarleyDavidson%E3%83%91%E3%83%BC%E3%83%84%E3%83%87%E3%82%A3%E3%82%B9%E3%83%88%E3%83%AA%E3%83%93%E3%83%A5%E3%83%BC%E3%82%BF%E3%83%BC++%E3%83%8D%E3%82%AA%E3%83%95%E3%82%A1%E3%82%AF%E3%83%88%E3%83%AA%E3%83%BC+%26+%E3%82%AB%E3%82%B9%E3%82%BF%E3%83%A0%E3%82%B7%E3%83%A7%E3%83%83%E3%83%97+%E3%83%8D%E3%82%AA%E3%82%AC%E3%83%AC%E3%83%BC%E3%82%B8%E3%83%96%E3%83%AD%E3%82%B0%EF%BC%89 HTTP/1.1" 200 54570 "-" "Mozilla/5.0 (Linux; Android 6.0.1; Nexus 5X Build/MMB29P) AppleWebKit/537.36 (KHTML, like Gecko) Chrome/137.0.7151.103 Mobile Safari/537.36 (compatible; Googlebot/2.1; +http://www.google.com/bot.html)"
2a03:2880:f800:10:: - - [18/Jul/2025:08:41:26 -0400] "GET /?p=2680044377400& HTTP/1.1" 500 0 "-" "meta-externalagent/1.1 (+https://developers.facebook.com/docs/sharing/webmasters/crawler)"
51.68.111.202 - - [18/Jul/2025:08:43:04 -0400] "GET /robots.txt HTTP/1.1" 200 66 "-" "Mozilla/5.0 (compatible; MJ12bot/v2.0.2; http://mj12bot.com/)"
51.68.111.202 - - [18/Jul/2025:08:43:08 -0400] "GET / HTTP/1.1" 500 0 "-" "Mozilla/5.0 (compatible; MJ12bot/v2.0.2; http://mj12bot.com/)"
66.249.79.237 - - [18/Jul/2025:08:42:21 -0400] "GET /?p=11559124720407&channel=f75834&from=blog.php%3Fid%3D1247204-19669%26name%3D%E6%B0%B4%E6%A7%BD%E3%83%99%E3%83%BC%E3%82%B9%E3%82%AD%E3%83%A3%E3%83%93%E3%83%8D%E3%83%83%E3%83%88+%E3%82%AD%E3%83%A3%E3%83%93%E3%83%8D%E3%83%83%E3%83%88%E4%BB%98%E3%81%8D+%E5%A4%9A%E5%B1%A4%E5%8F%8E%E7%B4%8D%E3%83%A9%E3%83%83%E3%82%AF+%E8%80%90%E8%8D%B7%E9%87%8D%E3%83%99%E3%83%BC%E3%82%B9+%E3%83%AA%E3%83%93%E3%83%B3%E3%82%B0%E3%83%AB%E3%83%BC%E3%83%A0+%E6%B0%B4%E6%A7%BD%E5%AE%B6%E5%85%B7+%E5%A4%A7%E5%AE%B9%E9%87%8F+%E8%A6%AA%E5%AF%86%E3%81%AA%E4%B8%B8%E3%81%84%E8%A7%92+%E3%82%A2%E3%83%B3%E3%83%81%E3%83%90%E3%83%B3%E3%83%97 HTTP/1.1" 200 54352 "-" "Mozilla/5.0 (Linux; Android 6.0.1; Nexus 5X Build/MMB29P) AppleWebKit/537.36 (KHTML, like Gecko) Chrome/137.0.7151.103 Mobile Safari/537.36 (compatible; Googlebot/2.1; +http://www.google.com/bot.html)"
66.249.79.237 - - [18/Jul/2025:08:42:22 -0400] "GET /?p=1775634452900&channel=4bb6ac&from=form.php%3Fid%3D344529-11%26name%3D%E3%80%90%E9%80%81%E6%96%99%E7%84%A1%E6%96%99%E3%80%91+%E3%83%AC%E3%82%AC%E3%83%83%E3%82%BF+%E3%83%A1%E3%83%B3%E3%82%BA+%E3%82%B8%E3%83%A3%E3%82%B1%E3%83%83%E3%83%88%E3%83%BB%E3%83%96%E3%83%AB%E3%82%BE%E3%83%B3+%E3%82%A2%E3%82%A6%E3%82%BF%E3%83%BC+CrnbrkWaxJkt+Sn99+Black HTTP/1.1" 200 55905 "-" "Mozilla/5.0 (Linux; Android 6.0.1; Nexus 5X Build/MMB29P) AppleWebKit/537.36 (KHTML, like Gecko) Chrome/137.0.7151.103 Mobile Safari/537.36 (compatible; Googlebot/2.1; +http://www.google.com/bot.html)"
2a03:2880:f800:5:: - - [18/Jul/2025:08:42:35 -0400] "GET /?p=5041675058306& HTTP/1.1" 500 0 "-" "meta-externalagent/1.1 (+https://developers.facebook.com/docs/sharing/webmasters/crawler)"
2a03:2880:f800:1d:: - - [18/Jul/2025:08:43:41 -0400] "GET /?p=2997611914601& HTTP/1.1" 500 0 "-" "meta-externalagent/1.1 (+https://developers.facebook.com/docs/sharing/webmasters/crawler)"
66.249.79.224 - - [18/Jul/2025:08:46:27 -0400] "GET /?p=93893132853201&channel=87461a&from=jp.php%3Fid%3D1328532-119%26name%3D%E3%82%B9%E3%83%BC%E3%83%84+%E3%83%A1%E3%83%B3%E3%82%BA+%E3%83%93%E3%82%B8%E3%83%8D%E3%82%B9+%E3%82%AA%E3%83%95%E3%82%A3%E3%82%B9+%E3%83%80%E3%83%B3%E3%83%87%E3%82%A3+%E3%83%95%E3%82%A9%E3%83%BC%E3%83%9E%E3%83%AB+%E3%82%B9%E3%83%88%E3%83%A9%E3%82%A4%E3%83%97+%E6%98%A5+%E3%82%B9%E3%83%AA%E3%83%A0+3%E7%82%B9+%E3%82%AB%E3%82%B8%E3%83%A5%E3%82%A2%E3%83%AB+%E6%9C%8D%E8%A3%85+%E7%B4%B3%E5%A3%AB%E6%9C%8D HTTP/1.1" 200 56534 "-" "Mozilla/5.0 (Linux; Android 6.0.1; Nexus 5X Build/MMB29P) AppleWebKit/537.36 (KHTML, like Gecko) Chrome/137.0.7151.103 Mobile Safari/537.36 (compatible; Googlebot/2.1; +http://www.google.com/bot.html)"
66.249.79.139 - - [18/Jul/2025:08:46:28 -0400] "GET /?p=0289941912200&channel=8b1ab1&from=brands.php%3Fid%3D419122-656%26name%3D%E3%82%AA%E3%83%BC%E3%83%87%E3%83%AA%E3%83%83%E3%82%AF%E3%80%80%E3%82%A8%E3%82%AF%E3%82%B9%E3%83%86%E3%83%AA%E3%82%A2+%E3%83%9D%E3%83%BC%E3%83%81%E3%83%A9%E3%82%A4%E3%83%88%E3%80%80%E3%80%90%E5%93%81%E7%95%AA%EF%BC%9AOG+254+507R%E3%80%91 HTTP/1.1" 200 57621 "-" "Mozilla/5.0 (Linux; Android 6.0.1; Nexus 5X Build/MMB29P) AppleWebKit/537.36 (KHTML, like Gecko) Chrome/137.0.7151.103 Mobile Safari/537.36 (compatible; Googlebot/2.1; +http://www.google.com/bot.html)"
2a03:2880:f800:3:: - - [18/Jul/2025:08:47:24 -0400] "GET /?p=8728212264000& HTTP/1.1" 500 0 "-" "meta-externalagent/1.1 (+https://developers.facebook.com/docs/sharing/webmasters/crawler)"
2a03:2880:f800:8:: - - [18/Jul/2025:08:49:37 -0400] "GET /?p=4788677623600& HTTP/1.1" 500 0 "-" "meta-externalagent/1.1 (+https://developers.facebook.com/docs/sharing/webmasters/crawler)"
52.167.144.184 - - [18/Jul/2025:08:50:55 -0400] "GET /?p=0507225315201&channel=2a1f2a&from=blog.php%3Fid%3D253152-10307%26name%3D%E3%82%A8%E3%82%B9%E3%83%9E%E3%83%83%E3%82%AF+%E9%AB%98%E6%89%80%E4%BD%9C%E6%A5%AD%E8%BB%8A+4%E3%83%BB61m+%E3%82%BF%E3%82%A4%E3%83%A4%E5%BC%8F%E3%83%90%E3%83%83%E3%83%86%E3%83%AA%E3%83%BC%E3%83%AA%E3%83%95%E3%83%88 HTTP/1.1" 200 41487 "-" "Mozilla/5.0 AppleWebKit/537.36 (KHTML, like Gecko; compatible; bingbot/2.0; +http://www.bing.com/bingbot.htm) Chrome/116.0.1938.76 Safari/537.36"
66.249.79.129 - - [18/Jul/2025:08:51:43 -0400] "GET /?p=7421287518300&channel=d1dff9&from=pin.php%3Fid%3D875183-7439%26name%3D%E3%82%A2%E3%83%B3%E3%83%86%E3%82%A3%E3%83%BC%E3%82%AF%E5%B8%AF%E7%95%99%E3%82%81+%E3%82%B7%E3%82%AB%E8%A7%92+%E6%89%93%E3%81%A1%E5%87%BA%E3%81%AE%E5%B0%8F%E6%A7%8C HTTP/1.1" 200 43542 "-" "Mozilla/5.0 (compatible; Googlebot/2.1; +http://www.google.com/bot.html)"
2a03:2880:f800:13:: - - [18/Jul/2025:08:51:50 -0400] "GET /?p=8667466840001& HTTP/1.1" 500 0 "-" "meta-externalagent/1.1 (+https://developers.facebook.com/docs/sharing/webmasters/crawler)"
198.235.24.51 - - [18/Jul/2025:08:51:53 -0400] "GET /shell.php HTTP/1.1" 500 0 "-" "Hello from Palo Alto Networks, find out more about our scans in https://docs-cortex.paloaltonetworks.com/r/1/Cortex-Xpanse/Scanning-activity"
2a03:2880:f800:4:: - - [18/Jul/2025:08:52:57 -0400] "GET /?p=92599110393901& HTTP/1.1" 500 0 "-" "meta-externalagent/1.1 (+https://developers.facebook.com/docs/sharing/webmasters/crawler)"
2a03:2880:f800:5:: - - [18/Jul/2025:08:54:04 -0400] "GET /?p=28557189844100& HTTP/1.1" 500 0 "-" "meta-externalagent/1.1 (+https://developers.facebook.com/docs/sharing/webmasters/crawler)"
2a03:2880:f800:5:: - - [18/Jul/2025:08:55:10 -0400] "GET /?p=2618966723000& HTTP/1.1" 500 0 "-" "meta-externalagent/1.1 (+https://developers.facebook.com/docs/sharing/webmasters/crawler)"
2a03:2880:f800:14:: - - [18/Jul/2025:08:44:48 -0400] "GET /?p=77946143705700& HTTP/1.1" 500 0 "-" "meta-externalagent/1.1 (+https://developers.facebook.com/docs/sharing/webmasters/crawler)"
2a03:2880:f800:f:: - - [18/Jul/2025:08:45:55 -0400] "GET /?p=85089153828000& HTTP/1.1" 500 0 "-" "meta-externalagent/1.1 (+https://developers.facebook.com/docs/sharing/webmasters/crawler)"
2a03:2880:f800:17:: - - [18/Jul/2025:08:48:31 -0400] "GET /?p=12288155405501& HTTP/1.1" 500 0 "-" "meta-externalagent/1.1 (+https://developers.facebook.com/docs/sharing/webmasters/crawler)"
66.249.79.138 - - [18/Jul/2025:08:50:32 -0400] "GET /?p=7439684325702&channel=0d3ecd&from=category-info.php%3Fid%3D843257-199%26name%3D%E3%82%BF%E3%82%AB%E3%82%B7%E3%83%A7%E3%83%BC%E3%80%80%E3%82%A8%E3%83%90%E3%83%BC%E3%82%A8%E3%82%B3%E3%82%A6%E3%83%83%E3%83%89%E3%80%80%E3%83%88%E3%83%AC%E3%83%AA%E3%82%B9%E3%83%95%E3%82%A7%E3%83%B3%E3%82%B9%E3%80%80%E3%83%A9%E3%83%86%E3%82%A3%E3%82%B9%E3%80%80H1800%E3%80%80%EF%BC%8A%E6%9F%B1%E3%81%AF%E5%88%A5%E5%A3%B2%E3%82%8A%E3%81%A7%E3%81%99 HTTP/1.1" 200 56018 "-" "Mozilla/5.0 (Linux; Android 6.0.1; Nexus 5X Build/MMB29P) AppleWebKit/537.36 (KHTML, like Gecko) Chrome/137.0.7151.103 Mobile Safari/537.36 (compatible; Googlebot/2.1; +http://www.google.com/bot.html)"
2a03:2880:f800:17:: - - [18/Jul/2025:08:50:44 -0400] "GET /?p=9186484503002& HTTP/1.1" 500 0 "-" "meta-externalagent/1.1 (+https://developers.facebook.com/docs/sharing/webmasters/crawler)"
40.77.167.78 - - [18/Jul/2025:08:52:43 -0400] "GET /?p=73642132617700&channel=494c45&from=info.php%3Fid%3D1326177-5447%26name%3DJAR+%E7%8E%8B%E9%81%93%E3%82%92%E6%AD%A9%E3%81%BF%E7%B6%9A%E3%81%91%E3%82%8B%E5%BC%B7%E3%81%95+%E3%83%9D%E3%82%B9%E3%82%BF%E3%83%BC HTTP/1.1" 200 43393 "-" "Mozilla/5.0 AppleWebKit/537.36 (KHTML, like Gecko; compatible; bingbot/2.0; +http://www.bing.com/bingbot.htm) Chrome/116.0.1938.76 Safari/537.36"
66.249.79.130 - - [18/Jul/2025:08:54:38 -0400] "GET /?p=76421129126207&channel=3d27bc&from=article.php%3Fid%3D1291262-1547%26name%3D%E3%82%A2%E3%83%88%E3%83%A9%E3%82%B9%E3%83%9B%E3%83%BC%E3%83%A0%E3%82%A6%E3%82%A7%E3%82%A2Buckle+Up+6+2+%2F+5+%26%2334%3B%E3%82%BB%E3%83%B3%E3%82%BF%E3%83%BCPull%E4%BB%95%E4%B8%8A%E3%81%92%3A%E3%81%A4%E3%82%84%E6%B6%88%E3%81%97%E3%83%8B%E3%83%83%E3%82%B1%E3%83%AB HTTP/1.1" 200 53646 "-" "Mozilla/5.0 (Linux; Android 6.0.1; Nexus 5X Build/MMB29P) AppleWebKit/537.36 (KHTML, like Gecko) Chrome/137.0.7151.103 Mobile Safari/537.36 (compatible; Googlebot/2.1; +http://www.google.com/bot.html)"
2a03:2880:f800:1b:: - - [18/Jul/2025:08:56:17 -0400] "GET /?p=26238108054100& HTTP/1.1" 500 0 "-" "meta-externalagent/1.1 (+https://developers.facebook.com/docs/sharing/webmasters/crawler)"
66.249.79.129 - - [18/Jul/2025:08:57:43 -0400] "GET /?p=72947172761305&channel=d0d68b&from=shop.php%3Fid%3D1727613-9124%26name%3D100%E6%9E%9A+%E3%83%95%E3%82%A9%E3%83%88%E3%82%B9%E3%83%9D%E3%83%BC%E3%83%84%E5%B0%81%E7%AD%92+%E3%83%95%E3%82%A9%E3%83%88%E5%B0%81%E7%AD%92+8+3%2F4%E3%82%A4%E3%83%B3%E3%83%81+x+11+1%2F8%E3%82%A4%E3%83%B3%E3%83%81+%E3%83%9D%E3%83%BC%E3%83%88%E3%83%AC%E3%83%BC%E3%83%88%E5%B0%81%E7%AD%92+5%E3%82%A4%E3%83%B3%E3%83%81+x+6%E3%82%A4%E3%83%B3%E3%83%81+%E3%83%97%E3%83%A9%E3%82%B9 HTTP/1.1" 200 55396 "-" "Mozilla/5.0 (Linux; Android 6.0.1; Nexus 5X Build/MMB29P) AppleWebKit/537.36 (KHTML, like Gecko) Chrome/137.0.7151.103 Mobile Safari/537.36 (compatible; Googlebot/2.1; +http://www.google.com/bot.html)"
205.210.31.67 - - [18/Jul/2025:08:58:08 -0400] "GET /webshell.php HTTP/1.1" 500 0 "-" "Hello from Palo Alto Networks, find out more about our scans in https://docs-cortex.paloaltonetworks.com/r/1/Cortex-Xpanse/Scanning-activity"
66.249.79.128 - - [18/Jul/2025:08:58:18 -0400] "GET /?p=36227108160701&channel=b2b83e&from=info.php%3Fid%3D1081607-7409%26name%3D%E4%B8%80%E7%95%AA%E3%81%8F%E3%81%98%E3%80%80%E3%82%A6%E3%83%AB%E3%83%88%E3%83%A9%E3%83%9E%E3%83%B3%E3%80%80%E6%80%AA%E7%8D%A3%E8%B6%85%E5%A4%A7%E5%85%A8%E3%80%80%E5%A3%8A%E7%8D%A3%E6%A5%B5%E8%87%B4%E3%80%80A%E8%B3%9E%E3%80%80%E3%82%B4%E3%83%A2%E3%83%A9%E3%80%80%E3%83%9D%E3%82%B9%E3%82%BF%E3%83%BC HTTP/1.1" 200 53528 "-" "Mozilla/5.0 (iPhone; CPU iPhone OS 18_0 like Mac OS X) AppleWebKit/605.1.15 (KHTML, like Gecko) Version/18.4 Mobile/15E148 Safari/605.1 NAVER(inapp; search; 2000; 12.13.0; 16PROMAX) (compatible; Googlebot/2.1; +http://www.google.com/bot.html)"
2a03:2880:f800:8:: - - [18/Jul/2025:08:59:37 -0400] "GET /?p=2197720937701& HTTP/1.1" 500 0 "-" "meta-externalagent/1.1 (+https://developers.facebook.com/docs/sharing/webmasters/crawler)"
66.249.79.130 - - [18/Jul/2025:08:55:38 -0400] "GET /?p=2785925299304&channel=fce708&from=blog.php%3Fid%3D252993-6166%26name%3D%E3%82%B9%E3%83%88%E3%83%AC%E3%83%BC%E3%82%B8%E3%82%AA%E3%83%BC%E3%82%AC%E3%83%8A%E3%82%A4%E3%82%B6%E3%83%BC%E5%86%B7%E8%94%B5%E5%BA%AB%E3%82%B9%E3%83%88%E3%83%AC%E3%83%BC%E3%82%B8%E3%83%A9%E3%83%83%E3%82%AF%E3%82%B5%E3%82%A4%E3%83%89%E3%83%9E%E3%82%A6%E3%83%B3%E3%83%88%E3%82%AD%E3%83%83%E3%83%81%E3%83%B3%E3%82%BF%E3%82%AA%E3%83%AB%E3%82%B9%E3%83%91%E3%82%A4%E3%82%B9%E3%83%9C%E3%83%88%E3%83%AB%E3%82%B9%E3%83%88%E3%83%AC%E3%83%BC%E3%82%B8%E3%83%8F%E3%83%B3%E3%82%AE%E3%83%B3%E3%82%B0%E3%83%A9%E3%83%83%E3%82%AF%E3%83%90%E3%82%B9%E3%83%AB%E3%83%BC%E3%83%A0%E3%82%B7%E3%82%A7%E3%83%AB%E3%83%95 HTTP/1.1" 200 56328 "-" "Mozilla/5.0 (Linux; Android 6.0.1; Nexus 5X Build/MMB29P) AppleWebKit/537.36 (KHTML, like Gecko) Chrome/137.0.7151.103 Mobile Safari/537.36 (compatible; Googlebot/2.1; +http://www.google.com/bot.html)"
2a03:2880:f800:15:: - - [18/Jul/2025:08:57:24 -0400] "GET /?p=29826100266202& HTTP/1.1" 500 0 "-" "meta-externalagent/1.1 (+https://developers.facebook.com/docs/sharing/webmasters/crawler)"
2a03:2880:f800:16:: - - [18/Jul/2025:08:58:31 -0400] "GET /?p=0879679846901& HTTP/1.1" 500 0 "-" "meta-externalagent/1.1 (+https://developers.facebook.com/docs/sharing/webmasters/crawler)"
2a03:2880:f800:17:: - - [18/Jul/2025:09:00:44 -0400] "GET /?p=27788108366803& HTTP/1.1" 500 0 "-" "meta-externalagent/1.1 (+https://developers.facebook.com/docs/sharing/webmasters/crawler)"
66.249.79.128 - - [18/Jul/2025:09:00:50 -0400] "GET /?p=1320919548809&channel=230702&from=form.php%3Fid%3D195488-7912%26name%3Dmochi.%E6%A7%98%E3%80%80%E3%81%86%E3%81%A1%E3%82%8F%E6%96%87%E5%AD%97%E3%80%80%E3%83%8D%E3%83%BC%E3%83%A0%E3%83%9C%E3%83%BC%E3%83%89 HTTP/1.1" 200 51585 "-" "Mozilla/5.0 (Linux; Android 6.0.1; Nexus 5X Build/MMB29P) AppleWebKit/537.36 (KHTML, like Gecko) Chrome/137.0.7151.103 Mobile Safari/537.36 (compatible; Googlebot/2.1; +http://www.google.com/bot.html)"
66.249.79.227 - - [18/Jul/2025:09:01:26 -0400] "GET /?p=884268026401&channel=6f6b47&from=form.php%3Fid%3D80264-63%26name%3D18%E9%87%91%E3%82%B4%E3%83%BC%E3%83%AB%E3%83%89%EF%BC%88K18%EF%BC%89%E3%82%AB%E3%83%83%E3%83%88%E3%83%9C%E3%83%BC%E3%83%AB%E3%82%B7%E3%83%BC%E3%82%B9%E3%83%AB%E3%83%BC%E3%83%81%E3%82%A7%E3%83%BC%E3%83%B3%E3%83%96%E3%83%AC%E3%82%B9%E3%83%AC%E3%83%83%E3%83%88%3CBR%3E%EF%BC%88%E5%B9%850.8mm%E3%83%BB%E9%95%B7%E3%81%9515.5cm%EF%BC%89 HTTP/1.1" 200 56255 "-" "Mozilla/5.0 (Linux; Android 6.0.1; Nexus 5X Build/MMB29P) AppleWebKit/537.36 (KHTML, like Gecko) Chrome/137.0.7151.103 Mobile Safari/537.36 (compatible; Googlebot/2.1; +http://www.google.com/bot.html)"
66.249.79.228 - - [18/Jul/2025:09:01:48 -0400] "GET /?p=88807167882503&channel=87ae98&from=info.php%3Fid%3D1678825-9662%26name%3D%E3%83%8F%E3%83%BC%E3%83%AC%E3%83%BC+%E3%82%B9%E3%83%88%E3%83%AA%E3%83%BC%E3%83%88%E3%82%B0%E3%83%A9%E3%82%A4%E3%83%89+%E3%82%A6%E3%83%AB%E3%83%88%E3%83%A9%E4%BB%96+14%E3%82%A4%E3%83%B3%E3%83%81+%E3%83%8F%E3%83%B3%E3%83%89%E3%83%AB%E3%83%90%E3%83%BC+%E3%83%84%E3%83%BC%E3%83%AA%E3%83%B3%E3%82%B0 HTTP/1.1" 200 53898 "-" "Mozilla/5.0 (Linux; Android 6.0.1; Nexus 5X Build/MMB29P) AppleWebKit/537.36 (KHTML, like Gecko) Chrome/137.0.7151.103 Mobile Safari/537.36 (compatible; Googlebot/2.1; +http://www.google.com/bot.html)"
47.79.243.99 - - [18/Jul/2025:09:01:55 -0400] "GET /?p=8803027097503&channel=f0bd71&from=product.php?id%3D270975-10814%26name%3DNuwave+Infinity+Noise+Reduction+Blender,+Sealed+Sound+Enclosure,+Professional+Grade,+Digital+Controls,+56oz+Tritan+Jar,+Laser-Cut+Stainless-Steel+-Bla HTTP/1.1" 500 0 "https://jpmlworkforce.com/?p=8803027097503&channel=f0bd71&from=product.php%3Fid%3D270975-10814%26name%3DNuwave+Infinity+Noise+Reduction+Blender%2C+Sealed+Sound+Enclosure%2C+Professional+Grade%2C+Digital+Controls%2C+56oz+Tritan+Jar%2C+Laser-Cut+Stainless-Steel+-Bla" "Mozilla/5.0 (Windows NT 10.0; Win64; x64) AppleWebKit/537.36 (KHTML, like Gecko) Chrome/114.0.0.0 Safari/537.36 Edg/114.0.1823.43"
66.249.79.138 - - [18/Jul/2025:09:05:54 -0400] "GET /?p=11948112772804&channel=bb0477&from=info.php%3Fid%3D1127728-7775%26name%3D%E6%9C%AA%E7%9D%80%E7%94%A8%E3%80%80%E4%BB%98%E3%81%91%E4%B8%8B%E3%81%92%E3%80%80%E8%8A%B1%E6%A8%A1%E6%A7%98%E3%80%80%E3%81%9F%E3%81%9F%E3%81%8D%E6%9F%93%E3%80%80%E3%82%B0%E3%83%AC%E3%83%BC%E3%80%80%E7%9D%80%E7%89%A9%E3%80%80102a+d HTTP/1.1" 200 55032 "-" "Mozilla/5.0 (Linux; Android 6.0.1; Nexus 5X Build/MMB29P) AppleWebKit/537.36 (KHTML, like Gecko) Chrome/137.0.7151.103 Mobile Safari/537.36 (compatible; Googlebot/2.1; +http://www.google.com/bot.html)"
2a03:2880:f800:10:: - - [18/Jul/2025:09:06:17 -0400] "GET /?p=0083368654601& HTTP/1.1" 500 0 "-" "meta-externalagent/1.1 (+https://developers.facebook.com/docs/sharing/webmasters/crawler)"
66.249.79.139 - - [18/Jul/2025:09:06:53 -0400] "GET /?p=8292199430005&channel=a1d11d&from=news.php%3Fid%3D994300-7296%26name%3D%E5%90%89%E6%BE%A4+PEACOCK+AX-100+%E3%83%94%E3%82%A2%E3%83%8E%E8%A3%9C%E5%8A%A9%E3%83%9A%E3%83%80%E3%83%AB+%E8%A3%9C%E5%8A%A9%E5%8F%B0%E3%80%80%E3%80%90%E6%9C%80%E5%AE%89%E5%80%A4%E3%80%91 HTTP/1.1" 200 54077 "-" "Mozilla/5.0 (Linux; Android 6.0.1; Nexus 5X Build/MMB29P) AppleWebKit/537.36 (KHTML, like Gecko) Chrome/137.0.7151.103 Mobile Safari/537.36 (compatible; Googlebot/2.1; +http://www.google.com/bot.html)"
2a03:2880:f800:13:: - - [18/Jul/2025:09:07:24 -0400] "GET /?p=3212090865503& HTTP/1.1" 500 0 "-" "meta-externalagent/1.1 (+https://developers.facebook.com/docs/sharing/webmasters/crawler)"
66.249.79.128 - - [18/Jul/2025:09:01:28 -0400] "GET /?p=18011161560906&channel=ad9a6a&from=category-info.php%3Fid%3D1615609-7536%26name%3D%E3%83%90%E3%83%BC%E3%83%81%E3%82%A7%E3%82%A2+%E3%82%AB%E3%82%A6%E3%83%B3%E3%82%BF%E3%83%BC%E3%83%81%E3%82%A7%E3%82%A2+%E6%98%87%E9%99%8D%E5%BC%8F%E3%83%90%E3%83%BC%E3%82%B9%E3%83%84%E3%83%BC%E3%83%AB+%E3%82%B9%E3%83%84%E3%83%BC%E3%83%AB+%E6%A4%85%E5%AD%90+%E3%83%90%E3%83%BC%E3%83%81%E3%82%A7%E3%82%A2+%E3%81%8A%E3%81%97%E3%82%83%E3%82%8C+%E3%82%AD%E3%83%83%E3%83%81%E3%83%B3+%E3%83%8F%E3%82%A4%E3%82%B9%E3%83%84%E3%83%BC%E3%83%AB+%E5%9B%9E%E8%BB%A2+%E6%98%87%E9%99%8D%E5%BC%8F+%E3%82%AA%E3%83%95%E3%82%A3 HTTP/1.1" 200 54940 "-" "Mozilla/5.0 (Linux; Android 6.0.1; Nexus 5X Build/MMB29P) AppleWebKit/537.36 (KHTML, like Gecko) Chrome/137.0.7151.103 Mobile Safari/537.36 (compatible; Googlebot/2.1; +http://www.google.com/bot.html)"
2a03:2880:f800:2:: - - [18/Jul/2025:09:01:51 -0400] "GET /?p=72278169142802& HTTP/1.1" 500 0 "-" "meta-externalagent/1.1 (+https://developers.facebook.com/docs/sharing/webmasters/crawler)"
141.95.54.157 - - [18/Jul/2025:09:02:36 -0400] "GET / HTTP/1.1" 500 0 "-" "Mozilla/5.0 (Macintosh; Intel Mac OS X 10_15_7) AppleWebKit/537.36 (KHTML, like Gecko) Chrome/127.0.0 Safari/537.36"
66.249.79.128 - - [18/Jul/2025:09:02:44 -0400] "GET /?p=17296147008801&channel=97bff2&from=pin.php%3Fid%3D1470088-9962%26name%3DCHERRY+MILK+GINGER+TEA+%E6%A7%98+%E8%89%A6%E3%81%93%E3%82%8C+Z1+%28%E3%83%AC%E3%83%BC%E3%83%99%E3%83%AC%E3%83%92%E3%83%88%E3%83%BB%E3%83%9E%E3%83%BC%E3%82%B9%29+DD%28SS%EF%BD%9EM%E8%83%B8%29+DDS+%E5%AF%BE%E5%BF%9C+%28L%E8%83%B8%E3%83%BB HTTP/1.1" 200 52757 "-" "Mozilla/5.0 (iPhone; CPU iPhone OS 16_3_1 like Mac OS X) AppleWebKit/537.36 (KHTML, like Gecko) Version/16.3 Mobile/15E148 Safari/537.36 (compatible; Googlebot/2.1; +http://www.google.com/bot.html)"
